{"id":1154,"date":"2020-10-02T13:03:49","date_gmt":"2020-10-02T16:03:49","guid":{"rendered":"https:\/\/wp.ufpel.edu.br\/museudesolosrochaseminerais\/?page_id=1154"},"modified":"2021-01-25T15:59:04","modified_gmt":"2021-01-25T18:59:04","slug":"desconhecido1","status":"publish","type":"page","link":"https:\/\/wp.ufpel.edu.br\/museudesolosrochaseminerais\/desconhecido1\/","title":{"rendered":"Clin\u00f4metro"},"content":{"rendered":"<div id=\"pl-1154\"  class=\"panel-layout\" ><div id=\"pg-1154-0\"  class=\"panel-grid panel-no-style\" ><div id=\"pgc-1154-0-0\"  class=\"panel-grid-cell\" ><div id=\"panel-1154-0-0-0\" class=\"so-panel widget widget_sow-editor panel-first-child panel-last-child\" data-index=\"0\" ><div\n\t\t\t\n\t\t\tclass=\"so-widget-sow-editor so-widget-sow-editor-base\"\n\t\t\t\n\t\t>\n<div class=\"siteorigin-widget-tinymce textwidget\">\n\t<p>O Clin\u00f4metros s\u00e3o instrumentos utilizados para fazer medi\u00e7\u00e3o, logo a origem de seu nome se da por duas palavras gregas:<\/p>\n<ul>\n<li class=\"level1\">\n<div class=\"li\"><strong>clinos<\/strong>\u00a0que significa inclina\u00e7\u00e3o ou encosta<\/div>\n<\/li>\n<li class=\"li\"><strong>metron<\/strong>\u00a0que significa medida.<\/li>\n<\/ul>\n<p>\u00c9 um instrumento muito simples que \u00e9 utilizado principalmente em levantamento de \u00e2ngulos, utilizado para medir declive de uma encosta atrav\u00e9s do recurso a t\u00e9cnicas trigonom\u00e9tricas.\u00a0Consiste num n\u00edvel de m\u00e3o, constitu\u00eddo por um tubo visor que se segura na m\u00e3o, ligado a um n\u00edvel de bolha de ar, que se reflete na ocular.<\/p>\n<p style=\"text-align: right\">Fonte: <a title=\"Artigos de Alberto Matias\" href=\"https:\/\/knoow.net\/author\/alberto-matias\/\" rel=\"author\">Alberto Matias<\/a><\/p>\n<h3 style=\"text-align: center\"><strong>\u00a0N\u00edvel de Abney\u00a0<\/strong><\/h3>\n<p><strong> (nomeado em homenagem ao seu inventor Sir William Abney, que o apresentou pela primeira vez na d\u00e9cada de 1870).<\/strong><\/p>\n\n\t\t<style type=\"text\/css\">\n\t\t\t#gallery-1 {\n\t\t\t\tmargin: auto;\n\t\t\t}\n\t\t\t#gallery-1 .gallery-item {\n\t\t\t\tfloat: left;\n\t\t\t\tmargin-top: 10px;\n\t\t\t\ttext-align: center;\n\t\t\t\twidth: 33%;\n\t\t\t}\n\t\t\t#gallery-1 img {\n\t\t\t\tborder: 2px solid #cfcfcf;\n\t\t\t}\n\t\t\t#gallery-1 .gallery-caption {\n\t\t\t\tmargin-left: 0;\n\t\t\t}\n\t\t\t\/* see gallery_shortcode() in wp-includes\/media.php *\/\n\t\t<\/style>\n\t\t<div id='gallery-1' class='gallery galleryid-1154 gallery-columns-3 gallery-size-thumbnail'><dl class='gallery-item'>\n\t\t\t<dt class='gallery-icon landscape'>\n\t\t\t\t<a href='https:\/\/wp.ufpel.edu.br\/museudesolosrochaseminerais\/desconhecido1\/clinometro-iii-2\/#main'><img loading=\"lazy\" decoding=\"async\" width=\"200\" height=\"200\" src=\"https:\/\/wp.ufpel.edu.br\/museudesolosrochaseminerais\/files\/2021\/01\/CLINOMETRO-III-1-200x200.jpg\" class=\"attachment-thumbnail size-thumbnail\" alt=\"\" \/><\/a>\n\t\t\t<\/dt><\/dl><dl class='gallery-item'>\n\t\t\t<dt class='gallery-icon portrait'>\n\t\t\t\t<a href='https:\/\/wp.ufpel.edu.br\/museudesolosrochaseminerais\/desconhecido1\/clinometro-iv-2\/#main'><img loading=\"lazy\" decoding=\"async\" width=\"200\" height=\"200\" src=\"https:\/\/wp.ufpel.edu.br\/museudesolosrochaseminerais\/files\/2021\/01\/CLINOMETRO-IV-1-200x200.jpg\" class=\"attachment-thumbnail size-thumbnail\" alt=\"\" \/><\/a>\n\t\t\t<\/dt><\/dl><dl class='gallery-item'>\n\t\t\t<dt class='gallery-icon landscape'>\n\t\t\t\t<a href='https:\/\/wp.ufpel.edu.br\/museudesolosrochaseminerais\/desconhecido1\/clinometro-2\/#main'><img loading=\"lazy\" decoding=\"async\" width=\"200\" height=\"200\" src=\"https:\/\/wp.ufpel.edu.br\/museudesolosrochaseminerais\/files\/2021\/01\/CLINOMETRO-1-200x200.jpg\" class=\"attachment-thumbnail size-thumbnail\" alt=\"\" \/><\/a>\n\t\t\t<\/dt><\/dl><br style=\"clear: both\" \/>\n\t\t<\/div>\n\n<p style=\"text-align: center\"><a href=\"https:\/\/wp.ufpel.edu.br\/museudesolosrochaseminerais\/equipamentos\/\"><strong>Voltar<\/strong><\/a><\/p>\n<\/div>\n<\/div><\/div><\/div><\/div><\/div>","protected":false},"excerpt":{"rendered":"<p>O Clin\u00f4metros s\u00e3o instrumentos utilizados para fazer medi\u00e7\u00e3o, logo a origem de seu nome se da por duas palavras gregas: clinos\u00a0que significa inclina\u00e7\u00e3o ou encosta metron\u00a0que significa medida. \u00c9 um instrumento muito simples que \u00e9 utilizado principalmente em levantamento de \u00e2ngulos, utilizado para medir declive de uma encosta atrav\u00e9s do recurso a t\u00e9cnicas trigonom\u00e9tricas.\u00a0Consiste num [&hellip;]<\/p>\n","protected":false},"author":1048,"featured_media":0,"parent":0,"menu_order":0,"comment_status":"closed","ping_status":"closed","template":"","meta":{"footnotes":""},"class_list":["post-1154","page","type-page","status-publish","hentry","post"],"_links":{"self":[{"href":"https:\/\/wp.ufpel.edu.br\/museudesolosrochaseminerais\/wp-json\/wp\/v2\/pages\/1154","targetHints":{"allow":["GET"]}}],"collection":[{"href":"https:\/\/wp.ufpel.edu.br\/museudesolosrochaseminerais\/wp-json\/wp\/v2\/pages"}],"about":[{"href":"https:\/\/wp.ufpel.edu.br\/museudesolosrochaseminerais\/wp-json\/wp\/v2\/types\/page"}],"author":[{"embeddable":true,"href":"https:\/\/wp.ufpel.edu.br\/museudesolosrochaseminerais\/wp-json\/wp\/v2\/users\/1048"}],"replies":[{"embeddable":true,"href":"https:\/\/wp.ufpel.edu.br\/museudesolosrochaseminerais\/wp-json\/wp\/v2\/comments?post=1154"}],"version-history":[{"count":5,"href":"https:\/\/wp.ufpel.edu.br\/museudesolosrochaseminerais\/wp-json\/wp\/v2\/pages\/1154\/revisions"}],"predecessor-version":[{"id":1165,"href":"https:\/\/wp.ufpel.edu.br\/museudesolosrochaseminerais\/wp-json\/wp\/v2\/pages\/1154\/revisions\/1165"}],"wp:attachment":[{"href":"https:\/\/wp.ufpel.edu.br\/museudesolosrochaseminerais\/wp-json\/wp\/v2\/media?parent=1154"}],"curies":[{"name":"wp","href":"https:\/\/api.w.org\/{rel}","templated":true}]}}