{"id":1080,"date":"2020-09-11T12:20:12","date_gmt":"2020-09-11T15:20:12","guid":{"rendered":"https:\/\/wp.ufpel.edu.br\/museudesolosrochaseminerais\/?page_id=1080"},"modified":"2020-10-08T17:24:11","modified_gmt":"2020-10-08T20:24:11","slug":"publicacoes","status":"publish","type":"page","link":"https:\/\/wp.ufpel.edu.br\/museudesolosrochaseminerais\/publicacoes\/","title":{"rendered":"Publica\u00e7\u00f5es"},"content":{"rendered":"<h3>Artigos cient\u00edficos<\/h3>\n<h4><a href=\"https:\/\/wp.ufpel.edu.br\/museudesolosrochaseminerais\/artigos-2020\/\">2020<\/a><\/h4>\n<h4><a href=\"https:\/\/wp.ufpel.edu.br\/museudesolosrochaseminerais\/2019-2\/\">2019<\/a><\/h4>\n<h4>2018<\/h4>\n<h4>2017<\/h4>\n<h4><a href=\"https:\/\/wp.ufpel.edu.br\/museudesolosrochaseminerais\/artigos-2016\/\">2016<\/a><\/h4>\n<h3>Cap\u00edtulos de livros<\/h3>\n<h4><a href=\"https:\/\/wp.ufpel.edu.br\/museudesolosrochaseminerais\/capitulo-2020\/\">2020<\/a><\/h4>\n<h4><a href=\"https:\/\/wp.ufpel.edu.br\/museudesolosrochaseminerais\/capitulo-2019\/\">2019<\/a><\/h4>\n<h4>2018<\/h4>\n<h4>2017<\/h4>\n<h4>2016<\/h4>\n","protected":false},"excerpt":{"rendered":"<p>Artigos cient\u00edficos 2020 2019 2018 2017 2016 Cap\u00edtulos de livros 2020 2019 2018 2017 2016<\/p>\n","protected":false},"author":1048,"featured_media":0,"parent":0,"menu_order":0,"comment_status":"closed","ping_status":"closed","template":"","meta":{"footnotes":""},"class_list":["post-1080","page","type-page","status-publish","hentry","post"],"_links":{"self":[{"href":"https:\/\/wp.ufpel.edu.br\/museudesolosrochaseminerais\/wp-json\/wp\/v2\/pages\/1080","targetHints":{"allow":["GET"]}}],"collection":[{"href":"https:\/\/wp.ufpel.edu.br\/museudesolosrochaseminerais\/wp-json\/wp\/v2\/pages"}],"about":[{"href":"https:\/\/wp.ufpel.edu.br\/museudesolosrochaseminerais\/wp-json\/wp\/v2\/types\/page"}],"author":[{"embeddable":true,"href":"https:\/\/wp.ufpel.edu.br\/museudesolosrochaseminerais\/wp-json\/wp\/v2\/users\/1048"}],"replies":[{"embeddable":true,"href":"https:\/\/wp.ufpel.edu.br\/museudesolosrochaseminerais\/wp-json\/wp\/v2\/comments?post=1080"}],"version-history":[{"count":9,"href":"https:\/\/wp.ufpel.edu.br\/museudesolosrochaseminerais\/wp-json\/wp\/v2\/pages\/1080\/revisions"}],"predecessor-version":[{"id":1499,"href":"https:\/\/wp.ufpel.edu.br\/museudesolosrochaseminerais\/wp-json\/wp\/v2\/pages\/1080\/revisions\/1499"}],"wp:attachment":[{"href":"https:\/\/wp.ufpel.edu.br\/museudesolosrochaseminerais\/wp-json\/wp\/v2\/media?parent=1080"}],"curies":[{"name":"wp","href":"https:\/\/api.w.org\/{rel}","templated":true}]}}