{"id":15,"date":"2014-09-01T10:51:59","date_gmt":"2014-09-01T13:51:59","guid":{"rendered":"https:\/\/wp.ufpel.edu.br\/muaran\/?page_id=15"},"modified":"2015-05-29T14:54:16","modified_gmt":"2015-05-29T17:54:16","slug":"o-projeto","status":"publish","type":"page","link":"https:\/\/wp.ufpel.edu.br\/muaran\/museu\/o-projeto\/","title":{"rendered":"Projeto"},"content":{"rendered":"<ul>\n<li>A Universidade Federal de Pelotas instituiu um museu de Arqueologia e Antropologia no ano de 2009, por meio do reconhecimento de uma comiss\u00e3o de implanta\u00e7\u00e3o (portaria UFPel no. 759 de 18 de maio de 2009).<\/li>\n<li>O futuro museu tem como miss\u00e3o institucional o fomento \u00e0 pesquisa arqueol\u00f3gica e antropol\u00f3gica, a sistematiza\u00e7\u00e3o, divulga\u00e7\u00e3o e incentivo do interesse p\u00fablico acerca do patrim\u00f4nio arqueol\u00f3gico e etnol\u00f3gico, e de suas interpreta\u00e7\u00f5es. Considera, sobretudo, s\u00edtios, registros e acervos que testemunham a presen\u00e7a amer\u00edndia, a escravid\u00e3o e seus efeitos sociais na regi\u00e3o de Pelotas.<\/li>\n<li>Para tanto, deve contar com uma estrutura m\u00ednima constitu\u00edda de espa\u00e7os expositivos de longa e curta dura\u00e7\u00e3o, setor educativo, laborat\u00f3rio de conserva\u00e7\u00e3o, al\u00e9m de espa\u00e7os de acolhimento, conviv\u00eancia e pesquisa que permitam integrar a\u00e7\u00f5es relativas a distintas forma\u00e7\u00f5es acad\u00eamicas, e o prematuro contato com as especialidades profissionais caracter\u00edsticas de qualquer museu.<\/li>\n<li>Evitar a cis\u00e3o categ\u00f3rica entre pr\u00e9-hist\u00f3ria e per\u00edodos mais recentes tamb\u00e9m est\u00e1 entre as metas da institui\u00e7\u00e3o, o que requer o esfor\u00e7o em reunir a forma\u00e7\u00e3o de especialistas a demandas sociais atuais, possibilitando aos visitantes, colaboradores externos e espectadores de mostras itinerantes a participa\u00e7\u00e3o nas aulas e projetos de pesquisa cujo desenvolvimento se dar\u00e1 diante de seus olhos.<\/li>\n<\/ul>\n","protected":false},"excerpt":{"rendered":"<p>A Universidade Federal de Pelotas instituiu um museu de Arqueologia e Antropologia no ano de 2009, por meio do reconhecimento de uma comiss\u00e3o de implanta\u00e7\u00e3o (portaria UFPel no. 759 de 18 de maio de 2009). O futuro museu tem como miss\u00e3o institucional o fomento \u00e0 pesquisa arqueol\u00f3gica e antropol\u00f3gica, a sistematiza\u00e7\u00e3o, divulga\u00e7\u00e3o e incentivo do [&hellip;]<\/p>\n","protected":false},"author":435,"featured_media":0,"parent":187,"menu_order":0,"comment_status":"closed","ping_status":"closed","template":"","meta":{"footnotes":""},"class_list":["post-15","page","type-page","status-publish","hentry"],"_links":{"self":[{"href":"https:\/\/wp.ufpel.edu.br\/muaran\/wp-json\/wp\/v2\/pages\/15","targetHints":{"allow":["GET"]}}],"collection":[{"href":"https:\/\/wp.ufpel.edu.br\/muaran\/wp-json\/wp\/v2\/pages"}],"about":[{"href":"https:\/\/wp.ufpel.edu.br\/muaran\/wp-json\/wp\/v2\/types\/page"}],"author":[{"embeddable":true,"href":"https:\/\/wp.ufpel.edu.br\/muaran\/wp-json\/wp\/v2\/users\/435"}],"replies":[{"embeddable":true,"href":"https:\/\/wp.ufpel.edu.br\/muaran\/wp-json\/wp\/v2\/comments?post=15"}],"version-history":[{"count":3,"href":"https:\/\/wp.ufpel.edu.br\/muaran\/wp-json\/wp\/v2\/pages\/15\/revisions"}],"predecessor-version":[{"id":40,"href":"https:\/\/wp.ufpel.edu.br\/muaran\/wp-json\/wp\/v2\/pages\/15\/revisions\/40"}],"up":[{"embeddable":true,"href":"https:\/\/wp.ufpel.edu.br\/muaran\/wp-json\/wp\/v2\/pages\/187"}],"wp:attachment":[{"href":"https:\/\/wp.ufpel.edu.br\/muaran\/wp-json\/wp\/v2\/media?parent=15"}],"curies":[{"name":"wp","href":"https:\/\/api.w.org\/{rel}","templated":true}]}}