{"id":2,"date":"2017-11-06T15:35:00","date_gmt":"2017-11-06T17:35:00","guid":{"rendered":"https:\/\/wp.ufpel.edu.br\/mostrapiratini\/?page_id=2"},"modified":"2017-11-14T10:43:23","modified_gmt":"2017-11-14T12:43:23","slug":"pagina-exemplo","status":"publish","type":"page","link":"https:\/\/wp.ufpel.edu.br\/mostrapiratini\/pagina-exemplo\/","title":{"rendered":"Sobre"},"content":{"rendered":"<h1>Mostra de Extens\u00e3o e Cultura UFPel &#8211; Piratini<\/h1>\n<p><span style=\"color: #000000\">\u00a0O evento \u00e9 uma co-promo\u00e7\u00e3o da Pr\u00f3-Reitoria de Extens\u00e3o e Cultura da Universidade Federal de Pelotatas, Sindicato Rural de Piratini, Prefeitura de Piratini, Emater, Rotary Club de Piratini e Comunidades Quilombolas<span style=\"font-family: Times\">\u00a0Nicanor da Luz,\u00a0<\/span>Raulino Lessa, Brasa Mora e Rinc\u00e3o da Faxina.\u00a0<\/span><\/p>\n<p>A Mostra articula o trabalho desenvolvido na UFPel, em diferentes campos do conhecimento, com os saberes e experi\u00eancias das comunidades envolvidas.<\/p>\n<p>O resultado \u00e9 um conjunto de a\u00e7\u00f5es na forma de\u00a0feira de artesanato, oficinas abertas, exposi\u00e7\u00f5es, feira de alimentos e arte abertas a todas as pessoas que queiram participar.<\/p>\n<p>O evento \u00e9 a aplica\u00e7\u00e3o da atual pol\u00edtica de extens\u00e3o desenvolvida pela Pr\u00f3-Reitoria de Extens\u00e3o e Cultura\/UFPel, que entende o cumprimento da miss\u00e3o institucional no \u00e2mbito do di\u00e1logo, da interdisciplinaridade, da interinstitucionalidade e, por fim, do impacto poss\u00edvel que parcerias como essa podem ter na transforma\u00e7\u00e3o das realidades urbana e rural.<\/p>\n","protected":false},"excerpt":{"rendered":"<p>Mostra de Extens\u00e3o e Cultura UFPel &#8211; Piratini \u00a0O evento \u00e9 uma co-promo\u00e7\u00e3o da Pr\u00f3-Reitoria de Extens\u00e3o e Cultura da Universidade Federal de Pelotatas, Sindicato Rural de Piratini, Prefeitura de Piratini, Emater, Rotary Club de Piratini e Comunidades Quilombolas\u00a0Nicanor da Luz,\u00a0Raulino Lessa, Brasa Mora e Rinc\u00e3o da Faxina.\u00a0 A Mostra articula o trabalho desenvolvido na [&hellip;]<\/p>\n","protected":false},"author":418,"featured_media":0,"parent":0,"menu_order":0,"comment_status":"closed","ping_status":"closed","template":"","meta":{"footnotes":""},"class_list":["post-2","page","type-page","status-publish","hentry"],"_links":{"self":[{"href":"https:\/\/wp.ufpel.edu.br\/mostrapiratini\/wp-json\/wp\/v2\/pages\/2","targetHints":{"allow":["GET"]}}],"collection":[{"href":"https:\/\/wp.ufpel.edu.br\/mostrapiratini\/wp-json\/wp\/v2\/pages"}],"about":[{"href":"https:\/\/wp.ufpel.edu.br\/mostrapiratini\/wp-json\/wp\/v2\/types\/page"}],"author":[{"embeddable":true,"href":"https:\/\/wp.ufpel.edu.br\/mostrapiratini\/wp-json\/wp\/v2\/users\/418"}],"replies":[{"embeddable":true,"href":"https:\/\/wp.ufpel.edu.br\/mostrapiratini\/wp-json\/wp\/v2\/comments?post=2"}],"version-history":[{"count":2,"href":"https:\/\/wp.ufpel.edu.br\/mostrapiratini\/wp-json\/wp\/v2\/pages\/2\/revisions"}],"predecessor-version":[{"id":86,"href":"https:\/\/wp.ufpel.edu.br\/mostrapiratini\/wp-json\/wp\/v2\/pages\/2\/revisions\/86"}],"wp:attachment":[{"href":"https:\/\/wp.ufpel.edu.br\/mostrapiratini\/wp-json\/wp\/v2\/media?parent=2"}],"curies":[{"name":"wp","href":"https:\/\/api.w.org\/{rel}","templated":true}]}}