{"id":15,"date":"2017-11-06T16:47:23","date_gmt":"2017-11-06T18:47:23","guid":{"rendered":"https:\/\/wp.ufpel.edu.br\/mostrapiratini\/?page_id=15"},"modified":"2017-11-14T11:43:00","modified_gmt":"2017-11-14T13:43:00","slug":"atividades","status":"publish","type":"page","link":"https:\/\/wp.ufpel.edu.br\/mostrapiratini\/atividades\/","title":{"rendered":"Atividades"},"content":{"rendered":"<p><img class=\"wp-image-95 aligncenter\" src=\"https:\/\/wp.ufpel.edu.br\/mostrapiratini\/files\/2017\/11\/programa\u00e7\u00e3o-400x236.png\" alt=\"\" width=\"531\" height=\"298\" \/><\/p>\n<p><strong>OFICINAS:<\/strong><\/p>\n<p>Oficina de Artesanato &#8211; Inscri\u00e7\u00f5es;<\/p>\n<p>Oficina de P\u00e3o na Pedra &#8211; Inscri\u00e7\u00f5es;<\/p>\n<p>Oficina de Farinha de Milho Catete &#8211; Inscri\u00e7\u00f5es;<\/p>\n<p>Oficina e Exposi\u00e7\u00e3o de Artesanato com Garrafas Pet\u00a0&#8211; Inscri\u00e7\u00f5es;<\/p>\n<p>Oficina de Representa\u00e7\u00e3o do Patrim\u00f4nio;<\/p>\n<p>Oficina Mostra Vida de Inseto;<\/p>\n<p>Oficina de Sementes: A Confirma\u00e7\u00e3o da Vida;<\/p>\n<p>Oficina de Alimentos: Comer, Transformar e Conservar<\/p>\n<p>Oficina de Probi\u00f3ticos<\/p>\n<p>&nbsp;<\/p>\n<p><strong>ATIVIDADES CULTURAIS:<\/strong><\/p>\n<p>Leitura Liter\u00e1ria para Crian\u00e7as;<\/p>\n<p>Exposi\u00e7\u00e3o de Bonecas de Pano;<\/p>\n<p>Exposi\u00e7\u00e3o e Venda de Doces Caseiros;<\/p>\n<p>Exposi\u00e7\u00e3o de Banner das Comunidades;<\/p>\n<p>Apresenta\u00e7\u00e3o de Ala das Baianas;<\/p>\n<p>Feira de Alimentos Org\u00e2nicos, ervas e ch\u00e1s;<\/p>\n<p>Apresenta\u00e7\u00e3o de Canto Afro;<\/p>\n<p>Apresenta\u00e7\u00e3o com Viol\u00e3o;<\/p>\n<p>Demonstra\u00e7\u00e3o do processo de reciclagem e separa\u00e7\u00e3o do lixo \/ amostra de compostagem(pl\u00e1stico\/papel);<\/p>\n<p>Pesquisa sobre reciclagem de lixo;<\/p>\n<p>Exposi\u00e7\u00e3o do Projeto Rouparia Solid\u00e1ria;<\/p>\n<p>Escola de M\u00fasica &#8211; Cronograma de apresenta\u00e7\u00f5es conjuntas da Orquestra da UFPel, Escola de m\u00fasica, Comunidade Quilombola e Banda Marcial;<\/p>\n<p>Feira da Agricultura Familiar;<\/p>\n<p>Desenho\/representa\u00e7\u00e3o Exposi\u00e7\u00e3o dos trabalhos realizados na exposi\u00e7\u00e3o.<\/p>\n<p>&nbsp;<\/p>\n","protected":false},"excerpt":{"rendered":"<p>OFICINAS: Oficina de Artesanato &#8211; Inscri\u00e7\u00f5es; Oficina de P\u00e3o na Pedra &#8211; Inscri\u00e7\u00f5es; Oficina de Farinha de Milho Catete &#8211; Inscri\u00e7\u00f5es; Oficina e Exposi\u00e7\u00e3o de Artesanato com Garrafas Pet\u00a0&#8211; Inscri\u00e7\u00f5es; Oficina de Representa\u00e7\u00e3o do Patrim\u00f4nio; Oficina Mostra Vida de Inseto; Oficina de Sementes: A Confirma\u00e7\u00e3o da Vida; Oficina de Alimentos: Comer, Transformar e Conservar Oficina [&hellip;]<\/p>\n","protected":false},"author":418,"featured_media":0,"parent":0,"menu_order":0,"comment_status":"closed","ping_status":"closed","template":"","meta":{"footnotes":""},"class_list":["post-15","page","type-page","status-publish","hentry"],"_links":{"self":[{"href":"https:\/\/wp.ufpel.edu.br\/mostrapiratini\/wp-json\/wp\/v2\/pages\/15","targetHints":{"allow":["GET"]}}],"collection":[{"href":"https:\/\/wp.ufpel.edu.br\/mostrapiratini\/wp-json\/wp\/v2\/pages"}],"about":[{"href":"https:\/\/wp.ufpel.edu.br\/mostrapiratini\/wp-json\/wp\/v2\/types\/page"}],"author":[{"embeddable":true,"href":"https:\/\/wp.ufpel.edu.br\/mostrapiratini\/wp-json\/wp\/v2\/users\/418"}],"replies":[{"embeddable":true,"href":"https:\/\/wp.ufpel.edu.br\/mostrapiratini\/wp-json\/wp\/v2\/comments?post=15"}],"version-history":[{"count":7,"href":"https:\/\/wp.ufpel.edu.br\/mostrapiratini\/wp-json\/wp\/v2\/pages\/15\/revisions"}],"predecessor-version":[{"id":96,"href":"https:\/\/wp.ufpel.edu.br\/mostrapiratini\/wp-json\/wp\/v2\/pages\/15\/revisions\/96"}],"wp:attachment":[{"href":"https:\/\/wp.ufpel.edu.br\/mostrapiratini\/wp-json\/wp\/v2\/media?parent=15"}],"curies":[{"name":"wp","href":"https:\/\/api.w.org\/{rel}","templated":true}]}}