{"id":53,"date":"2024-10-02T02:19:31","date_gmt":"2024-10-02T05:19:31","guid":{"rendered":"https:\/\/wp.ufpel.edu.br\/mostradeensinodehistoria\/?page_id=53"},"modified":"2024-11-04T15:03:45","modified_gmt":"2024-11-04T18:03:45","slug":"cronograma","status":"publish","type":"page","link":"https:\/\/wp.ufpel.edu.br\/mostradeensinodehistoria\/cronograma\/","title":{"rendered":"Cronograma"},"content":{"rendered":"<p>Inscri\u00e7\u00f5es de trabalhos &#8211; <del><span style=\"color: #ff0000;\">02 de novembro de 2024.<\/span><\/del><strong><span style=\"color: #ff0000;\"> Prorrogado at\u00e9 o dia 08 de novembro de 2024!!<\/span><\/strong><\/p>\n<p>Inscri\u00e7\u00f5es para ouvintes &#8211; at\u00e9 <span style=\"color: #ff0000;\">15 de novembro\u00a0 de 2024<\/span><\/p>\n","protected":false},"excerpt":{"rendered":"<p>Inscri\u00e7\u00f5es de trabalhos &#8211; 02 de novembro de 2024. Prorrogado at\u00e9 o dia 08 de novembro de 2024!! Inscri\u00e7\u00f5es para ouvintes &#8211; at\u00e9 15 de novembro\u00a0 de 2024<\/p>\n","protected":false},"author":1274,"featured_media":0,"parent":0,"menu_order":4,"comment_status":"closed","ping_status":"closed","template":"","meta":{"footnotes":""},"class_list":["post-53","page","type-page","status-publish","hentry","nodate","item-wrap"],"jetpack_sharing_enabled":true,"_links":{"self":[{"href":"https:\/\/wp.ufpel.edu.br\/mostradeensinodehistoria\/wp-json\/wp\/v2\/pages\/53","targetHints":{"allow":["GET"]}}],"collection":[{"href":"https:\/\/wp.ufpel.edu.br\/mostradeensinodehistoria\/wp-json\/wp\/v2\/pages"}],"about":[{"href":"https:\/\/wp.ufpel.edu.br\/mostradeensinodehistoria\/wp-json\/wp\/v2\/types\/page"}],"author":[{"embeddable":true,"href":"https:\/\/wp.ufpel.edu.br\/mostradeensinodehistoria\/wp-json\/wp\/v2\/users\/1274"}],"replies":[{"embeddable":true,"href":"https:\/\/wp.ufpel.edu.br\/mostradeensinodehistoria\/wp-json\/wp\/v2\/comments?post=53"}],"version-history":[{"count":4,"href":"https:\/\/wp.ufpel.edu.br\/mostradeensinodehistoria\/wp-json\/wp\/v2\/pages\/53\/revisions"}],"predecessor-version":[{"id":93,"href":"https:\/\/wp.ufpel.edu.br\/mostradeensinodehistoria\/wp-json\/wp\/v2\/pages\/53\/revisions\/93"}],"wp:attachment":[{"href":"https:\/\/wp.ufpel.edu.br\/mostradeensinodehistoria\/wp-json\/wp\/v2\/media?parent=53"}],"curies":[{"name":"wp","href":"https:\/\/api.w.org\/{rel}","templated":true}]}}