{"id":17,"date":"2024-10-02T01:27:07","date_gmt":"2024-10-02T04:27:07","guid":{"rendered":"https:\/\/wp.ufpel.edu.br\/mostradeensinodehistoria\/?page_id=17"},"modified":"2024-10-03T19:09:02","modified_gmt":"2024-10-03T22:09:02","slug":"inscricoes","status":"publish","type":"page","link":"https:\/\/wp.ufpel.edu.br\/mostradeensinodehistoria\/inscricoes\/","title":{"rendered":"Inscri\u00e7\u00f5es"},"content":{"rendered":"<p>Para realizar a sua inscri\u00e7\u00e3o no evento, clique aqui:<a href=\"https:\/\/www.even3.com.br\/3-mostra-de-ensino-de-historia-e-praticas-docentes-lehufpel-500869\/\"> https:\/\/www.even3.com.br\/3-mostra-de-ensino-de-historia-e-praticas-docentes-lehufpel-500869\/<\/a><\/p>\n<p>Para enviar o seu resumo, clique aqui:<a href=\"https:\/\/forms.gle\/kju2bZSgM62yAVLa7\"> https:\/\/forms.gle\/kju2bZSgM62yAVLa7<\/a><\/p>\n<div><\/div>\n<div><b>Normas para a elabora\u00e7\u00e3o do Resumo<\/b>:<\/div>\n<div><\/div>\n<div><strong>Fonte:<\/strong> Times New Roman 12. Espa\u00e7amento simples. Alinhamento Justificado;<\/div>\n<div><strong>T\u00edtulo:<\/strong> m\u00e1ximo 200 caracteres (com espa\u00e7o);<\/div>\n<div><strong>Nome dos\/as autores\/as, institui\u00e7\u00e3o de v\u00ednculo e e-mail;<\/strong><\/div>\n<div><strong>Resumo simples: <\/strong>entre 1000 e 15000 caracteres (com espa\u00e7o);<\/div>\n<div><strong>3 a 5<\/strong> Palavras-chave.<\/div>\n<div><\/div>\n<h1><\/h1>\n<div style=\"text-align: justify;\">O Resumo deve necessariamente abordar:\u00a0<b>Introdu\u00e7\u00e3o<\/b>\u00a0(contextualiza\u00e7\u00e3o do tema);\u00a0<b>Desenvolvimento<\/b>\u00a0e\u00a0<b>Conclus\u00f5es<\/b>. (Esses elementos em negrito s\u00e3o apenas para balizar a escrita do resumo, n\u00e3o \u00e9 necess\u00e1rio inserir tais palavras no resumo, que deve ser feito sem par\u00e1grafo, em texto \u00fanico e direto).<\/div>\n<div><\/div>\n<div><\/div>\n","protected":false},"excerpt":{"rendered":"<p>Para realizar a sua inscri\u00e7\u00e3o no evento, clique aqui: https:\/\/www.even3.com.br\/3-mostra-de-ensino-de-historia-e-praticas-docentes-lehufpel-500869\/ Para enviar o seu resumo, clique aqui: https:\/\/forms.gle\/kju2bZSgM62yAVLa7 Normas para a elabora\u00e7\u00e3o do Resumo: Fonte: Times New Roman 12. Espa\u00e7amento simples. Alinhamento Justificado; T\u00edtulo: m\u00e1ximo 200 caracteres (com espa\u00e7o); Nome dos\/as autores\/as, institui\u00e7\u00e3o de v\u00ednculo e e-mail; Resumo simples: entre 1000 e 15000 caracteres (com &hellip; <\/p>\n<p><a class=\"more-link btn\" href=\"https:\/\/wp.ufpel.edu.br\/mostradeensinodehistoria\/inscricoes\/\">Continue lendo<\/a><\/p>\n","protected":false},"author":1274,"featured_media":0,"parent":0,"menu_order":3,"comment_status":"closed","ping_status":"closed","template":"","meta":{"footnotes":""},"class_list":["post-17","page","type-page","status-publish","hentry","nodate","item-wrap"],"jetpack_sharing_enabled":true,"_links":{"self":[{"href":"https:\/\/wp.ufpel.edu.br\/mostradeensinodehistoria\/wp-json\/wp\/v2\/pages\/17","targetHints":{"allow":["GET"]}}],"collection":[{"href":"https:\/\/wp.ufpel.edu.br\/mostradeensinodehistoria\/wp-json\/wp\/v2\/pages"}],"about":[{"href":"https:\/\/wp.ufpel.edu.br\/mostradeensinodehistoria\/wp-json\/wp\/v2\/types\/page"}],"author":[{"embeddable":true,"href":"https:\/\/wp.ufpel.edu.br\/mostradeensinodehistoria\/wp-json\/wp\/v2\/users\/1274"}],"replies":[{"embeddable":true,"href":"https:\/\/wp.ufpel.edu.br\/mostradeensinodehistoria\/wp-json\/wp\/v2\/comments?post=17"}],"version-history":[{"count":10,"href":"https:\/\/wp.ufpel.edu.br\/mostradeensinodehistoria\/wp-json\/wp\/v2\/pages\/17\/revisions"}],"predecessor-version":[{"id":80,"href":"https:\/\/wp.ufpel.edu.br\/mostradeensinodehistoria\/wp-json\/wp\/v2\/pages\/17\/revisions\/80"}],"wp:attachment":[{"href":"https:\/\/wp.ufpel.edu.br\/mostradeensinodehistoria\/wp-json\/wp\/v2\/media?parent=17"}],"curies":[{"name":"wp","href":"https:\/\/api.w.org\/{rel}","templated":true}]}}