{"id":616,"date":"2026-04-07T18:06:28","date_gmt":"2026-04-07T21:06:28","guid":{"rendered":"https:\/\/wp.ufpel.edu.br\/mostradecursos\/?page_id=616"},"modified":"2026-04-07T18:18:14","modified_gmt":"2026-04-07T21:18:14","slug":"mostra-de-cursos-ufpel","status":"publish","type":"page","link":"https:\/\/wp.ufpel.edu.br\/mostradecursos\/","title":{"rendered":"Mostra de Cursos UFPel"},"content":{"rendered":"\n<div class=\"wp-block-jetpack-slideshow aligncenter\" data-autoplay=\"true\" data-delay=\"3\" data-effect=\"fade\" style=\"--aspect-ratio:calc(473 \/ 1024)\"><div class=\"wp-block-jetpack-slideshow_container swiper\"><ul class=\"wp-block-jetpack-slideshow_swiper-wrapper swiper-wrapper\"><li class=\"wp-block-jetpack-slideshow_slide swiper-slide\"><figure><img loading=\"lazy\" decoding=\"async\" width=\"473\" height=\"1024\" alt=\"\" class=\"wp-block-jetpack-slideshow_image wp-image-559\" data-id=\"559\" data-aspect-ratio=\"473 \/ 1024\" src=\"https:\/\/wp.ufpel.edu.br\/mostradecursos\/files\/2025\/05\/20250514_101944-473x1024.jpg\" srcset=\"https:\/\/wp.ufpel.edu.br\/mostradecursos\/files\/2025\/05\/20250514_101944-473x1024.jpg 473w, https:\/\/wp.ufpel.edu.br\/mostradecursos\/files\/2025\/05\/20250514_101944-185x400.jpg 185w, https:\/\/wp.ufpel.edu.br\/mostradecursos\/files\/2025\/05\/20250514_101944-768x1662.jpg 768w, https:\/\/wp.ufpel.edu.br\/mostradecursos\/files\/2025\/05\/20250514_101944-710x1536.jpg 710w, https:\/\/wp.ufpel.edu.br\/mostradecursos\/files\/2025\/05\/20250514_101944-946x2048.jpg 946w, https:\/\/wp.ufpel.edu.br\/mostradecursos\/files\/2025\/05\/20250514_101944-619x1340.jpg 619w, https:\/\/wp.ufpel.edu.br\/mostradecursos\/files\/2025\/05\/20250514_101944-scaled.jpg 1183w\" sizes=\"(max-width: 473px) 100vw, 473px\" \/><\/figure><\/li><li class=\"wp-block-jetpack-slideshow_slide swiper-slide\"><figure><img loading=\"lazy\" decoding=\"async\" width=\"473\" height=\"1024\" alt=\"\" class=\"wp-block-jetpack-slideshow_image wp-image-573\" data-id=\"573\" data-aspect-ratio=\"473 \/ 1024\" src=\"https:\/\/wp.ufpel.edu.br\/mostradecursos\/files\/2025\/05\/20250514_100847-473x1024.jpg\" srcset=\"https:\/\/wp.ufpel.edu.br\/mostradecursos\/files\/2025\/05\/20250514_100847-473x1024.jpg 473w, https:\/\/wp.ufpel.edu.br\/mostradecursos\/files\/2025\/05\/20250514_100847-185x400.jpg 185w, https:\/\/wp.ufpel.edu.br\/mostradecursos\/files\/2025\/05\/20250514_100847-768x1662.jpg 768w, https:\/\/wp.ufpel.edu.br\/mostradecursos\/files\/2025\/05\/20250514_100847-710x1536.jpg 710w, https:\/\/wp.ufpel.edu.br\/mostradecursos\/files\/2025\/05\/20250514_100847-946x2048.jpg 946w, https:\/\/wp.ufpel.edu.br\/mostradecursos\/files\/2025\/05\/20250514_100847-619x1340.jpg 619w, https:\/\/wp.ufpel.edu.br\/mostradecursos\/files\/2025\/05\/20250514_100847-scaled.jpg 1183w\" sizes=\"(max-width: 473px) 100vw, 473px\" \/><\/figure><\/li><li class=\"wp-block-jetpack-slideshow_slide swiper-slide\"><figure><img loading=\"lazy\" decoding=\"async\" width=\"473\" height=\"1024\" alt=\"\" class=\"wp-block-jetpack-slideshow_image wp-image-589\" data-id=\"589\" data-aspect-ratio=\"473 \/ 1024\" src=\"https:\/\/wp.ufpel.edu.br\/mostradecursos\/files\/2025\/05\/20250514_095732-473x1024.jpg\" srcset=\"https:\/\/wp.ufpel.edu.br\/mostradecursos\/files\/2025\/05\/20250514_095732-473x1024.jpg 473w, https:\/\/wp.ufpel.edu.br\/mostradecursos\/files\/2025\/05\/20250514_095732-185x400.jpg 185w, https:\/\/wp.ufpel.edu.br\/mostradecursos\/files\/2025\/05\/20250514_095732-768x1662.jpg 768w, https:\/\/wp.ufpel.edu.br\/mostradecursos\/files\/2025\/05\/20250514_095732-710x1536.jpg 710w, https:\/\/wp.ufpel.edu.br\/mostradecursos\/files\/2025\/05\/20250514_095732-946x2048.jpg 946w, https:\/\/wp.ufpel.edu.br\/mostradecursos\/files\/2025\/05\/20250514_095732-619x1340.jpg 619w, https:\/\/wp.ufpel.edu.br\/mostradecursos\/files\/2025\/05\/20250514_095732-scaled.jpg 1183w\" sizes=\"(max-width: 473px) 100vw, 473px\" \/><\/figure><\/li><li class=\"wp-block-jetpack-slideshow_slide swiper-slide\"><figure><img loading=\"lazy\" decoding=\"async\" width=\"473\" height=\"1024\" alt=\"\" class=\"wp-block-jetpack-slideshow_image wp-image-586\" data-id=\"586\" data-aspect-ratio=\"473 \/ 1024\" src=\"https:\/\/wp.ufpel.edu.br\/mostradecursos\/files\/2025\/05\/20250514_095935-473x1024.jpg\" srcset=\"https:\/\/wp.ufpel.edu.br\/mostradecursos\/files\/2025\/05\/20250514_095935-473x1024.jpg 473w, https:\/\/wp.ufpel.edu.br\/mostradecursos\/files\/2025\/05\/20250514_095935-185x400.jpg 185w, https:\/\/wp.ufpel.edu.br\/mostradecursos\/files\/2025\/05\/20250514_095935-768x1662.jpg 768w, https:\/\/wp.ufpel.edu.br\/mostradecursos\/files\/2025\/05\/20250514_095935-710x1536.jpg 710w, https:\/\/wp.ufpel.edu.br\/mostradecursos\/files\/2025\/05\/20250514_095935-946x2048.jpg 946w, https:\/\/wp.ufpel.edu.br\/mostradecursos\/files\/2025\/05\/20250514_095935-619x1340.jpg 619w, https:\/\/wp.ufpel.edu.br\/mostradecursos\/files\/2025\/05\/20250514_095935-scaled.jpg 1183w\" sizes=\"(max-width: 473px) 100vw, 473px\" \/><\/figure><\/li><li class=\"wp-block-jetpack-slideshow_slide swiper-slide\"><figure><img loading=\"lazy\" decoding=\"async\" width=\"473\" height=\"1024\" alt=\"\" class=\"wp-block-jetpack-slideshow_image wp-image-592\" data-id=\"592\" data-aspect-ratio=\"473 \/ 1024\" src=\"https:\/\/wp.ufpel.edu.br\/mostradecursos\/files\/2025\/05\/20250514_095322-473x1024.jpg\" srcset=\"https:\/\/wp.ufpel.edu.br\/mostradecursos\/files\/2025\/05\/20250514_095322-473x1024.jpg 473w, https:\/\/wp.ufpel.edu.br\/mostradecursos\/files\/2025\/05\/20250514_095322-185x400.jpg 185w, https:\/\/wp.ufpel.edu.br\/mostradecursos\/files\/2025\/05\/20250514_095322-768x1662.jpg 768w, https:\/\/wp.ufpel.edu.br\/mostradecursos\/files\/2025\/05\/20250514_095322-710x1536.jpg 710w, https:\/\/wp.ufpel.edu.br\/mostradecursos\/files\/2025\/05\/20250514_095322-946x2048.jpg 946w, https:\/\/wp.ufpel.edu.br\/mostradecursos\/files\/2025\/05\/20250514_095322-619x1340.jpg 619w, https:\/\/wp.ufpel.edu.br\/mostradecursos\/files\/2025\/05\/20250514_095322-scaled.jpg 1183w\" sizes=\"(max-width: 473px) 100vw, 473px\" \/><\/figure><\/li><li class=\"wp-block-jetpack-slideshow_slide swiper-slide\"><figure><img loading=\"lazy\" decoding=\"async\" width=\"1024\" height=\"473\" alt=\"\" class=\"wp-block-jetpack-slideshow_image wp-image-581\" data-id=\"581\" data-aspect-ratio=\"660 \/ 305\" src=\"https:\/\/wp.ufpel.edu.br\/mostradecursos\/files\/2025\/05\/20250514_100231-1024x473.jpg\" srcset=\"https:\/\/wp.ufpel.edu.br\/mostradecursos\/files\/2025\/05\/20250514_100231-1024x473.jpg 1024w, https:\/\/wp.ufpel.edu.br\/mostradecursos\/files\/2025\/05\/20250514_100231-400x185.jpg 400w, https:\/\/wp.ufpel.edu.br\/mostradecursos\/files\/2025\/05\/20250514_100231-768x355.jpg 768w, https:\/\/wp.ufpel.edu.br\/mostradecursos\/files\/2025\/05\/20250514_100231-1536x710.jpg 1536w, https:\/\/wp.ufpel.edu.br\/mostradecursos\/files\/2025\/05\/20250514_100231-2048x946.jpg 2048w, https:\/\/wp.ufpel.edu.br\/mostradecursos\/files\/2025\/05\/20250514_100231-619x286.jpg 619w\" sizes=\"(max-width: 1024px) 100vw, 1024px\" \/><\/figure><\/li><li class=\"wp-block-jetpack-slideshow_slide swiper-slide\"><figure><img loading=\"lazy\" decoding=\"async\" width=\"473\" height=\"1024\" alt=\"\" class=\"wp-block-jetpack-slideshow_image wp-image-583\" data-id=\"583\" data-aspect-ratio=\"473 \/ 1024\" src=\"https:\/\/wp.ufpel.edu.br\/mostradecursos\/files\/2025\/05\/20250514_100049-473x1024.jpg\" srcset=\"https:\/\/wp.ufpel.edu.br\/mostradecursos\/files\/2025\/05\/20250514_100049-473x1024.jpg 473w, https:\/\/wp.ufpel.edu.br\/mostradecursos\/files\/2025\/05\/20250514_100049-185x400.jpg 185w, https:\/\/wp.ufpel.edu.br\/mostradecursos\/files\/2025\/05\/20250514_100049-768x1662.jpg 768w, https:\/\/wp.ufpel.edu.br\/mostradecursos\/files\/2025\/05\/20250514_100049-710x1536.jpg 710w, https:\/\/wp.ufpel.edu.br\/mostradecursos\/files\/2025\/05\/20250514_100049-946x2048.jpg 946w, https:\/\/wp.ufpel.edu.br\/mostradecursos\/files\/2025\/05\/20250514_100049-619x1340.jpg 619w, https:\/\/wp.ufpel.edu.br\/mostradecursos\/files\/2025\/05\/20250514_100049-scaled.jpg 1183w\" sizes=\"(max-width: 473px) 100vw, 473px\" \/><\/figure><\/li><li class=\"wp-block-jetpack-slideshow_slide swiper-slide\"><figure><img loading=\"lazy\" decoding=\"async\" width=\"473\" height=\"1024\" alt=\"\" class=\"wp-block-jetpack-slideshow_image wp-image-576\" data-id=\"576\" data-aspect-ratio=\"473 \/ 1024\" src=\"https:\/\/wp.ufpel.edu.br\/mostradecursos\/files\/2025\/05\/20250514_100559-473x1024.jpg\" srcset=\"https:\/\/wp.ufpel.edu.br\/mostradecursos\/files\/2025\/05\/20250514_100559-473x1024.jpg 473w, https:\/\/wp.ufpel.edu.br\/mostradecursos\/files\/2025\/05\/20250514_100559-185x400.jpg 185w, https:\/\/wp.ufpel.edu.br\/mostradecursos\/files\/2025\/05\/20250514_100559-768x1662.jpg 768w, https:\/\/wp.ufpel.edu.br\/mostradecursos\/files\/2025\/05\/20250514_100559-710x1536.jpg 710w, https:\/\/wp.ufpel.edu.br\/mostradecursos\/files\/2025\/05\/20250514_100559-946x2048.jpg 946w, https:\/\/wp.ufpel.edu.br\/mostradecursos\/files\/2025\/05\/20250514_100559-619x1340.jpg 619w, https:\/\/wp.ufpel.edu.br\/mostradecursos\/files\/2025\/05\/20250514_100559-scaled.jpg 1183w\" sizes=\"(max-width: 473px) 100vw, 473px\" \/><\/figure><\/li><li class=\"wp-block-jetpack-slideshow_slide swiper-slide\"><figure><img loading=\"lazy\" decoding=\"async\" width=\"473\" height=\"1024\" alt=\"\" class=\"wp-block-jetpack-slideshow_image wp-image-579\" data-id=\"579\" data-aspect-ratio=\"473 \/ 1024\" src=\"https:\/\/wp.ufpel.edu.br\/mostradecursos\/files\/2025\/05\/20250514_100511-473x1024.jpg\" srcset=\"https:\/\/wp.ufpel.edu.br\/mostradecursos\/files\/2025\/05\/20250514_100511-473x1024.jpg 473w, https:\/\/wp.ufpel.edu.br\/mostradecursos\/files\/2025\/05\/20250514_100511-185x400.jpg 185w, https:\/\/wp.ufpel.edu.br\/mostradecursos\/files\/2025\/05\/20250514_100511-768x1662.jpg 768w, https:\/\/wp.ufpel.edu.br\/mostradecursos\/files\/2025\/05\/20250514_100511-710x1536.jpg 710w, https:\/\/wp.ufpel.edu.br\/mostradecursos\/files\/2025\/05\/20250514_100511-946x2048.jpg 946w, https:\/\/wp.ufpel.edu.br\/mostradecursos\/files\/2025\/05\/20250514_100511-619x1340.jpg 619w, https:\/\/wp.ufpel.edu.br\/mostradecursos\/files\/2025\/05\/20250514_100511-scaled.jpg 1183w\" sizes=\"(max-width: 473px) 100vw, 473px\" \/><\/figure><\/li><li class=\"wp-block-jetpack-slideshow_slide swiper-slide\"><figure><img loading=\"lazy\" decoding=\"async\" width=\"473\" height=\"1024\" alt=\"\" class=\"wp-block-jetpack-slideshow_image wp-image-571\" data-id=\"571\" data-aspect-ratio=\"473 \/ 1024\" src=\"https:\/\/wp.ufpel.edu.br\/mostradecursos\/files\/2025\/05\/20250514_1009570-473x1024.jpg\" srcset=\"https:\/\/wp.ufpel.edu.br\/mostradecursos\/files\/2025\/05\/20250514_1009570-473x1024.jpg 473w, https:\/\/wp.ufpel.edu.br\/mostradecursos\/files\/2025\/05\/20250514_1009570-185x400.jpg 185w, https:\/\/wp.ufpel.edu.br\/mostradecursos\/files\/2025\/05\/20250514_1009570-768x1662.jpg 768w, https:\/\/wp.ufpel.edu.br\/mostradecursos\/files\/2025\/05\/20250514_1009570-710x1536.jpg 710w, https:\/\/wp.ufpel.edu.br\/mostradecursos\/files\/2025\/05\/20250514_1009570-946x2048.jpg 946w, https:\/\/wp.ufpel.edu.br\/mostradecursos\/files\/2025\/05\/20250514_1009570-619x1340.jpg 619w, https:\/\/wp.ufpel.edu.br\/mostradecursos\/files\/2025\/05\/20250514_1009570-scaled.jpg 1183w\" sizes=\"(max-width: 473px) 100vw, 473px\" \/><\/figure><\/li><\/ul><a class=\"wp-block-jetpack-slideshow_button-prev swiper-button-prev swiper-button-white\" role=\"button\"><\/a><a class=\"wp-block-jetpack-slideshow_button-next swiper-button-next swiper-button-white\" role=\"button\"><\/a><a aria-label=\"Pause Slideshow\" class=\"wp-block-jetpack-slideshow_button-pause\" role=\"button\"><\/a><div class=\"wp-block-jetpack-slideshow_pagination swiper-pagination swiper-pagination-white\"><\/div><\/div><\/div>\n\n\n\n<h2 class=\"wp-block-heading\">Bem-vindos!<\/h2>\n\n\n\n<p>A Mostra de Cursos da Universidade Federal de Pelotas \u00e9 um evento anual, presencial, onde reunimos nossos cursos de Gradua\u00e7\u00e3o para que eles mostrem o que temos de melhor: nossa comunidade, nosso trabalho e nossa miss\u00e3o de entregar um ensino superior de qualidade, em uma Universidade p\u00fablica e gratuita.<\/p>\n\n\n\n<p>\u00c9 com enorme prazer que convidamos a voc\u00ea, sua turma e sua escola, para nos visitar neste dia especial, que organizamos com muita alegria.<\/p>\n\n\n\n<p>Na Mostra de Cursos, voc\u00ea tamb\u00e9m encontrar\u00e1 informa\u00e7\u00f5es sobre ingresso, cotas, bolsas e aux\u00edlios, para que voc\u00ea possa tirar suas d\u00favidas a respeito destes assuntos.<\/p>\n\n\n\n<p class=\"has-black-color has-text-color has-background has-link-color has-medium-font-size wp-elements-9ad91c7b8a3ae34452d9a8895c0a5d47\" style=\"background-color:#1ba6bf;font-style:normal;font-weight:700\">Em 2026, a Mostra acontecer\u00e1 dia 13 de maio, das 09h \u00e0s 17h, no Gin\u00e1sio da ESEF (Rua Lu\u00eds de Cam\u00f5es n\u00ba 625, bairro Tr\u00eas Vendas, Pelotas).<\/p>\n\n\n\n<p>Neste site, voc\u00ea tamb\u00e9m encontra informa\u00e7\u00f5es sobre <a href=\"https:\/\/wp.ufpel.edu.br\/mostradecursos\/formas-de-ingresso\/\">formas de ingresso<\/a> na UFPel, <a href=\"https:\/\/wp.ufpel.edu.br\/mostradecursos\/videos-dos-cursos\/\">v\u00eddeos de alguns cursos<\/a>, <a href=\"https:\/\/wp.ufpel.edu.br\/mostradecursos\/pagina-exemplo\/\">mapa com a localiza\u00e7\u00e3o dos cursos<\/a>, <a href=\"https:\/\/wp.ufpel.edu.br\/mostradecursos\/inscricao-para-escolas\/\">inscri\u00e7\u00e3o para grupos de visitantes<\/a> e registros de anos anteriores.<\/p>\n\n\n\n<p>A <a href=\"https:\/\/wp.ufpel.edu.br\/mostradecursos\/inscricao-para-escolas\/\">inscri\u00e7\u00e3o para escolas<\/a> n\u00e3o \u00e9 obrigat\u00f3ria para a visita, queremos conhecer o seu grupo para podermos atender da melhor maneira as necessidades de acessibilidade.<\/p>\n\n\n\n<p>Aguardamos sua vista!<\/p>\n","protected":false},"excerpt":{"rendered":"<p>Bem-vindos! A Mostra de Cursos da Universidade Federal de Pelotas \u00e9 um evento anual, presencial, onde reunimos nossos cursos de Gradua\u00e7\u00e3o para que eles mostrem o que temos de melhor: nossa comunidade, nosso trabalho e nossa miss\u00e3o de entregar um ensino superior de qualidade, em uma Universidade p\u00fablica e gratuita. \u00c9 com enorme prazer que [&hellip;]<\/p>\n","protected":false},"author":1320,"featured_media":0,"parent":0,"menu_order":0,"comment_status":"closed","ping_status":"closed","template":"","meta":{"footnotes":""},"class_list":["post-616","page","type-page","status-publish","hentry"],"jetpack_sharing_enabled":true,"_links":{"self":[{"href":"https:\/\/wp.ufpel.edu.br\/mostradecursos\/wp-json\/wp\/v2\/pages\/616","targetHints":{"allow":["GET"]}}],"collection":[{"href":"https:\/\/wp.ufpel.edu.br\/mostradecursos\/wp-json\/wp\/v2\/pages"}],"about":[{"href":"https:\/\/wp.ufpel.edu.br\/mostradecursos\/wp-json\/wp\/v2\/types\/page"}],"author":[{"embeddable":true,"href":"https:\/\/wp.ufpel.edu.br\/mostradecursos\/wp-json\/wp\/v2\/users\/1320"}],"replies":[{"embeddable":true,"href":"https:\/\/wp.ufpel.edu.br\/mostradecursos\/wp-json\/wp\/v2\/comments?post=616"}],"version-history":[{"count":4,"href":"https:\/\/wp.ufpel.edu.br\/mostradecursos\/wp-json\/wp\/v2\/pages\/616\/revisions"}],"predecessor-version":[{"id":637,"href":"https:\/\/wp.ufpel.edu.br\/mostradecursos\/wp-json\/wp\/v2\/pages\/616\/revisions\/637"}],"wp:attachment":[{"href":"https:\/\/wp.ufpel.edu.br\/mostradecursos\/wp-json\/wp\/v2\/media?parent=616"}],"curies":[{"name":"wp","href":"https:\/\/api.w.org\/{rel}","templated":true}]}}