{"id":282,"date":"2023-08-30T15:49:03","date_gmt":"2023-08-30T18:49:03","guid":{"rendered":"https:\/\/wp.ufpel.edu.br\/mostradecursos\/?page_id=282"},"modified":"2026-04-07T12:23:45","modified_gmt":"2026-04-07T15:23:45","slug":"inscricao-para-escolas","status":"publish","type":"page","link":"https:\/\/wp.ufpel.edu.br\/mostradecursos\/inscricao-para-escolas\/","title":{"rendered":"Inscri\u00e7\u00e3o para Escolas"},"content":{"rendered":"\n<p>Se voc\u00ea \u00e9 representante de Escola de Ensino M\u00e9dio de Pelotas e regi\u00e3o e quer trazer um grupo para visitar a Mostra de Cursos UFPel 2026, por favor, tome 5 minutos para preencher o <a href=\"https:\/\/docs.google.com\/forms\/d\/e\/1FAIpQLSfr50WxYMleY4HIfcnok5EKcryQwTbMS1DTOpk6UTV7l-cFnw\/viewform?usp=dialog\">Formul\u00e1rio de Inscri\u00e7\u00e3o<\/a>.<\/p>\n\n\n\n<p><span style=\"color: #ff6600;\"><strong>ATEN\u00c7\u00c3O: A INSCRI\u00c7\u00c3O N\u00c3O \u00c9 OBRIGAT\u00d3RIA!<\/strong><\/span><\/p>\n\n\n\n<p>S\u00f3 queremos conhecer o seu grupo para melhor atend\u00ea-lo.<\/p>\n\n\n\n<p>Este formul\u00e1rio serve para grupos de escolas. Visitantes individuais ou em pequenos grupos n\u00e3o precisam preench\u00ea-lo.<\/p>\n","protected":false},"excerpt":{"rendered":"<p>Se voc\u00ea \u00e9 representante de Escola de Ensino M\u00e9dio de Pelotas e regi\u00e3o e quer trazer um grupo para visitar a Mostra de Cursos UFPel 2026, por favor, tome 5 minutos para preencher o Formul\u00e1rio de Inscri\u00e7\u00e3o. ATEN\u00c7\u00c3O: A INSCRI\u00c7\u00c3O N\u00c3O \u00c9 OBRIGAT\u00d3RIA! S\u00f3 queremos conhecer o seu grupo para melhor atend\u00ea-lo. Este formul\u00e1rio serve [&hellip;]<\/p>\n","protected":false},"author":1320,"featured_media":0,"parent":0,"menu_order":0,"comment_status":"closed","ping_status":"closed","template":"","meta":{"footnotes":""},"class_list":["post-282","page","type-page","status-publish","hentry"],"jetpack_sharing_enabled":true,"_links":{"self":[{"href":"https:\/\/wp.ufpel.edu.br\/mostradecursos\/wp-json\/wp\/v2\/pages\/282","targetHints":{"allow":["GET"]}}],"collection":[{"href":"https:\/\/wp.ufpel.edu.br\/mostradecursos\/wp-json\/wp\/v2\/pages"}],"about":[{"href":"https:\/\/wp.ufpel.edu.br\/mostradecursos\/wp-json\/wp\/v2\/types\/page"}],"author":[{"embeddable":true,"href":"https:\/\/wp.ufpel.edu.br\/mostradecursos\/wp-json\/wp\/v2\/users\/1320"}],"replies":[{"embeddable":true,"href":"https:\/\/wp.ufpel.edu.br\/mostradecursos\/wp-json\/wp\/v2\/comments?post=282"}],"version-history":[{"count":3,"href":"https:\/\/wp.ufpel.edu.br\/mostradecursos\/wp-json\/wp\/v2\/pages\/282\/revisions"}],"predecessor-version":[{"id":610,"href":"https:\/\/wp.ufpel.edu.br\/mostradecursos\/wp-json\/wp\/v2\/pages\/282\/revisions\/610"}],"wp:attachment":[{"href":"https:\/\/wp.ufpel.edu.br\/mostradecursos\/wp-json\/wp\/v2\/media?parent=282"}],"curies":[{"name":"wp","href":"https:\/\/api.w.org\/{rel}","templated":true}]}}

Inscrição para Escolas

<p>Se você é representante de Escola de Ensino Médio de Pelotas e região e quer trazer um grupo para visitar a Mostra de Cursos UFPel 2026, por favor, tome 5 minutos para preencher o <a href="https://docs.google.com/forms/d/e/1FAIpQLSfr50WxYMleY4HIfcnok5EKcryQwTbMS1DTOpk6UTV7l-cFnw/viewform?usp=dialog">Formulário de Inscrição</a>.</p>



<p><span style="color: #ff6600;"><strong>ATENÇÃO: A INSCRIÇÃO NÃO É OBRIGATÓRIA!</strong></span></p>



<p>Só queremos conhecer o seu grupo para melhor atendê-lo.</p>



<p>Este formulário serve para grupos de escolas. Visitantes individuais ou em pequenos grupos não precisam preenchê-lo.</p>

<p>Se você é representante de Escola de Ensino Médio de Pelotas e região e quer trazer um grupo para visitar a Mostra de Cursos UFPel 2026, por favor, tome 5 minutos para preencher o Formulário de Inscrição. ATENÇÃO: A INSCRIÇÃO NÃO É OBRIGATÓRIA! Só queremos conhecer o seu grupo para melhor atendê-lo. Este formulário serve [&hellip;]</p>
