{"id":46,"date":"2013-07-12T23:59:28","date_gmt":"2013-07-13T02:59:28","guid":{"rendered":"https:\/\/wp.ufpel.edu.br\/morfologia\/?page_id=46"},"modified":"2020-09-02T15:52:32","modified_gmt":"2020-09-02T18:52:32","slug":"laboratorios","status":"publish","type":"page","link":"https:\/\/wp.ufpel.edu.br\/morfologia\/laboratorios\/","title":{"rendered":"Laborat\u00f3rios"},"content":{"rendered":"<p><a href=\"https:\/\/wp.ufpel.edu.br\/morfologia\/files\/2013\/07\/DSC01609.jpg\">\u00a0<\/a><\/p>\n<p><strong>Campus da Faculdade de Medicina (Fragata)<\/strong><\/p>\n<p><a href=\"https:\/\/wp.ufpel.edu.br\/nulab\/laboratorio-de-neuro-modulacao-celular\/\">Laborat\u00f3rio de Neuro Modula\u00e7\u00e3o Celular<\/a><\/p>\n<p><a href=\"https:\/\/wp.ufpel.edu.br\/morfologia\/files\/2020\/09\/REGIMENTO_DO___LABORATORIO___CULTIVO__E__NEUROMODULACAO_CELULAR__DO_INSTITUTO_DE_BIOLOGIA_ATUALIZADO.pdf\">REGIMENTO_DO___LABORATORIO___CULTIVO__E__NEUROMODULACAO_CELULAR__DO_INSTITUTO_DE_BIOLOGIA<\/a><\/p>\n<p><a href=\"https:\/\/wp.ufpel.edu.br\/nulab\/laboratorio-anatomico\/\">Laborat\u00f3rio Anat\u00f4mico<\/a><\/p>\n<p><a href=\"https:\/\/wp.ufpel.edu.br\/morfologia\/files\/2020\/09\/PLANO_DE_GERENCIAMENTO_DE_RESIDUOS.pdf\">PLANO_DE_GERENCIAMENTO_DE_RESIDUOS<\/a><\/p>\n<p><a href=\"https:\/\/wp.ufpel.edu.br\/nulab\/laboratorio-de-preparacao\/\">Laborat\u00f3rio de Prepara\u00e7\u00e3o de Biologia Celular, Histologia e Anatomia do Desenvolvimento<\/a><\/p>\n<p><a href=\"https:\/\/wp.ufpel.edu.br\/morfologia\/files\/2020\/09\/Microsoft_Word___plano_de_residuos_histologia_final.docx.pdf\">Microsoft_Word___plano_de_residuos_histologia_final.docx<\/a><\/p>\n<p><a href=\"https:\/\/wp.ufpel.edu.br\/nulab\/sala-de-aulas-praticas\/\">Salas de Aulas Pr\u00e1ticas<\/a><\/p>\n<p><a href=\"https:\/\/wp.ufpel.edu.br\/nulab\/laboratorio-de-captura-de-imagens\/\">Laborat\u00f3rio de Captura de Imagens<\/a><\/p>\n<p><a href=\"https:\/\/wp.ufpel.edu.br\/nulab\/laboratorio-de-biologia-celular\/\">Laborat\u00f3rio de Biologia Celular<\/a><\/p>\n<p><a href=\"https:\/\/wp.ufpel.edu.br\/morfologia\/files\/2020\/09\/Regimento_geral_de_labs_DM_VersaoFinalIB.pdf\">Regimento_geral_de_labs_DM_VersaoFinalIB<\/a><\/p>\n<p><a href=\"https:\/\/wp.ufpel.edu.br\/morfologia\/files\/2013\/07\/DSC01476.jpg\"><img loading=\"lazy\" decoding=\"async\" src=\"https:\/\/wp.ufpel.edu.br\/morfologia\/files\/2013\/07\/DSC01476-300x225.jpg\" alt=\"DSC01476\" width=\"300\" height=\"225\" \/><\/a>\u00a0<a href=\"https:\/\/wp.ufpel.edu.br\/morfologia\/files\/2013\/07\/DSC01469.jpg\"><img loading=\"lazy\" decoding=\"async\" src=\"https:\/\/wp.ufpel.edu.br\/morfologia\/files\/2013\/07\/DSC01469-300x225.jpg\" alt=\"DSC01469\" width=\"300\" height=\"225\" \/><\/a><a href=\"https:\/\/wp.ufpel.edu.br\/morfologia\/files\/2013\/07\/DSC01706.jpg\"><img loading=\"lazy\" decoding=\"async\" src=\"https:\/\/wp.ufpel.edu.br\/morfologia\/files\/2013\/07\/DSC01706-300x225.jpg\" alt=\"DSC01706\" width=\"300\" height=\"225\" \/><\/a><a href=\"https:\/\/wp.ufpel.edu.br\/morfologia\/files\/2013\/07\/DSC01707.jpg\"><img loading=\"lazy\" decoding=\"async\" src=\"https:\/\/wp.ufpel.edu.br\/morfologia\/files\/2013\/07\/DSC01707-300x225.jpg\" alt=\"DSC01707\" width=\"300\" height=\"225\" \/><\/a><br \/>\n<a href=\"https:\/\/wp.ufpel.edu.br\/morfologia\/files\/2013\/07\/DSC01619.jpg\"><img loading=\"lazy\" decoding=\"async\" src=\"https:\/\/wp.ufpel.edu.br\/morfologia\/files\/2013\/07\/DSC01619-300x225.jpg\" alt=\"DSC01619\" width=\"300\" height=\"225\" \/><\/a>\u00a0<img loading=\"lazy\" decoding=\"async\" src=\"https:\/\/wp.ufpel.edu.br\/morfologia\/files\/2013\/07\/DSC01609-300x225.jpg\" alt=\"DSC01609\" width=\"300\" height=\"225\" \/><a href=\"https:\/\/wp.ufpel.edu.br\/morfologia\/files\/2013\/07\/DSC01402.jpg\"><img loading=\"lazy\" decoding=\"async\" src=\"https:\/\/wp.ufpel.edu.br\/morfologia\/files\/2013\/07\/DSC01402-300x225.jpg\" alt=\"DSC01402\" width=\"300\" height=\"225\" \/><\/a><a href=\"https:\/\/wp.ufpel.edu.br\/morfologia\/files\/2013\/07\/DSC01401.jpg\"><img loading=\"lazy\" decoding=\"async\" src=\"https:\/\/wp.ufpel.edu.br\/morfologia\/files\/2013\/07\/DSC01401-225x300.jpg\" alt=\"DSC01401\" width=\"225\" height=\"300\" \/><\/a><\/p>\n<p><a style=\"color: #ff4b33;line-height: 24px\" href=\"https:\/\/wp.ufpel.edu.br\/morfologia\/files\/2013\/07\/DSC01634.jpg\"><br \/>\n<\/a><a href=\"https:\/\/wp.ufpel.edu.br\/morfologia\/files\/2013\/07\/DSC01634.jpg\"><img loading=\"lazy\" decoding=\"async\" src=\"https:\/\/wp.ufpel.edu.br\/morfologia\/files\/2013\/07\/DSC01634-300x225.jpg\" alt=\"DSC01634\" width=\"300\" height=\"225\" \/><\/a>\u00a0<a href=\"https:\/\/wp.ufpel.edu.br\/morfologia\/files\/2013\/07\/DSC01655.jpg\"><img loading=\"lazy\" decoding=\"async\" src=\"https:\/\/wp.ufpel.edu.br\/morfologia\/files\/2013\/07\/DSC01655-300x225.jpg\" alt=\"DSC01655\" width=\"300\" height=\"225\" \/><\/a><\/p>\n<p><a style=\"color: #ff4b33;line-height: 24px\" href=\"https:\/\/wp.ufpel.edu.br\/morfologia\/files\/2013\/07\/DSC01655.jpg\">\u00a0<\/a><\/p>\n<p><a href=\"https:\/\/wp.ufpel.edu.br\/morfologia\/files\/2013\/07\/DSC01635.jpg\"><img loading=\"lazy\" decoding=\"async\" src=\"https:\/\/wp.ufpel.edu.br\/morfologia\/files\/2013\/07\/DSC01635-300x225.jpg\" alt=\"DSC01635\" width=\"300\" height=\"225\" \/><\/a><a href=\"https:\/\/wp.ufpel.edu.br\/morfologia\/files\/2013\/07\/DSC01599.jpg\"><img loading=\"lazy\" decoding=\"async\" src=\"https:\/\/wp.ufpel.edu.br\/morfologia\/files\/2013\/07\/DSC01599-300x225.jpg\" alt=\"DSC01599\" width=\"300\" height=\"225\" \/><\/a>\u00a0<a href=\"https:\/\/wp.ufpel.edu.br\/morfologia\/files\/2013\/07\/DSC01642.jpg\"><img loading=\"lazy\" decoding=\"async\" src=\"https:\/\/wp.ufpel.edu.br\/morfologia\/files\/2013\/07\/DSC01642-225x300.jpg\" alt=\"DSC01642\" width=\"225\" height=\"300\" \/><\/a>\u00a0<a href=\"https:\/\/wp.ufpel.edu.br\/morfologia\/files\/2013\/07\/DSC01633.jpg\"><img loading=\"lazy\" decoding=\"async\" src=\"https:\/\/wp.ufpel.edu.br\/morfologia\/files\/2013\/07\/DSC01633-225x300.jpg\" alt=\"DSC01633\" width=\"225\" height=\"300\" \/><\/a><a href=\"https:\/\/wp.ufpel.edu.br\/morfologia\/files\/2013\/07\/DSC01626.jpg\"><img loading=\"lazy\" decoding=\"async\" src=\"https:\/\/wp.ufpel.edu.br\/morfologia\/files\/2013\/07\/DSC01626-225x300.jpg\" alt=\"DSC01626\" width=\"225\" height=\"300\" \/><\/a><a href=\"https:\/\/wp.ufpel.edu.br\/morfologia\/files\/2013\/07\/DSC01672.jpg\"><img loading=\"lazy\" decoding=\"async\" src=\"https:\/\/wp.ufpel.edu.br\/morfologia\/files\/2013\/07\/DSC01672-300x225.jpg\" alt=\"DSC01672\" width=\"300\" height=\"225\" \/><\/a><a href=\"https:\/\/wp.ufpel.edu.br\/morfologia\/files\/2013\/07\/DSC01598.jpg\"><img loading=\"lazy\" decoding=\"async\" src=\"https:\/\/wp.ufpel.edu.br\/morfologia\/files\/2013\/07\/DSC01598-225x300.jpg\" alt=\"DSC01598\" width=\"225\" height=\"300\" \/><\/a>\u00a0\u00a0<a href=\"https:\/\/wp.ufpel.edu.br\/morfologia\/files\/2013\/07\/DSC01626.jpg\"><img loading=\"lazy\" decoding=\"async\" src=\"https:\/\/wp.ufpel.edu.br\/morfologia\/files\/2013\/07\/DSC01626-225x300.jpg\" alt=\"DSC01626\" width=\"225\" height=\"300\" \/><\/a><br \/>\n<a href=\"https:\/\/wp.ufpel.edu.br\/morfologia\/files\/2013\/07\/DSC01626.jpg\"><br \/>\n<\/a><\/p>\n<p><strong><a href=\"https:\/\/wp.ufpel.edu.br\/morfologia\/files\/2013\/07\/DSC01767.jpg\"><br \/>\n<\/a>Campus do Cap\u00e3o do Le\u00e3o &#8211;<\/strong><\/p>\n<p>1) Laborat\u00f3rio de Pr\u00e1ticas de Anatomia dos Animais Dom\u00e9sticos, de Produ\u00e7\u00e3o e Silvestres<\/p>\n<p><a href=\"https:\/\/wp.ufpel.edu.br\/morfologia\/files\/2013\/07\/DSC01768.jpg\"><br \/>\n<\/a><a href=\"https:\/\/wp.ufpel.edu.br\/morfologia\/files\/2013\/07\/DSC01768.jpg\"><img loading=\"lazy\" decoding=\"async\" src=\"https:\/\/wp.ufpel.edu.br\/morfologia\/files\/2013\/07\/DSC01768-300x225.jpg\" alt=\"DSC01768\" width=\"300\" height=\"225\" \/><\/a>\u00a0\u00a0<strong><a href=\"https:\/\/wp.ufpel.edu.br\/morfologia\/files\/2013\/07\/DSC01767.jpg\"><img loading=\"lazy\" decoding=\"async\" src=\"https:\/\/wp.ufpel.edu.br\/morfologia\/files\/2013\/07\/DSC01767-300x225.jpg\" alt=\"DSC01767\" width=\"300\" height=\"225\" \/><\/a><\/strong><\/p>\n<p><a href=\"https:\/\/wp.ufpel.edu.br\/morfologia\/files\/2013\/07\/DSC01747.jpg\"><img loading=\"lazy\" decoding=\"async\" src=\"https:\/\/wp.ufpel.edu.br\/morfologia\/files\/2013\/07\/DSC01747-300x225.jpg\" alt=\"DSC01747\" width=\"300\" height=\"225\" \/><\/a>\u00a0<a href=\"https:\/\/wp.ufpel.edu.br\/morfologia\/files\/2013\/07\/DSC01746.jpg\"><img loading=\"lazy\" decoding=\"async\" src=\"https:\/\/wp.ufpel.edu.br\/morfologia\/files\/2013\/07\/DSC01746-300x225.jpg\" alt=\"DSC01746\" width=\"300\" height=\"225\" \/><\/a><br \/>\n<a href=\"https:\/\/wp.ufpel.edu.br\/morfologia\/files\/2013\/07\/DSC01635.jpg\"><br \/>\n<\/a><a href=\"https:\/\/wp.ufpel.edu.br\/morfologia\/files\/2013\/07\/DSC01599.jpg\"><br \/>\n<\/a><a href=\"https:\/\/wp.ufpel.edu.br\/morfologia\/files\/2013\/07\/DSC01476.jpg\"><br \/>\n<\/a><a href=\"https:\/\/wp.ufpel.edu.br\/morfologia\/files\/2013\/07\/DSC01706.jpg\"><br \/>\n<\/a><a href=\"https:\/\/wp.ufpel.edu.br\/morfologia\/files\/2013\/07\/DSC01619.jpg\"><br \/>\n<\/a><a href=\"https:\/\/wp.ufpel.edu.br\/morfologia\/files\/2013\/07\/DSC01469.jpg\"><br \/>\n<\/a><a href=\"https:\/\/wp.ufpel.edu.br\/morfologia\/files\/2013\/07\/DSC01626.jpg\"><br \/>\n<\/a><a href=\"https:\/\/wp.ufpel.edu.br\/morfologia\/files\/2013\/07\/DSC01746.jpg\"><br \/>\n<\/a><a href=\"https:\/\/wp.ufpel.edu.br\/morfologia\/files\/2013\/07\/DSC01633.jpg\"><br \/>\n<\/a><a href=\"https:\/\/wp.ufpel.edu.br\/morfologia\/files\/2013\/07\/DSC01642.jpg\"><br \/>\n<\/a><a href=\"https:\/\/wp.ufpel.edu.br\/morfologia\/files\/2013\/07\/DSC01672.jpg\"><br \/>\n<\/a><a href=\"https:\/\/wp.ufpel.edu.br\/morfologia\/files\/2013\/07\/DSC01598.jpg\"><br \/>\n<\/a><\/p>\n<p>&nbsp;<\/p>\n<p>&nbsp;<\/p>\n<p>&nbsp;<\/p>\n<p>&nbsp;<\/p>\n<p>&nbsp;<\/p>\n<p>&nbsp;<\/p>\n<p>&nbsp;<\/p>\n<p>&nbsp;<\/p>\n<p>&nbsp;<\/p>\n<p>&nbsp;<\/p>\n<p>&nbsp;<\/p>\n<p>&nbsp;<\/p>\n<p>&nbsp;<\/p>\n<p>&nbsp;<\/p>\n<p>&nbsp;<\/p>\n<p>&nbsp;<\/p>\n<p>&nbsp;<\/p>\n<p>&nbsp;<\/p>\n","protected":false},"excerpt":{"rendered":"<p>\u00a0 Campus da Faculdade de Medicina (Fragata) Laborat\u00f3rio de Neuro Modula\u00e7\u00e3o Celular REGIMENTO_DO___LABORATORIO___CULTIVO__E__NEUROMODULACAO_CELULAR__DO_INSTITUTO_DE_BIOLOGIA Laborat\u00f3rio Anat\u00f4mico PLANO_DE_GERENCIAMENTO_DE_RESIDUOS Laborat\u00f3rio de Prepara\u00e7\u00e3o de Biologia Celular, Histologia e Anatomia do Desenvolvimento Microsoft_Word___plano_de_residuos_histologia_final.docx Salas de Aulas Pr\u00e1ticas Laborat\u00f3rio de Captura de Imagens Laborat\u00f3rio de Biologia &hellip; <a href=\"https:\/\/wp.ufpel.edu.br\/morfologia\/laboratorios\/\">Continue lendo <span class=\"meta-nav\">&rarr;<\/span><\/a><\/p>\n","protected":false},"author":288,"featured_media":0,"parent":0,"menu_order":0,"comment_status":"closed","ping_status":"closed","template":"","meta":{"footnotes":""},"class_list":["post-46","page","type-page","status-publish","hentry"],"_links":{"self":[{"href":"https:\/\/wp.ufpel.edu.br\/morfologia\/wp-json\/wp\/v2\/pages\/46","targetHints":{"allow":["GET"]}}],"collection":[{"href":"https:\/\/wp.ufpel.edu.br\/morfologia\/wp-json\/wp\/v2\/pages"}],"about":[{"href":"https:\/\/wp.ufpel.edu.br\/morfologia\/wp-json\/wp\/v2\/types\/page"}],"author":[{"embeddable":true,"href":"https:\/\/wp.ufpel.edu.br\/morfologia\/wp-json\/wp\/v2\/users\/288"}],"replies":[{"embeddable":true,"href":"https:\/\/wp.ufpel.edu.br\/morfologia\/wp-json\/wp\/v2\/comments?post=46"}],"version-history":[{"count":9,"href":"https:\/\/wp.ufpel.edu.br\/morfologia\/wp-json\/wp\/v2\/pages\/46\/revisions"}],"predecessor-version":[{"id":174,"href":"https:\/\/wp.ufpel.edu.br\/morfologia\/wp-json\/wp\/v2\/pages\/46\/revisions\/174"}],"wp:attachment":[{"href":"https:\/\/wp.ufpel.edu.br\/morfologia\/wp-json\/wp\/v2\/media?parent=46"}],"curies":[{"name":"wp","href":"https:\/\/api.w.org\/{rel}","templated":true}]}}