{"id":25,"date":"2013-07-12T21:54:21","date_gmt":"2013-07-13T00:54:21","guid":{"rendered":"https:\/\/wp.ufpel.edu.br\/morfologia\/?page_id=25"},"modified":"2020-09-02T15:06:50","modified_gmt":"2020-09-02T18:06:50","slug":"contato","status":"publish","type":"page","link":"https:\/\/wp.ufpel.edu.br\/morfologia\/contato\/","title":{"rendered":"Contato"},"content":{"rendered":"<p><strong>Chefia de Departamento &#8211;<\/strong><\/p>\n<p>Prof. Dr. Rafael Gianella Mondadori<\/p>\n<p><strong>Subchefe de Departamento &#8211;<\/strong><\/p>\n<p>Prof. Dr. Alisson Andre Robe Fonseca<\/p>\n<p><strong>Endere\u00e7o &#8211;<\/strong><\/p>\n<p>Universidade Federal de Pelotas<\/p>\n<p>Instituto de Biologia<\/p>\n<p>Departamento de Morfologia<\/p>\n<p>Campus da Faculdade de Medicina<\/p>\n<p>Avenida Duque de Caxias, 250 &#8211; Fragata &#8211; Pelotas &#8211; RS &#8211; Brasil &#8211; CEP 96030-000<\/p>\n<p>Fones: (55) 3310 1810 (secretaria) (55) 53 3310 1808 (Histologia)<\/p>\n<p><em>dmib_ufpel@hotmail.com\u00a0<\/em><\/p>\n<p><a style=\"color: #ff4b33;line-height: 24px\" href=\"https:\/\/wp.ufpel.edu.br\/morfologia\/files\/2013\/07\/DSC01367.jpg\"><img loading=\"lazy\" decoding=\"async\" class=\"aligncenter size-medium wp-image-28\" src=\"https:\/\/wp.ufpel.edu.br\/morfologia\/files\/2013\/07\/DSC01367-300x225.jpg\" alt=\"DSC01367\" width=\"300\" height=\"225\" srcset=\"https:\/\/wp.ufpel.edu.br\/morfologia\/files\/2013\/07\/DSC01367-300x225.jpg 300w, https:\/\/wp.ufpel.edu.br\/morfologia\/files\/2013\/07\/DSC01367-1024x768.jpg 1024w, https:\/\/wp.ufpel.edu.br\/morfologia\/files\/2013\/07\/DSC01367.jpg 2048w\" sizes=\"auto, (max-width: 300px) 100vw, 300px\" \/><\/a><\/p>\n<p>&nbsp;<\/p>\n<p style=\"text-align: center\">ou<\/p>\n<p style=\"text-align: left\">Instituto de Biologia<\/p>\n<p style=\"text-align: left\">Departamento de Morfologia<\/p>\n<p style=\"text-align: left\">Disciplinas de Animais Dom\u00e9sticos, de Produ\u00e7\u00e3o e Silvestres\/Selvagens<\/p>\n<p style=\"text-align: left\">Campus Universit\u00e1rio do Cap\u00e3o do Le\u00e3o &#8211; Travessa Andr\u00e9 Dreyfuss, Pr\u00e9dios 20 e 24<\/p>\n<p style=\"text-align: left\">Cap\u00e3o do Le\u00e3o &#8211; RS &#8211; Brasil &#8211; \u00a0CEP 96160-000<\/p>\n<p style=\"text-align: left\">Fone: (55) 3275 7339<a href=\"https:\/\/wp.ufpel.edu.br\/morfologia\/files\/2013\/07\/DSC01195.jpg\"><img loading=\"lazy\" decoding=\"async\" class=\"size-medium wp-image-26 aligncenter\" src=\"https:\/\/wp.ufpel.edu.br\/morfologia\/files\/2013\/07\/DSC01195-300x225.jpg\" alt=\"DSC01195\" width=\"300\" height=\"225\" srcset=\"https:\/\/wp.ufpel.edu.br\/morfologia\/files\/2013\/07\/DSC01195-300x225.jpg 300w, https:\/\/wp.ufpel.edu.br\/morfologia\/files\/2013\/07\/DSC01195-1024x768.jpg 1024w, https:\/\/wp.ufpel.edu.br\/morfologia\/files\/2013\/07\/DSC01195.jpg 2048w\" sizes=\"auto, (max-width: 300px) 100vw, 300px\" \/><\/a><a href=\"https:\/\/wp.ufpel.edu.br\/morfologia\/files\/2013\/07\/DSC011971.jpg\"><img loading=\"lazy\" decoding=\"async\" class=\"aligncenter size-medium wp-image-27\" src=\"https:\/\/wp.ufpel.edu.br\/morfologia\/files\/2013\/07\/DSC011971-300x225.jpg\" alt=\"DSC01197\" width=\"300\" height=\"225\" srcset=\"https:\/\/wp.ufpel.edu.br\/morfologia\/files\/2013\/07\/DSC011971-300x225.jpg 300w, https:\/\/wp.ufpel.edu.br\/morfologia\/files\/2013\/07\/DSC011971-1024x768.jpg 1024w, https:\/\/wp.ufpel.edu.br\/morfologia\/files\/2013\/07\/DSC011971.jpg 2048w\" sizes=\"auto, (max-width: 300px) 100vw, 300px\" \/><\/a><\/p>\n","protected":false},"excerpt":{"rendered":"<p>Chefia de Departamento &#8211; Prof. Dr. Rafael Gianella Mondadori Subchefe de Departamento &#8211; Prof. Dr. Alisson Andre Robe Fonseca Endere\u00e7o &#8211; Universidade Federal de Pelotas Instituto de Biologia Departamento de Morfologia Campus da Faculdade de Medicina Avenida Duque de Caxias, &hellip; <a href=\"https:\/\/wp.ufpel.edu.br\/morfologia\/contato\/\">Continue lendo <span class=\"meta-nav\">&rarr;<\/span><\/a><\/p>\n","protected":false},"author":288,"featured_media":0,"parent":0,"menu_order":0,"comment_status":"closed","ping_status":"closed","template":"","meta":{"footnotes":""},"class_list":["post-25","page","type-page","status-publish","hentry"],"_links":{"self":[{"href":"https:\/\/wp.ufpel.edu.br\/morfologia\/wp-json\/wp\/v2\/pages\/25","targetHints":{"allow":["GET"]}}],"collection":[{"href":"https:\/\/wp.ufpel.edu.br\/morfologia\/wp-json\/wp\/v2\/pages"}],"about":[{"href":"https:\/\/wp.ufpel.edu.br\/morfologia\/wp-json\/wp\/v2\/types\/page"}],"author":[{"embeddable":true,"href":"https:\/\/wp.ufpel.edu.br\/morfologia\/wp-json\/wp\/v2\/users\/288"}],"replies":[{"embeddable":true,"href":"https:\/\/wp.ufpel.edu.br\/morfologia\/wp-json\/wp\/v2\/comments?post=25"}],"version-history":[{"count":9,"href":"https:\/\/wp.ufpel.edu.br\/morfologia\/wp-json\/wp\/v2\/pages\/25\/revisions"}],"predecessor-version":[{"id":164,"href":"https:\/\/wp.ufpel.edu.br\/morfologia\/wp-json\/wp\/v2\/pages\/25\/revisions\/164"}],"wp:attachment":[{"href":"https:\/\/wp.ufpel.edu.br\/morfologia\/wp-json\/wp\/v2\/media?parent=25"}],"curies":[{"name":"wp","href":"https:\/\/api.w.org\/{rel}","templated":true}]}}

<p><strong>Chefia de Departamento &#8211;</strong></p>
<p>Prof. Dr. Rafael Gianella Mondadori</p>
<p><strong>Subchefe de Departamento &#8211;</strong></p>
<p>Prof. Dr. Alisson Andre Robe Fonseca</p>
<p><strong>Endereço &#8211;</strong></p>
<p>Universidade Federal de Pelotas</p>
<p>Instituto de Biologia</p>
<p>Departamento de Morfologia</p>
<p>Campus da Faculdade de Medicina</p>
<p>Avenida Duque de Caxias, 250 &#8211; Fragata &#8211; Pelotas &#8211; RS &#8211; Brasil &#8211; CEP 96030-000</p>
<p>Fones: (55) 3310 1810 (secretaria) (55) 53 3310 1808 (Histologia)</p>
<p><em>dmib_ufpel@hotmail.com </em></p>
<p><a style="color: #ff4b33;line-height: 24px" href="https://wp.ufpel.edu.br/morfologia/files/2013/07/DSC01367.jpg"><img loading="lazy" decoding="async" class="aligncenter size-medium wp-image-28" src="https://wp.ufpel.edu.br/morfologia/files/2013/07/DSC01367-300x225.jpg" alt="DSC01367" width="300" height="225" srcset="https://wp.ufpel.edu.br/morfologia/files/2013/07/DSC01367-300x225.jpg 300w, https://wp.ufpel.edu.br/morfologia/files/2013/07/DSC01367-1024x768.jpg 1024w, https://wp.ufpel.edu.br/morfologia/files/2013/07/DSC01367.jpg 2048w" sizes="auto, (max-width: 300px) 100vw, 300px" /></a></p>
<p>&nbsp;</p>
<p style="text-align: center">ou</p>
<p style="text-align: left">Instituto de Biologia</p>
<p style="text-align: left">Departamento de Morfologia</p>
<p style="text-align: left">Disciplinas de Animais Domésticos, de Produção e Silvestres/Selvagens</p>
<p style="text-align: left">Campus Universitário do Capão do Leão &#8211; Travessa André Dreyfuss, Prédios 20 e 24</p>
<p style="text-align: left">Capão do Leão &#8211; RS &#8211; Brasil &#8211;  CEP 96160-000</p>
<p style="text-align: left">Fone: (55) 3275 7339<a href="https://wp.ufpel.edu.br/morfologia/files/2013/07/DSC01195.jpg"><img loading="lazy" decoding="async" class="size-medium wp-image-26 aligncenter" src="https://wp.ufpel.edu.br/morfologia/files/2013/07/DSC01195-300x225.jpg" alt="DSC01195" width="300" height="225" srcset="https://wp.ufpel.edu.br/morfologia/files/2013/07/DSC01195-300x225.jpg 300w, https://wp.ufpel.edu.br/morfologia/files/2013/07/DSC01195-1024x768.jpg 1024w, https://wp.ufpel.edu.br/morfologia/files/2013/07/DSC01195.jpg 2048w" sizes="auto, (max-width: 300px) 100vw, 300px" /></a><a href="https://wp.ufpel.edu.br/morfologia/files/2013/07/DSC011971.jpg"><img loading="lazy" decoding="async" class="aligncenter size-medium wp-image-27" src="https://wp.ufpel.edu.br/morfologia/files/2013/07/DSC011971-300x225.jpg" alt="DSC01197" width="300" height="225" srcset="https://wp.ufpel.edu.br/morfologia/files/2013/07/DSC011971-300x225.jpg 300w, https://wp.ufpel.edu.br/morfologia/files/2013/07/DSC011971-1024x768.jpg 1024w, https://wp.ufpel.edu.br/morfologia/files/2013/07/DSC011971.jpg 2048w" sizes="auto, (max-width: 300px) 100vw, 300px" /></a></p>

<p>Chefia de Departamento &#8211; Prof. Dr. Rafael Gianella Mondadori Subchefe de Departamento &#8211; Prof. Dr. Alisson Andre Robe Fonseca Endereço &#8211; Universidade Federal de Pelotas Instituto de Biologia Departamento de Morfologia Campus da Faculdade de Medicina Avenida Duque de Caxias, &hellip; <a href="https://wp.ufpel.edu.br/morfologia/contato/">Continue lendo <span class="meta-nav">&rarr;</span></a></p>
