{"id":2,"date":"2021-08-16T16:39:35","date_gmt":"2021-08-16T19:39:35","guid":{"rendered":"https:\/\/wp.ufpel.edu.br\/morartsufpel\/?page_id=2"},"modified":"2021-08-22T00:25:30","modified_gmt":"2021-08-22T03:25:30","slug":"pagina-exemplo","status":"publish","type":"page","link":"https:\/\/wp.ufpel.edu.br\/morartsufpel\/pagina-exemplo\/","title":{"rendered":"Sobre o Projeto"},"content":{"rendered":"<p>A Rede Morar_TS, vigente de 2011 a 2021, envolveu um grupo de pesquisadores de oito universidades brasileiras, o qual buscou o desenvolvimento de Tecnologias Sociais (TS) para construc\u0327a\u0303o, recuperac\u0327a\u0303o, manutenc\u0327a\u0303o e uso sustenta\u0301vel de moradias, especialmente de interesse social, bem como para a soluc\u0327a\u0303o de problemas em a\u0301reas de risco ambiental (Chamada Pu\u0301blica MCT\/MCIDADES\/FINEP\/AT &#8211; SANEAMENTO AMBIENTAL E HABITAC\u0327A\u0303O &#8211; 06\/2010).<br \/>\nO desenvolvimento de Tecnologias Sociais pressup\u00f5e o prop\u00f3sito de inclusa\u0303o social e de melhoria das condic\u0327o\u0303es de vida, a partir do envolvimento da populac\u0327a\u0303o, com autonomia coletiva, em todas as fases da produc\u0327a\u0303o do espac\u0327o social habitacional e urbano, desde o projeto ate\u0301 a po\u0301s-ocupac\u0327a\u0303o.<br \/>\nA partir de uma s\u00e9rie de publica\u00e7\u00f5es nomeadas \u201cTecnologias de Informa\u00e7\u00e3o e Comunica\u00e7\u00e3o para suporte de Tecnologias Sociais\u201d , o NAURB organiza a produ\u00e7\u00e3o de pesquisadores da Faculdade de Arquitetura e Urbanismo (FAUrb) da Universidade Federal de Pelotas (UFPel) que integraram a Rede Morar_Ts. S\u00e3o descritas e ilustradas as a\u00e7\u00f5es de ensino, pesquisa e extens\u00e3o, reunidas por temas espec\u00edficos associados a cada um dos n\u00facleos de investiga\u00e7\u00e3o envolvidos: NAURB, GEGRADI, LABCOM, LABCEE,com o prop\u00f3sito de difus\u00e3o e reflex\u00e3o sobre os resultados para incentivar a continuidade de estudos no tema.<\/p>\n<p>O site geral do projeto Morar_TS pode ser acessado pelo link <a href=\"http:\/\/www.mom.arq.ufmg.br\/mom\/27_finep\/index.php\">http:\/\/www.mom.arq.ufmg.br\/mom\/27_finep\/index.php<\/a><\/p>\n","protected":false},"excerpt":{"rendered":"<p>A Rede Morar_TS, vigente de 2011 a 2021, envolveu um grupo de pesquisadores de oito universidades brasileiras, o qual buscou o desenvolvimento de Tecnologias Sociais (TS) para construc\u0327a\u0303o, recuperac\u0327a\u0303o, manutenc\u0327a\u0303o e uso sustenta\u0301vel de moradias, especialmente de interesse social, bem como para a soluc\u0327a\u0303o de problemas em a\u0301reas de risco ambiental (Chamada Pu\u0301blica MCT\/MCIDADES\/FINEP\/AT &#8211; [&hellip;]<\/p>\n","protected":false},"author":553,"featured_media":0,"parent":0,"menu_order":2,"comment_status":"closed","ping_status":"closed","template":"page-templates\/front-page.php","meta":{"footnotes":""},"class_list":["post-2","page","type-page","status-publish","hentry"],"_links":{"self":[{"href":"https:\/\/wp.ufpel.edu.br\/morartsufpel\/wp-json\/wp\/v2\/pages\/2","targetHints":{"allow":["GET"]}}],"collection":[{"href":"https:\/\/wp.ufpel.edu.br\/morartsufpel\/wp-json\/wp\/v2\/pages"}],"about":[{"href":"https:\/\/wp.ufpel.edu.br\/morartsufpel\/wp-json\/wp\/v2\/types\/page"}],"author":[{"embeddable":true,"href":"https:\/\/wp.ufpel.edu.br\/morartsufpel\/wp-json\/wp\/v2\/users\/553"}],"replies":[{"embeddable":true,"href":"https:\/\/wp.ufpel.edu.br\/morartsufpel\/wp-json\/wp\/v2\/comments?post=2"}],"version-history":[{"count":3,"href":"https:\/\/wp.ufpel.edu.br\/morartsufpel\/wp-json\/wp\/v2\/pages\/2\/revisions"}],"predecessor-version":[{"id":60,"href":"https:\/\/wp.ufpel.edu.br\/morartsufpel\/wp-json\/wp\/v2\/pages\/2\/revisions\/60"}],"wp:attachment":[{"href":"https:\/\/wp.ufpel.edu.br\/morartsufpel\/wp-json\/wp\/v2\/media?parent=2"}],"curies":[{"name":"wp","href":"https:\/\/api.w.org\/{rel}","templated":true}]}}