{"id":2,"date":"2012-08-09T21:34:09","date_gmt":"2012-08-09T21:34:09","guid":{"rendered":"https:\/\/wp.ufpel.edu.br\/modelage\/?page_id=2"},"modified":"2012-08-14T10:58:53","modified_gmt":"2012-08-14T13:58:53","slug":"instrumentacao","status":"publish","type":"page","link":"https:\/\/wp.ufpel.edu.br\/modelage\/linhas-de-pesquisa\/instrumentacao\/","title":{"rendered":"INSTRUMENTA\u00c7\u00c3O GEOL\u00d3GICA E AMBIENTAL"},"content":{"rendered":"<p>As estruturas geol\u00f3gicas controlam e condicionam uma s\u00e9rie de objetos (dep\u00f3sitos minerais, p.ex.) e de processos superficiais (percola\u00e7\u00e3o de \u00e1gua subterr\u00e2nea, dispers\u00e3o de contaminantes no subsolo, modelagem de terreno, forma\u00e7\u00e3o dos solos, estabilidade de encostas, etc&#8230;). As estruturas geol\u00f3gicas podem ser formadas por diferentes processos: magm\u00e1ticos, metam\u00f3rfico-deformacionais, sedimentares, ou vulcanossedimentares. Em qualquer situa\u00e7\u00e3o, essas estruturas est\u00e3o relacionadas de maneiras particulares de acordo com os processos geol\u00f3gicos (end\u00f3genos e ex\u00f3genos) que ocorrem em ambientes definidos e com o ciclo geol\u00f3gico dos materiais. A instrumenta\u00e7\u00e3o geol\u00f3gica, como linha de pesquisa, busca direcionar a an\u00e1lise e a aplica\u00e7\u00e3o de t\u00e9cnicas e de m\u00e9todos geol\u00f3gicos e geoqu\u00edmicos diretos (levantamentos geol\u00f3gico, geot\u00e9cnico, &#8230;, sondagens, amostragem de material, &#8230;) e de m\u00e9todos de investiga\u00e7\u00e3o indireta (levantamentos geof\u00edsicos). O tratamento, a an\u00e1lise e a modelagem desses dados s\u00e3o realizados via geoprocessamento, atualmente uma ferramenta b\u00e1sica de comunica\u00e7\u00e3o entre profissionais de diversas \u00e1reas de atua\u00e7\u00e3o. A partir desses elementos e t\u00e9cnicas, \u00e9 poss\u00edvel realizar a modelagem geol\u00f3gica para fins de pesquisa (explora\u00e7\u00e3o) mineral, de investiga\u00e7\u00e3o de \u00e1reas ambientalmente impactadas, de investiga\u00e7\u00e3o de s\u00edtios geot\u00e9cnicos, dentre outras.<\/p>\n","protected":false},"excerpt":{"rendered":"<p>As estruturas geol\u00f3gicas controlam e condicionam uma s\u00e9rie de objetos (dep\u00f3sitos minerais, p.ex.) e de processos superficiais (percola\u00e7\u00e3o de \u00e1gua subterr\u00e2nea, dispers\u00e3o de contaminantes no subsolo, modelagem de terreno, forma\u00e7\u00e3o dos solos, estabilidade de encostas, etc&#8230;). As estruturas geol\u00f3gicas podem ser formadas por diferentes processos: magm\u00e1ticos, metam\u00f3rfico-deformacionais, sedimentares, ou vulcanossedimentares. Em qualquer situa\u00e7\u00e3o, essas estruturas [&hellip;]<\/p>\n","protected":false},"author":201,"featured_media":0,"parent":36,"menu_order":1,"comment_status":"closed","ping_status":"open","template":"","meta":{"footnotes":""},"class_list":["post-2","page","type-page","status-publish","hentry"],"_links":{"self":[{"href":"https:\/\/wp.ufpel.edu.br\/modelage\/wp-json\/wp\/v2\/pages\/2","targetHints":{"allow":["GET"]}}],"collection":[{"href":"https:\/\/wp.ufpel.edu.br\/modelage\/wp-json\/wp\/v2\/pages"}],"about":[{"href":"https:\/\/wp.ufpel.edu.br\/modelage\/wp-json\/wp\/v2\/types\/page"}],"author":[{"embeddable":true,"href":"https:\/\/wp.ufpel.edu.br\/modelage\/wp-json\/wp\/v2\/users\/201"}],"replies":[{"embeddable":true,"href":"https:\/\/wp.ufpel.edu.br\/modelage\/wp-json\/wp\/v2\/comments?post=2"}],"version-history":[{"count":5,"href":"https:\/\/wp.ufpel.edu.br\/modelage\/wp-json\/wp\/v2\/pages\/2\/revisions"}],"predecessor-version":[{"id":42,"href":"https:\/\/wp.ufpel.edu.br\/modelage\/wp-json\/wp\/v2\/pages\/2\/revisions\/42"}],"up":[{"embeddable":true,"href":"https:\/\/wp.ufpel.edu.br\/modelage\/wp-json\/wp\/v2\/pages\/36"}],"wp:attachment":[{"href":"https:\/\/wp.ufpel.edu.br\/modelage\/wp-json\/wp\/v2\/media?parent=2"}],"curies":[{"name":"wp","href":"https:\/\/api.w.org\/{rel}","templated":true}]}}