{"id":64,"date":"2018-11-05T14:27:49","date_gmt":"2018-11-05T16:27:49","guid":{"rendered":"https:\/\/wp.ufpel.edu.br\/mllsilva\/?page_id=64"},"modified":"2018-11-06T08:45:12","modified_gmt":"2018-11-06T10:45:12","slug":"fisica-basica-iii","status":"publish","type":"page","link":"https:\/\/wp.ufpel.edu.br\/mllsilva\/aulas\/fisica-basica-iii\/","title":{"rendered":"F\u00edsica B\u00e1sica III"},"content":{"rendered":"<p>Plano de ensino:<br \/>\n<a href=\"https:\/\/wp.ufpel.edu.br\/mllsilva\/files\/2018\/11\/Plano-de-Ensino-FBIII-2018-2_T4.pdf\">Plano de Ensino T4<\/a><\/p>\n<p>Slides:<br \/>\n<a href=\"https:\/\/wp.ufpel.edu.br\/mllsilva\/files\/2018\/11\/Aula_1_Forca_Eletrica.pdf\">Aula 1: Forca el\u00e9trica<\/a><br \/>\n<a href=\"https:\/\/wp.ufpel.edu.br\/mllsilva\/files\/2018\/11\/Aula_2_Campo_Eletrico.pdf\">Aula 2: Campo el\u00e9trico<\/a><br \/>\n<a href=\"https:\/\/wp.ufpel.edu.br\/mllsilva\/files\/2018\/11\/Aula_3_Fluxo_eletrico.pdf\">Aula 3: Fluxo el\u00e9trico<\/a><br \/>\n<a href=\"https:\/\/wp.ufpel.edu.br\/mllsilva\/files\/2018\/11\/Aula_4_Lei_de_Gauss.pdf\">Aula 4: Lei de Gauss<\/a><br \/>\n<a href=\"https:\/\/wp.ufpel.edu.br\/mllsilva\/files\/2018\/11\/Aula_5_Energia_potencial_eletrica.pdf\">Aula 5: Energia potencial el\u00e9trica<\/a><br \/>\n<a href=\"https:\/\/wp.ufpel.edu.br\/mllsilva\/files\/2018\/11\/Aula_6_Potencial_eletrico.pdf\">Aula 6: Potencial el\u00e9trico<\/a><br \/>\n<a href=\"https:\/\/wp.ufpel.edu.br\/mllsilva\/files\/2018\/11\/Aula_7_Capacitores.pdf\">Aula 7: Capacitores<\/a><br \/>\n<a href=\"https:\/\/wp.ufpel.edu.br\/mllsilva\/files\/2018\/11\/Aula_8_Dieletricos.pdf\">Aula 8: Diel\u00e9tricos<\/a><br \/>\n<a href=\"https:\/\/wp.ufpel.edu.br\/mllsilva\/files\/2018\/11\/Aula_9_Corrente_e_resistencia.pdf\">Aula 9: Corrente e resist\u00eancia<\/a><br \/>\n<a href=\"https:\/\/wp.ufpel.edu.br\/mllsilva\/files\/2018\/11\/Aula_10_Forca_eletromotriz.pdf\">Aula 10: Forca eletromotriz<\/a><br \/>\n<a href=\"https:\/\/wp.ufpel.edu.br\/mllsilva\/files\/2018\/11\/Aula_11_Circuito_corrente_continua.pdf\">Aula 11: Circuito de corrente cont\u00ednua<\/a><br \/>\n<a href=\"https:\/\/wp.ufpel.edu.br\/mllsilva\/files\/2018\/11\/Aula_12_Circuito_RC.pdf\">Aula 12: Circuito RC<\/a><\/p>\n<p>Listas de exerc\u00edcios:<br \/>\n<a href=\"https:\/\/wp.ufpel.edu.br\/mllsilva\/files\/2018\/11\/lista1.pdf\">lista 1<\/a><br \/>\n<a href=\"https:\/\/wp.ufpel.edu.br\/mllsilva\/files\/2018\/11\/lista2.pdf\">lista 2<\/a><br \/>\n<a href=\"https:\/\/wp.ufpel.edu.br\/mllsilva\/files\/2018\/11\/lista3.pdf\">lista 3<\/a><br \/>\n<a href=\"https:\/\/wp.ufpel.edu.br\/mllsilva\/files\/2018\/11\/lista4.pdf\">lista 4<\/a><br \/>\n<a href=\"https:\/\/wp.ufpel.edu.br\/mllsilva\/files\/2018\/11\/lista5.pdf\">lista 5<\/a><br \/>\n<a href=\"https:\/\/wp.ufpel.edu.br\/mllsilva\/files\/2018\/11\/lista6.pdf\">lista 6<\/a><\/p>\n","protected":false},"excerpt":{"rendered":"<p>Plano de ensino: Plano de Ensino T4 Slides: Aula 1: Forca el\u00e9trica Aula 2: Campo el\u00e9trico Aula 3: Fluxo el\u00e9trico Aula 4: Lei de Gauss Aula 5: Energia potencial el\u00e9trica Aula 6: Potencial el\u00e9trico Aula 7: Capacitores Aula 8: Diel\u00e9tricos Aula 9: Corrente e resist\u00eancia Aula 10: Forca eletromotriz Aula 11: Circuito de corrente cont\u00ednua [&hellip;]<\/p>\n","protected":false},"author":501,"featured_media":0,"parent":15,"menu_order":0,"comment_status":"closed","ping_status":"closed","template":"","meta":{"footnotes":""},"class_list":["post-64","page","type-page","status-publish","hentry"],"_links":{"self":[{"href":"https:\/\/wp.ufpel.edu.br\/mllsilva\/wp-json\/wp\/v2\/pages\/64","targetHints":{"allow":["GET"]}}],"collection":[{"href":"https:\/\/wp.ufpel.edu.br\/mllsilva\/wp-json\/wp\/v2\/pages"}],"about":[{"href":"https:\/\/wp.ufpel.edu.br\/mllsilva\/wp-json\/wp\/v2\/types\/page"}],"author":[{"embeddable":true,"href":"https:\/\/wp.ufpel.edu.br\/mllsilva\/wp-json\/wp\/v2\/users\/501"}],"replies":[{"embeddable":true,"href":"https:\/\/wp.ufpel.edu.br\/mllsilva\/wp-json\/wp\/v2\/comments?post=64"}],"version-history":[{"count":4,"href":"https:\/\/wp.ufpel.edu.br\/mllsilva\/wp-json\/wp\/v2\/pages\/64\/revisions"}],"predecessor-version":[{"id":91,"href":"https:\/\/wp.ufpel.edu.br\/mllsilva\/wp-json\/wp\/v2\/pages\/64\/revisions\/91"}],"up":[{"embeddable":true,"href":"https:\/\/wp.ufpel.edu.br\/mllsilva\/wp-json\/wp\/v2\/pages\/15"}],"wp:attachment":[{"href":"https:\/\/wp.ufpel.edu.br\/mllsilva\/wp-json\/wp\/v2\/media?parent=64"}],"curies":[{"name":"wp","href":"https:\/\/api.w.org\/{rel}","templated":true}]}}