{"id":28,"date":"2018-11-05T13:29:07","date_gmt":"2018-11-05T15:29:07","guid":{"rendered":"https:\/\/wp.ufpel.edu.br\/mllsilva\/?page_id=28"},"modified":"2019-11-26T08:22:54","modified_gmt":"2019-11-26T11:22:54","slug":"fisica-basica-i","status":"publish","type":"page","link":"https:\/\/wp.ufpel.edu.br\/mllsilva\/aulas\/fisica-basica-i\/","title":{"rendered":"F\u00edsica B\u00e1sica I"},"content":{"rendered":"<p>Plano de ensino:<br \/>\n<a href=\"https:\/\/wp.ufpel.edu.br\/mllsilva\/files\/2019\/08\/plano_ensino_2019_2_11090032_T4.pdf\">Plano de Ensino T4<\/a><\/p>\n<p>Slides:<br \/>\n<a href=\"https:\/\/wp.ufpel.edu.br\/mllsilva\/files\/2018\/11\/Aula_1_Unidades_e_Medidas.pdf\">Aula 1: Unidades e Medidas<\/a><br \/>\n<a href=\"https:\/\/wp.ufpel.edu.br\/mllsilva\/files\/2018\/11\/Aula_2_Movimento_em_uma_dimensao.pdf\">Aula 2: Movimento em uma dimens\u00e3o<\/a><br \/>\n<a href=\"https:\/\/wp.ufpel.edu.br\/mllsilva\/files\/2018\/11\/Aula_3_Vetores.pdf\">Aula 3: Vetores<\/a><br \/>\n<a href=\"https:\/\/wp.ufpel.edu.br\/mllsilva\/files\/2018\/11\/Aula_4_Multiplicando_vetores.pdf\">Aula 4: Multiplicando vetores<\/a><br \/>\n<a href=\"https:\/\/wp.ufpel.edu.br\/mllsilva\/files\/2018\/11\/Aula_5_Movimento-em-duas-e-tres-dimensoes.pdf\">Aula 5: Movimento em duas e tr\u00eas dimens\u00f5es<\/a><br \/>\n<a href=\"https:\/\/wp.ufpel.edu.br\/mllsilva\/files\/2018\/11\/Aula_7_Leis_de_Newton.pdf\">Aula 7: Leis de Newton<\/a><br \/>\n<a href=\"https:\/\/wp.ufpel.edu.br\/mllsilva\/files\/2018\/11\/Aula_8_Aplicacao_Leis_de_Newton.pdf\">Aula 8: Aplica\u00e7\u00e3o das Leis de Newton<\/a><br \/>\n<a href=\"https:\/\/wp.ufpel.edu.br\/mllsilva\/files\/2018\/11\/Aula_9_Trabalho.pdf\">Aula 9: Trabalho<\/a><br \/>\n<a href=\"https:\/\/wp.ufpel.edu.br\/mllsilva\/files\/2019\/11\/Aula_10_Conservacao_energia.pdf\">Aula 10: Conserva\u00e7\u00e3o da Energia<\/a><br \/>\n<a href=\"https:\/\/wp.ufpel.edu.br\/mllsilva\/files\/2019\/11\/Aula_11.pdf\">Aula 11: Colis\u00f5es<\/a><br \/>\n<a href=\"https:\/\/wp.ufpel.edu.br\/mllsilva\/files\/2019\/11\/Cap\u00edtulo-10.pdf\">Aula 12: Rota\u00e7\u00f5es<\/a><\/p>\n","protected":false},"excerpt":{"rendered":"<p>Plano de ensino: Plano de Ensino T4 Slides: Aula 1: Unidades e Medidas Aula 2: Movimento em uma dimens\u00e3o Aula 3: Vetores Aula 4: Multiplicando vetores Aula 5: Movimento em duas e tr\u00eas dimens\u00f5es Aula 7: Leis de Newton Aula 8: Aplica\u00e7\u00e3o das Leis de Newton Aula 9: Trabalho Aula 10: Conserva\u00e7\u00e3o da Energia Aula [&hellip;]<\/p>\n","protected":false},"author":501,"featured_media":0,"parent":15,"menu_order":2,"comment_status":"closed","ping_status":"closed","template":"","meta":{"footnotes":""},"class_list":["post-28","page","type-page","status-publish","hentry"],"_links":{"self":[{"href":"https:\/\/wp.ufpel.edu.br\/mllsilva\/wp-json\/wp\/v2\/pages\/28","targetHints":{"allow":["GET"]}}],"collection":[{"href":"https:\/\/wp.ufpel.edu.br\/mllsilva\/wp-json\/wp\/v2\/pages"}],"about":[{"href":"https:\/\/wp.ufpel.edu.br\/mllsilva\/wp-json\/wp\/v2\/types\/page"}],"author":[{"embeddable":true,"href":"https:\/\/wp.ufpel.edu.br\/mllsilva\/wp-json\/wp\/v2\/users\/501"}],"replies":[{"embeddable":true,"href":"https:\/\/wp.ufpel.edu.br\/mllsilva\/wp-json\/wp\/v2\/comments?post=28"}],"version-history":[{"count":12,"href":"https:\/\/wp.ufpel.edu.br\/mllsilva\/wp-json\/wp\/v2\/pages\/28\/revisions"}],"predecessor-version":[{"id":145,"href":"https:\/\/wp.ufpel.edu.br\/mllsilva\/wp-json\/wp\/v2\/pages\/28\/revisions\/145"}],"up":[{"embeddable":true,"href":"https:\/\/wp.ufpel.edu.br\/mllsilva\/wp-json\/wp\/v2\/pages\/15"}],"wp:attachment":[{"href":"https:\/\/wp.ufpel.edu.br\/mllsilva\/wp-json\/wp\/v2\/media?parent=28"}],"curies":[{"name":"wp","href":"https:\/\/api.w.org\/{rel}","templated":true}]}}