{"id":15,"date":"2015-03-24T15:46:11","date_gmt":"2015-03-24T18:46:11","guid":{"rendered":"https:\/\/wp.ufpel.edu.br\/mllsilva\/?page_id=15"},"modified":"2019-03-19T12:39:46","modified_gmt":"2019-03-19T15:39:46","slug":"aulas","status":"publish","type":"page","link":"https:\/\/wp.ufpel.edu.br\/mllsilva\/aulas\/","title":{"rendered":"Aulas"},"content":{"rendered":"<p><a href=\"https:\/\/wp.ufpel.edu.br\/mllsilva\/aulas\/fisica-basica-i\/\">F\u00edsica B\u00e1sica I<\/a><br \/>\n<a href=\"https:\/\/wp.ufpel.edu.br\/mllsilva\/aulas\/fisica-basica-ii\/\">F\u00edsica B\u00e1sica II<\/a><br \/>\n<a href=\"https:\/\/wp.ufpel.edu.br\/mllsilva\/aulas\/fisica-basica-iii\/\">F\u00edsica B\u00e1sica III<\/a><br \/>\n<a href=\"https:\/\/wp.ufpel.edu.br\/mllsilva\/aulas\/mecanica-geral-i\/\">Mec\u00e2nica Geral I<\/a><\/p>\n","protected":false},"excerpt":{"rendered":"<p>F\u00edsica B\u00e1sica I F\u00edsica B\u00e1sica II F\u00edsica B\u00e1sica III Mec\u00e2nica Geral I<\/p>\n","protected":false},"author":501,"featured_media":0,"parent":0,"menu_order":0,"comment_status":"closed","ping_status":"closed","template":"","meta":{"footnotes":""},"class_list":["post-15","page","type-page","status-publish","hentry"],"_links":{"self":[{"href":"https:\/\/wp.ufpel.edu.br\/mllsilva\/wp-json\/wp\/v2\/pages\/15","targetHints":{"allow":["GET"]}}],"collection":[{"href":"https:\/\/wp.ufpel.edu.br\/mllsilva\/wp-json\/wp\/v2\/pages"}],"about":[{"href":"https:\/\/wp.ufpel.edu.br\/mllsilva\/wp-json\/wp\/v2\/types\/page"}],"author":[{"embeddable":true,"href":"https:\/\/wp.ufpel.edu.br\/mllsilva\/wp-json\/wp\/v2\/users\/501"}],"replies":[{"embeddable":true,"href":"https:\/\/wp.ufpel.edu.br\/mllsilva\/wp-json\/wp\/v2\/comments?post=15"}],"version-history":[{"count":5,"href":"https:\/\/wp.ufpel.edu.br\/mllsilva\/wp-json\/wp\/v2\/pages\/15\/revisions"}],"predecessor-version":[{"id":124,"href":"https:\/\/wp.ufpel.edu.br\/mllsilva\/wp-json\/wp\/v2\/pages\/15\/revisions\/124"}],"wp:attachment":[{"href":"https:\/\/wp.ufpel.edu.br\/mllsilva\/wp-json\/wp\/v2\/media?parent=15"}],"curies":[{"name":"wp","href":"https:\/\/api.w.org\/{rel}","templated":true}]}}