{"id":479,"date":"2014-10-03T14:31:59","date_gmt":"2014-10-03T17:31:59","guid":{"rendered":"https:\/\/wp.ufpel.edu.br\/midias\/?page_id=479"},"modified":"2014-10-03T14:31:59","modified_gmt":"2014-10-03T17:31:59","slug":"alunos-do-curso","status":"publish","type":"page","link":"https:\/\/wp.ufpel.edu.br\/midias\/alunos-do-curso\/","title":{"rendered":"Alunos do Curso"},"content":{"rendered":"<p>Lista de Alunos do Curso &#8211; 2\u00aa Edi\u00e7\u00e3o (in\u00edcio setembro de 2014)<\/p>\n<p>ALEXANDRA GON\u00c7ALVES ANTUNES<br \/>\nALEXANDRE MEIRELES BRAGA FILHO<br \/>\nALINE BERNARDI CAPRIOLLI<br \/>\nALINE ISABEL DE ROSSO<br \/>\nALINE RODRIGUES DA SILVA<br \/>\nANA CAROLINA SCHERER SCHIRMANN BARRETO<br \/>\nANA MARIA KATHAMOKYA MONTEIRO<br \/>\nANA RAQUEL SOLL ALVES MACHADO<br \/>\nANDERSON LAMEIR\u00c3O ANTHONISEN<br \/>\nANDREA RODRIGUES DA SILVA<br \/>\nANTONIO PAULO MACHADO CAMPOS<br \/>\nARIEL DAS NEVES MEDEIROS<br \/>\nARTHUR GARIBALDI JARDIM<br \/>\nBIANCA SILVEIRA<br \/>\nBRUNA CARVALHO AMARAL<br \/>\nCAMILA SEHNEM DALCIN<br \/>\nCARLA DENIZE OTT FELCHER<br \/>\nC\u00c1SSIA BEATRIZ PORTELA DE OLIVEIRA<br \/>\nCATIA CILENE FERREIRA LA ROCCA<br \/>\nCHARLENE FERNANDES OLIVEIRA<br \/>\nCIBELE RAQUEL OLIVEIRA DA SILVA<br \/>\nC\u00cdNTIA MERIELE BERLITZ<br \/>\nCLEIA DALCUL DA SILVA OLIVEIRA<br \/>\nCRISTIANE DENISE VEIGA<br \/>\nDAISON KIPPER DA PAZ<br \/>\nDANIEL BORGES VIEIRA<br \/>\nDANIELE GOETZ<br \/>\nDANIEL GIORDANI VASQUES<br \/>\nDEISE DANIELA BECKER<br \/>\nDEIZI LOIRACI SILVA LEMOS<br \/>\nDENIS CARLOS LUCKNER<br \/>\nDENISE BIER SAUERESSIG<br \/>\nDENISE WILDNER THEVES<br \/>\nELIANA DA SILVA ALVES<br \/>\nELISABETE DA SILVA FREITAS<br \/>\nELIZANDRA SIRLEI DEL ZOTTO RITTER<br \/>\nFABIANE ALINE BARBOSA<br \/>\nFABIANE FERNANDEZ NOBRE<br \/>\nFABIANE MADRUGA<br \/>\nFABIANO MENDES<br \/>\nFL\u00c1VIA URRUTH DE MELO<br \/>\nGERSON LUIS BARROS GOULART<br \/>\nGILCIONE DALCIN ARGENTA<br \/>\nGLEICEMAR ALVARES NUNES<br \/>\nHENRIQUE TABELE\u00c3O PILOTTO<br \/>\nHILDA IN\u00caS MAZZINI DA SILVEIRA BAIRROS<br \/>\nINAIARA MORAIS DOS SANTOS<br \/>\nIRMA CARINA BRUM MACOLMES<br \/>\nIVANISE BRAESCHER<br \/>\nJANAINA VIEIRA SANTANA<br \/>\nJANICE MONEGO BRUM<br \/>\nJANINE HECKLER DA CUNHA<br \/>\nJ\u00c2NIO MENDES AYRES<br \/>\nJAQUELINE BASSO STIVANIN<br \/>\nJAQUELINE GUTH<br \/>\nJ\u00c9SSICA MA\u00cdS ANTUNES<br \/>\nJOHN FERREIRA ARAUJO<br \/>\nJOSE DA SILVA NUNES<br \/>\nJOZI PATRICIA SCHUCK<br \/>\nJU\u00c7ARA BERENICE DOS SANTOS MUNH\u00d3S GON\u00c7ALVES<br \/>\nJUCELIA MEDIANEIRA LORETO DA SILVA<br \/>\nJULIANA DA SILVEIRA MACHADO<br \/>\nJULIANA HINTERLANG DOS SANTOS COSTA<br \/>\nJULIANA LOPES FROEHLICH<br \/>\nJUSSARA MEIRELLES DE OLIVEIRA<br \/>\nKAMILA RECHENMACHER<br \/>\nL\u00c1USEA VER\u00d4NICA DA SILVA H\u00d6RBE<br \/>\nLET\u00cdCIA CORREA MACHADO<br \/>\nLIANA BARCELOS PORTO<br \/>\nLIANE PAULA STEINHORST DORNELES<br \/>\nLIDIA HELENA MULLER ZART<br \/>\nLIDIANE GARCIA PEREIRA<br \/>\nLIDIANE MARIA FAGUNDES DA SILVA<br \/>\nLIZETE TERESINHA DA SILVA<br \/>\nLUANA CORREA DE LIMA<br \/>\nLUCIANE BERNARDI<br \/>\nLUCILENE RODRIGUES GOMES<br \/>\nLUISA MORRUDO BABOT<br \/>\nLUIS HENRIQUE DA SILVA COMIOTTO<br \/>\nMAGALI RUBIANE BAUER<br \/>\nMARA RENATE SCHUH<br \/>\nMARCELA CAETA DUARTE ROCHA<br \/>\nM\u00c1RCIA FLORES SIQUEIRA<br \/>\nMARCIA FURTADO DE CASTRO<br \/>\nMARCOS ROG\u00c9RIO DOS SANTOS BARBOSA<br \/>\nMARCOS WILSON DE LIMA GOMES<br \/>\nMARGIELE DA SILVA DE SOUZA<br \/>\nMARIA AM\u00c9LIA ALVES DE SOUZA<br \/>\nMARIA ANG\u00c9LICA PACHECO<br \/>\nMARIA IN\u00caS BARRETO DE MACEDO CORADINI<br \/>\nMARIA VERA KNORST SCHLEE<br \/>\nMAR\u00cdLIA DUPONT LAZZARI<br \/>\nMARILISE DA COSTA LONGHI<br \/>\nMARINA NOBRE CORR\u00caA<br \/>\nMARLI PEREIRA MARQUES<br \/>\nMARTA BEATRIZ PINTO DA SILVA<br \/>\nMARTHA R\u00daBIA TRAUTMANN<br \/>\nMARTINA M\u00c1RCIA PRESSER KRUG<br \/>\nMARY ANNE CARVALHO CARDOSO<br \/>\nMELISSA MOSCHEN FALCONI<br \/>\nNICOLE LET\u00cdCIA DIETRICH<br \/>\nNIMARA BITENCOURT XAVIER<br \/>\nPABLO ROBERTO VILLANOVA<br \/>\nPATRICIA MELLO BIASUZ MARCA<br \/>\nPATRICIA PESSI<br \/>\nPOLIANA LOPES<br \/>\nRAQUEL PEREIRA MARTIN<br \/>\nROBINSON DANIEL QUEVEDO BORBA<br \/>\nRODRIGO MORAES CUNHA<br \/>\nROSA HELENA FAGUNDES PILAR<br \/>\nSABRINA CONSUELO FERREIRA<br \/>\nSERGIO TAVARES BAIRROS<br \/>\nSILIANE BRITES MARQUES BEZERRA<br \/>\nSIMONE DOS SANTOS CARVALHO<br \/>\nSOLANGE APARECIDA CECATO<br \/>\nSOLANGE BEATRIZ PRASS GEHM<br \/>\nS\u00d4NIA LISIANE WUST SPINDLER<br \/>\nSUELEN MANZKE LEITZKE<br \/>\nTAIANE CANFILD VEIGA<br \/>\nTATIANA CARDOSO WUST<br \/>\nTATIANA CATIA GRELLMANN PRESSER<br \/>\nTIAGO DA SILVA LACERDA<br \/>\nTINA GABRIELE ENZWEILER<br \/>\nVERA RENI CAMPELO BRUM<br \/>\nVER\u00d4NICA TEIXEIRA ELIAS<br \/>\nVIRGINE BORGES DE CASTILHO<br \/>\nVIVIANE LOPES DE OLIVEIRA PASSOS<\/p>\n<p>&nbsp;<\/p>\n<p>&nbsp;<\/p>\n","protected":false},"excerpt":{"rendered":"<p>Lista de Alunos do Curso &#8211; 2\u00aa Edi\u00e7\u00e3o (in\u00edcio setembro de 2014) ALEXANDRA GON\u00c7ALVES ANTUNES ALEXANDRE MEIRELES BRAGA FILHO ALINE BERNARDI CAPRIOLLI ALINE ISABEL DE ROSSO ALINE RODRIGUES DA SILVA ANA CAROLINA SCHERER SCHIRMANN BARRETO ANA MARIA KATHAMOKYA MONTEIRO ANA RAQUEL SOLL ALVES MACHADO ANDERSON LAMEIR\u00c3O ANTHONISEN ANDREA RODRIGUES DA SILVA ANTONIO PAULO MACHADO CAMPOS [&hellip;]<\/p>\n","protected":false},"author":68,"featured_media":0,"parent":0,"menu_order":0,"comment_status":"closed","ping_status":"open","template":"","meta":{"footnotes":""},"class_list":["post-479","page","type-page","status-publish","hentry"],"_links":{"self":[{"href":"https:\/\/wp.ufpel.edu.br\/midias\/wp-json\/wp\/v2\/pages\/479","targetHints":{"allow":["GET"]}}],"collection":[{"href":"https:\/\/wp.ufpel.edu.br\/midias\/wp-json\/wp\/v2\/pages"}],"about":[{"href":"https:\/\/wp.ufpel.edu.br\/midias\/wp-json\/wp\/v2\/types\/page"}],"author":[{"embeddable":true,"href":"https:\/\/wp.ufpel.edu.br\/midias\/wp-json\/wp\/v2\/users\/68"}],"replies":[{"embeddable":true,"href":"https:\/\/wp.ufpel.edu.br\/midias\/wp-json\/wp\/v2\/comments?post=479"}],"version-history":[{"count":1,"href":"https:\/\/wp.ufpel.edu.br\/midias\/wp-json\/wp\/v2\/pages\/479\/revisions"}],"predecessor-version":[{"id":480,"href":"https:\/\/wp.ufpel.edu.br\/midias\/wp-json\/wp\/v2\/pages\/479\/revisions\/480"}],"wp:attachment":[{"href":"https:\/\/wp.ufpel.edu.br\/midias\/wp-json\/wp\/v2\/media?parent=479"}],"curies":[{"name":"wp","href":"https:\/\/api.w.org\/{rel}","templated":true}]}}