{"id":171,"date":"2019-06-14T10:19:04","date_gmt":"2019-06-14T13:19:04","guid":{"rendered":"https:\/\/wp.ufpel.edu.br\/midiars\/?page_id=171"},"modified":"2021-07-05T14:32:39","modified_gmt":"2021-07-05T17:32:39","slug":"publicacoes-2","status":"publish","type":"page","link":"https:\/\/wp.ufpel.edu.br\/midiars\/publicacoes-2\/","title":{"rendered":"Publica\u00e7\u00f5es"},"content":{"rendered":"<p>Nesta p\u00e1gina voc\u00ea encontra as publica\u00e7\u00f5es do grupo com links para visualiz\u00e1-las.<\/p>\n<h3><strong>Artigos em revistas<\/strong><\/h3>\n<ol>\n<li>\u00a0SOARES, Felipe B.; VIEGAS, Paula; BONOTO, Carolina; RECUERO, Raquel. Covid-19, desinforma\u00e7\u00e3o e Facebook: circula\u00e7\u00e3o de URLs sobre a hidroxicloroquina em p\u00e1ginas e grupos p\u00fablicos, pr\u00e9-print (SciELO), 2020: <a href=\"https:\/\/doi.org\/10.1590\/SciELOPreprints.1476\">https:\/\/doi.org\/10.1590\/SciELOPreprints.1476<\/a><\/li>\n<li>SOARES, Felipe B.; RECUERO, Raquel; VOLCAN, Taiane, FAGUNDES, Giane &amp; SODRE, Giele. Desinforma\u00e7\u00e3o sobre o Covid-19 no WhatsApp: a pandemia enquadrada como debate pol\u00edtico, Ci\u00eancia da Informa\u00e7\u00e3o em Revista, v. 8, n. 1, 2021: <a href=\"https:\/\/doi.org\/10.28998\/cirev.2021v8n1e\">https:\/\/doi.org\/10.28998\/cirev.2021v8n1e\u00a0<\/a><\/li>\n<li>RECUERO, Raquel ; SOARES, Felipe B.; ZAGO, Gabriela. Polariza\u00e7\u00e3o, Hiperpartidarismo e C\u00e2maras de Eco: Como circula a Desinforma\u00e7\u00e3o sobre Covid-19 no Twitter, Contracampo, v. 40, n. 1, 2021: <a href=\"https:\/\/doi.org\/10.22409\/contracampo.v40i1.45611\">https:\/\/doi.org\/10.22409\/contracampo.v40i1.45611\u00a0<\/a><\/li>\n<li>SOARES, Felipe B.; RECUERO, Raquel.\u00a0 Hashtag Wars: Political Disinformation and Discursive Struggles on Twitter Conversations During the 2018 Brazilian Presidential Campaign, Social Media + Society, v. 7, n. 2, 2021: <a href=\"https:\/\/doi.org\/10.1177\/20563051211009073\">https:\/\/doi.org\/10.1177\/20563051211009073\u00a0<\/a><\/li>\n<li>SOARES, Felipe B.; RECUERO, Raquel. How the Mainstream Media Help to Spread Disinformation about Covid-19, M\/C Journal, v. 24, n. 1, 2021: <a href=\"https:\/\/doi.org\/10.5204\/mcj.2735\">https:\/\/doi.org\/10.5204\/mcj.2735<\/a><\/li>\n<li>SOARES, Felipe B.; RECUERO, Raquel; VOLCAN, Taiane; FAGUNDES, Giane; SODR\u00c9, Giele, Research note: Bolsonaro\u2019s firehose: How Covid-19 disinformation on WhatsApp was used to fight a government political crisis in Brazil,\u00a0 Harvard Kennedy School (HKS) Misinformation Review: <a href=\"https:\/\/doi.org\/10.37016\/mr-2020-54\">https:\/\/doi.org\/10.37016\/mr-2020-54\u00a0<\/a><\/li>\n<li>RECUERO, Raquel; SOARES, Felipe; VINHAS, Ot\u00e1vio. Discursive strategies for disinformation on WhatsApp and Twitter during the 2018 Brazilian presidential election,\u00a0 First Monday, v. 26, n. 1, 2021: <a href=\"https:\/\/doi.org\/10.5210\/fm.v26i1.10551\">https:\/\/doi.org\/10.5210\/fm.v26i1.10551\u00a0<\/a><\/li>\n<li>RECUERO, Raquel; SOARES, Felipe B. O Discurso Desinformativo sobre a Cura do COVID-19 no Twitter: Estudo de caso,\u00a0 E-Comp\u00f3s, Ahead of Print, 2020: <a href=\"https:\/\/doi.org\/10.30962\/ec.2127\">https:\/\/doi.org\/10.30962\/ec.2127\u00a0<\/a><\/li>\n<li>RECUERO, Raquel; SOARES, Felipe B. A Desinforma\u00e7\u00e3o sobre Meio Ambiente no Facebook: O caso das Queimadas no Pantanal Brasileiro, Journal of Digital Media &amp; Interaction, v. 3, n. 8, p. 64-80, 2020: <a href=\"https:\/\/doi.org\/10.34624\/jdmi.v3i8.21243\">https:\/\/doi.org\/10.34624\/jdmi.v3i8.21243\u00a0<\/a><\/li>\n<li>SOARES, Felipe. B. Que democracia? O discurso sobre democracia na v\u00e9spera da elei\u00e7\u00e3o presidencial brasileira de 2018, Comunicologia, v. 13, n. 1, p. 161-182, 2020: https:\/\/portalrevistas.ucb.br\/index.php\/RCEUCB\/article\/view\/11218<\/li>\n<li>SOARES, Felipe B. As estrat\u00e9gias de argumenta\u00e7\u00e3o e as formas de desinforma\u00e7\u00e3o nas mensagens de Jair Bolsonaro, no Twitter, durante o segundo turno das elei\u00e7\u00f5es presidenciais de 2018, Media\u00e7\u00e3o, v. 22, n. 30, p. 8-22, 2020: <a href=\"http:\/\/www.fumec.br\/revistas\/mediacao\/article\/view\/7424\">http:\/\/www.fumec.br\/revistas\/mediacao\/article\/view\/7424\u00a0<\/a><\/li>\n<li>RECUERO, Raquel; ZAGO, Gabriela ; SOARES, Felipe B. Using Social Network Analysis and Social Capital to Identify User Roles on Polarized Political Conversations on Twitter. SOCIAL MEDIA + SOCIETY, v. 5, n. 2, p. 1-18, 2019.<\/li>\n<li>Link: <a id=\"LPlnk517000\" href=\"https:\/\/journals.sagepub.com\/doi\/10.1177\/2056305119848745\"> https:\/\/journals.sagepub.com\/doi\/10.1177\/2056305119848745<\/a><\/li>\n<li>\n<div>SOARES, Felipe B.; VIEGAS, Paula; SUDBRACK, Shana; RECUERO, Raquel; H\u00dcTNNER, Luiz Ricardo. Desinforma\u00e7\u00e3o e esfera p\u00fablica no Twitter: disputas discursivas sobre o assassinato de Marielle Franco. Fronteiras: estudos midi\u00e1ticos, v. 21, n. 3, p. 2-14, 2019.<\/div>\n<div>Link:\u00a0<a href=\"http:\/\/revistas.unisinos.br\/index.php\/fronteiras\/article\/view\/fem.2019.213.01\">http:\/\/revistas.unisinos.br\/index.php\/fronteiras\/article\/view\/fem.2019.213.01<\/a><\/div>\n<\/li>\n<li>RECUERO, R.; Gruzd, A. . <a href=\"http:\/\/dx.doi.org\/10.1590\/1982-25542019239035\" target=\"_blank\" rel=\"noopener noreferrer\">Cascatas de &#8220;Fake News&#8221; Pol\u00edticas: Um estudo de caso no Twitter.<\/a> GAL\u00c1XIA (PUCSP), v. 41, p. 31-47, 2019.<\/li>\n<li>RECUERO, R.; ZAGO, G. ; SOARES, F. B. . <a href=\"http:\/\/dx.doi.org\/10.1177\/2056305119848745\" target=\"_blank\" rel=\"noopener noreferrer\">Using Social Network Analysis and Social Capital to Identify User Roles on Polarized Political Conversations on Twitter.<\/a> SOCIAL MEDIA + SOCIETY, v. 1, p. 1-20, 2019.<\/li>\n<li>SOARES, Felipe B. ; Recuero, Raquel .<a href=\"http:\/\/ojs.labcom-ifp.ubi.pt\/index.php\/ec\/article\/view\/298\" target=\"_blank\" rel=\"noopener noreferrer\"> A ARGUMENTA\u00c7\u00c3O DOS DEPUTADOS NA VOTA\u00c7\u00c3O DO PROCESSO DE IMPEACHMENT DE DILMA ROUSSEFF.<\/a> Estudos em Comunicacao, v. 17, p. 1-20, 2018.<\/li>\n<li>SOARES, Felipe B. ; Recuero, Raquel . <a href=\"http:\/\/revista.ibict.br\/fiinf\/article\/view\/3836\" target=\"_blank\" rel=\"noopener noreferrer\">OPINI\u00c3O P\u00daBLICA NO TWITTER: AN\u00c1LISE DA INDICA\u00c7\u00c3O DE ALEXANDRE DE MORAES AO STF.<\/a> Logeion, v. 3, p. 18-34, 2017.<\/li>\n<li>FRAGOSO, Suely ; Recuero, Raquel ; CAETANO, M. . <a href=\"https:\/\/periodicos.ufjf.br\/index.php\/lumina\/article\/view\/21367\" target=\"_blank\" rel=\"noopener noreferrer\">Viol\u00eancia de g\u00eanero entre gamers brasileiros: um estudo explorat\u00f3rio no Facebook.<\/a> LUMINA (JUIZ DE FORA), v. 11, p. 485, 2017.<\/li>\n<li>BASTOS, M. T. ; Recuero, Raquel ; ZAGO, G. S. . <a href=\"http:\/\/revistaseletronicas.pucrs.br\/ojs\/index.php\/revistafamecos\/article\/view\/21459\/0\" target=\"_blank\" rel=\"noopener noreferrer\">A endogamia da Comunica\u00e7\u00e3o: redes de colabora\u00e7\u00e3o na CSA 1.<\/a> Revista FAMECOS (Online), v. 23, p. 1-22, 2016.<\/li>\n<li>Recuero, Raquel. <a href=\"http:\/\/www.scielo.br\/scielo.php?script=sci_arttext&amp;pid=S1984-63982016000100157\" target=\"_blank\" rel=\"noopener noreferrer\">O twitter como esfera p\u00fablica: como foram descritos os candidatos durante os debates presidenciais do 2\u00ba turno de 2014?.<\/a> Revista Brasileira de Linguistica Aplicada, v. 16, p. 157-180, 2016.<\/li>\n<li>RECUERO, Raquel; BITTENCOURT, MARIA CLARA AQUINO ; ZAGO, Gabriela da Silva . <a href=\"http:\/\/www.scielo.br\/scielo.php?pid=S1809-58442016000300115&amp;script=sci_abstract&amp;tlng=pt\" target=\"_blank\" rel=\"noopener noreferrer\">O discurso de ve\u00edculos jornal\u00edsticos e a repercuss\u00e3o da audi\u00eancia no Twitter sobre os protestos de 15 de mar\u00e7o de 2015 no Brasil.<\/a> Intercom (S\u00e3o Paulo. Online), v. 39, p. 115-134, 2016.<\/li>\n<li>RECUERO, Raquel. <a href=\"https:\/\/periodicos.sbu.unicamp.br\/ojs\/index.php\/cel\/article\/view\/8641480\" target=\"_blank\" rel=\"noopener noreferrer\">Discutindo An\u00e1lise de Conte\u00fado como M\u00e9todo: O #DiadaConsci\u00eanciaNegra no Twitter.<\/a> Cadernos de Estudos Lingu\u00edsticos (UNICAMP), v. 56, p. 281-309, 2015.<\/li>\n<li>ZAGO, G. S. ; RECUERO, Raquel ; BASTOS, M. T. . <a href=\"http:\/\/obs.obercom.pt\/index.php\/obs\/article\/view\/800\" target=\"_blank\" rel=\"noopener noreferrer\">Quem retuita quem? Papeis de ativistas, celebridades e imprensa durante os ProtestosBR no Twitter.<\/a> Observatorio (OBS*), v. 9, p. 67-83, 2015.<\/li>\n<li>RECUERO, R.. <a href=\"https:\/\/journals.sagepub.com\/doi\/full\/10.1177\/2056305115580332\" target=\"_blank\" rel=\"noopener noreferrer\">Social Media and Symbolic Violence.<\/a> Social Media + Society, v. 1, p. 1-10, 2015.<\/li>\n<li>Recuero, Raquel. <a href=\"https:\/\/seer.ufrgs.br\/index.php\/intexto\/article\/view\/58395\" target=\"_blank\" rel=\"noopener noreferrer\">GT de Cibercultura da Comp\u00f3s: An\u00e1lise de Temas e Coautorias.<\/a> In Texto (UFRGS. Online), v. 1, p. 553-570, 2015.<\/li>\n<li>RECUERO, Raquel; ZAGO, Gabriela da Silva ; BASTOS, M. T. ; ARA\u00daJO, Ricardo . <a href=\"https:\/\/journals.sagepub.com\/doi\/full\/10.1177\/2158244015586000\" target=\"_blank\" rel=\"noopener noreferrer\">Hashtags Functions in the Protests Across Brazil.<\/a> SAGE Open, v. 5, p. 1-14, 2015.<\/li>\n<li>RECUERO, Raquel. <a href=\"http:\/\/revistas.unisinos.br\/index.php\/fronteiras\/article\/view\/fem.2014.162.01\" target=\"_blank\" rel=\"noopener noreferrer\">Contribui\u00e7\u00f5es da An\u00e1lise de Redes Sociais para o estudo das redes sociais na Internet: o caso da hashtag #Tamojuntodilma e #CalaabocaDilma.<\/a> Revista Fronteiras (Online), v. 16, p. 60-77, 2014.<\/li>\n<li>RECUERO, Raquel. <a href=\"http:\/\/revistas.unisinos.br\/index.php\/versoereverso\/article\/view\/ver.2014.28.68.06\" target=\"_blank\" rel=\"noopener noreferrer\">Curtir, compartilhar, comentar: trabalho de face, conversa\u00e7\u00e3o e redes sociais no Facebook.<\/a> Verso e Reverso (Unisinos. Online), v. 28, p. 114-124, 2014.<\/li>\n<li>RECUERO, Raquel; ZAGO, Gabriela ; BASTOS, M. T. . <a href=\"http:\/\/www.scielo.br\/pdf\/gal\/v14n28\/v14n28a17.pdf\" target=\"_blank\" rel=\"noopener noreferrer\">O discurso dos #ProtestosBR: an\u00e1lise de conte\u00fado do Twitter.<\/a> Gal\u00e1xia (S\u00e3o Paulo. Online), v. 14, p. 199-216, 2014.<\/li>\n<li>BASTOS, MARCO TOLEDO ; RECUERO, RAQUEL DA CUNHA ; ZAGO, GABRIELA DA SILVA . <a href=\"https:\/\/journals.uic.edu\/ojs\/index.php\/fm\/article\/view\/5227\" target=\"_blank\" rel=\"noopener noreferrer\">Taking tweets to the streets: A spatial analysis of the Vinegar Protests in Brazil.<\/a> First Monday (Online), v. 19, p. 1-20, 2014.<\/li>\n<li>RECUERO, Raquel; BASTOS, M. T. ; ZAGO, Gabriela . <a href=\"http:\/\/www.revistas.usp.br\/matrizes\/article\/view\/90454\/93233\" target=\"_blank\" rel=\"noopener noreferrer\">Narrative and violence: the Brazilian Autumn coverage on Twitter.<\/a> Matrizes (USP. Impresso), v. 8, p. 191, 2014.<\/li>\n<li>BASTOS, M. T. ; ZAGO, G. S. ; RECUERO, Raquel . <a href=\"https:\/\/portalseer.ufba.br\/index.php\/contemporaneaposcom\/article\/view\/12294\" target=\"_blank\" rel=\"noopener noreferrer\">Encontros e Desencontros entre TAR e ARS: O La\u00e7o Fraco entre Teoria e M\u00e9todo.<\/a> Contemporanea (UFBA. Online), v. 12, p. 1-15, 2014.<\/li>\n<li>RECUERO, Raquel; SOARES, P. F. . <a href=\"http:\/\/www.scielo.br\/pdf\/gal\/v13n26\/v13n26a19.pdf\" target=\"_blank\" rel=\"noopener noreferrer\">VIOL\u00caNCIA SIMB\u00d3LICA E REDES SOCIAIS NO FACEBOOK: O caso da fanpage &#8216;Diva Depress\u00e3o&#8217;.<\/a> Gal\u00e1xia (PUCSP), v. 13, p. 18, 2013.<\/li>\n<\/ol>\n<p>&nbsp;<\/p>\n<h3><strong>Artigos em anais de evento<\/strong><\/h3>\n<div>\n<ol>\n<li>SOARES, Felipe B.; BONOTO, Carolina; VIEGAS, Paula; SALGUEIRO, Igor; RECUERO, Raquel.\u00a0 Disputas discursivas e desinforma\u00e7\u00e3o no Instagram sobre o uso da hidroxicloroquina como tratamento para o Covid-19, 43\u00ba Congresso Brasileiro de Ci\u00eancias da Comunica\u00e7\u00e3o \u2013 Intercom, 2020: <a href=\"http:\/\/www.intercom.org.br\/sis\/eventos\/2020\/resumos\/R15-0550-1.pdf\">http:\/\/www.intercom.org.br\/sis\/eventos\/2020\/resumos\/R15-0550-1.pdf\u00a0<\/a><\/li>\n<li>SOARES, Felipe B. Circula\u00e7\u00e3o de Informa\u00e7\u00e3o no Twitter: como l\u00edderes de opini\u00e3o ressignificam as not\u00edcias, XXIX Encontro Anual da Comp\u00f3s, 2020: <a href=\"http:\/\/www.compos.org.br\/biblioteca\/trabalhos_arquivo_6OOX9F1O632DAU0VLTQG_30_8339_01_03_2020_09_18_41.pdf\">http:\/\/www.compos.org.br\/biblioteca\/trabalhos_arquivo_6OOX9F1O632DAU0VLTQG_30_8339_01_03_2020_09_18_41.pdf\u00a0<\/a><\/li>\n<li>RECUERO, Raquel; SOARES, Felipe; GRUZD, Anatoliy. Hyperpartisanship, Disinformation and Political Conversations on Twitter: The Brazilian Presidential Election of 2018, the International AAAI Conference on Web and Social Media, 14, p. 569-578, 2020: https:\/\/ojs.aaai.org\/index.php\/ICWSM\/article\/view\/7324<\/li>\n<li>SOARES, Felipe B. Esfera p\u00fablica e desinforma\u00e7\u00e3o: estrat\u00e9gias de circula\u00e7\u00e3o e legitima\u00e7\u00e3o da desinforma\u00e7\u00e3o. In: XXVIII Encontro Anual da Comp\u00f3s, Porto Alegre, RS, 2019.\u00a0 Link: <a id=\"LPNoLP557317\" style=\"background-color: #ffffff\" href=\"http:\/\/www.compos.org.br\/biblioteca\/trabalhos_arquivo_7E57XD7TP7290OYNLQX9_28_7548_18_02_2019_10_15_21.pdf\">http:\/\/www.compos.org.br\/biblioteca\/trabalhos_arquivo_7E57XD7TP7290OYNLQX9_28_7548_18_02_2019_10_15_21.pdf<\/a><\/li>\n<li>SOARES, Felipe B.; Recuero, Raquel; Zago, Gabriela. Asymmetric Polarization on Twitter and the 2018 Brazilian Presidential Elections. In: 10th International Conference for Social Media and Society (SMSociety)., 2019, Toronto, Canada. DOI: 3328529.3328546\n<div>Link: <a id=\"LPlnk806402\" href=\"https:\/\/dl.acm.org\/citation.cfm?doid=3328529.3328546\"> https:\/\/dl.acm.org\/citation.cfm?doid=3328529.3328546<\/a><\/div>\n<\/li>\n<li>\n<div>SOARES, Felipe B.; Recuero, Raquel; Zago, Gabriela. <a style=\"background-color: #ffffff\" href=\"https:\/\/dl.acm.org\/citation.cfm?doid=3328529.3328546\" target=\"_blank\" rel=\"noopener noreferrer\">Asymmetric Polarization on Twitter and the 2018 Brazilian Presidential Elections.<\/a> In: 10th International Conference for Social Media and Society (SMSociety)., 2019, Toronto, Canada. DOI: 3328529.3328546<\/div>\n<\/li>\n<li>\n<div>SOARES, Felipe B. ; Recuero, Raquel ; ZAGO, Gabriela . <a href=\"http:\/\/dx.doi.org\/10.1145\/3217804.3217909\" target=\"_blank\" rel=\"noopener noreferrer\">Influencers in Polarized Political Networks on Twitter.<\/a> In: International Conference for Social Media and Society (SMSociety)., 2018, Copenhagen, Denmark. Proceedings for the International Conference for Social Media and Society Copenhagen, Denmark, 2018. p. 1-10.<\/div>\n<\/li>\n<li>\n<div>Recuero, Raquel; ZAGO, G. S. ; SOARES, Felipe B. . <a href=\"https:\/\/lume.ufrgs.br\/handle\/10183\/166193\" target=\"_blank\" rel=\"noopener noreferrer\">MIDIA SOCIAL E FILTROS-BOLHA NAS CONVERSA\u00c7\u00d5ES POL\u00cdTICAS NO TWITTER.<\/a> In: XXVI COMP\u00d3S, 2017, S\u00e3o Paulo. Anais da XXVI COMP\u00d3S: S\u00c3O PAULO\/SP, 2017. v. 1. p. 1-27.<\/div>\n<\/li>\n<li>\n<div>Recuero, Raquel; ZAGO, Gabriela ; SOARES, Felipe B. . <a href=\"http:\/\/sbpjor.org.br\/congresso\/index.php\/sbpjor\/sbpjor2017\/paper\/viewFile\/597\/495\" target=\"_blank\" rel=\"noopener noreferrer\">Circula\u00e7\u00e3o jornal\u00edstica no Twitter: A cobertura do impeachment de Dilma Rousseff.<\/a> In: 15\u00ba Encontro Nacional de Pesquisadores em Jornalismo, 2017, Sao Paulo. Anais da 15o 15\u00ba Encontro Nacional de Pesquisadores em Jornalismo. SP: SBPJOR, 2017. v. 1. p. 1-20.<\/div>\n<\/li>\n<li>\n<div>RECUERO, Raquel. <a href=\"https:\/\/www.researchgate.net\/publication\/269992858_ProtestosBR_Analise_Comparativa_do_Discurso_dos_Veiculos_Jornalisticos\" target=\"_blank\" rel=\"noopener noreferrer\">#ProtestosBR: An\u00e1lise Comparativa do Discurso dos Ve\u00edculos Jornal\u00edsticos.<\/a> In: 12\u00b0 Encontro Nacional de Pesquisadores em Jornalismo &#8211; SBPJor, 2014, Santa Cruz do Sul. Anais da 12o SBPJOR. Santa Cruz do Sul: UNISC, 2014. v. 1.<\/div>\n<\/li>\n<li>\n<div>RECUERO, Raquel. <a href=\"http:\/\/www.raquelrecuero.com\/artigos\/abciberfinal2014.pdf\" target=\"_blank\" rel=\"noopener noreferrer\">M\u00e9tricas de Centralidade e Conversa\u00e7\u00f5es em Redes Sociais na Internet: Desvelando Estrat\u00e9gias nos Debates Presidenciais de 2014.<\/a> In: VIII Simposio Nacional da ABCiber, 2014, S\u00e3o Paulo. Anais do 8o Simp\u00f3sio Nacional da ABCiber, 2014. v. 1. p. 1-20.<\/div>\n<\/li>\n<\/ol>\n<\/div>\n<p>&nbsp;<\/p>\n<h3><strong>Cap\u00edtulos de livros <\/strong><\/h3>\n<p><strong>(<\/strong><strong>Em caso de interesse,<a href=\"mailto:raquelrecuero@gmail.com\" target=\"_blank\" rel=\"noopener noreferrer\"> envie um email <\/a>que compartilhamos o cap\u00edtulo)<\/strong><\/p>\n<ol>\n<li>Recuero, Raquel; ZAGO, Gabriela ; SOARES, Felipe B. . M\u00eddia Social e Filtros Bolha nas Conversa\u00e7\u00f5es Pol\u00edticas do Twitter. In: Joaquim Fialho, Jos\u00e9 Sarago\u00e7a, Maria da Saudade Baltazar, Marcos O. dos Santos. (Org.). Redes Sociais: Para uma Compreens\u00e3o Multidisciplinar da Sociedade. 1ed.Lisboa: Edi\u00e7\u00f5es S\u00edlabo, 2018, v. 1, p. 119-142.<\/li>\n<li>Recuero, Raquel. M\u00e9todos mistos: combinando etnografia e an\u00e1lise de redes sociais em estudos de m\u00eddia social. In: Bruno Campanella; Carla Barros. (Org.). Etnografia e consumo midi\u00e1tico: Novas tend\u00eancias e desafios metodol\u00f3gicos. 1ed.Rio de Janeiro: E-papers, 2016, v. 1, p. 117-132.<\/li>\n<li>Recuero, Raquel. Discurso Mediado por Computador nas Redes Sociais. In: Julio Ara\u00fajo; Vilson Leffa. (Org.). Redes Sociais e Ensino de Linguas: O que temos a aprender?. 1ed.Sao Paulo: Par\u00e1bola Editorial, 2016, v. 1, p. 17-32.<\/li>\n<li>Recuero, Raquel; BASTOS, M. T. ; ZAGO, Gabriela . Twitter in Political Campaigns: The Brazilian 2014 Presidential Election. In: Axel Bruns; Gunn Enli; Eli Skogerbo; Anders Olof Larsson; Christian Christensen. (Org.). The Routledge Companion to Social Media and Politics. 1ed.London: Routledge, 2015, v. 1, p. 520-540.<\/li>\n<li>RECUERO, Raquel; ZAGO, Gabriela ; BASTOS, M. T. . O ?rolezinho? na m\u00eddia social: discurso e viol\u00eancia simb\u00f3lica. In: Oliveira, L\u00eddia; Baldi, Vania. (Org.). Insustent\u00e1vel leveza da Web: ret\u00f3ricas, disson\u00e2ncias e pr\u00e1ticas na Sociedade em Rede. 1ed.Salvador: Editora da UFBA, 2014, v. , p. 1-25.<\/li>\n<li>RECUERO, Raquel. Os Discursos dos 50 anos do Golpe Militar no Brasil: An\u00e1lise das hashtags #50anosdoGolpe e #50anosdocontragolpe. In: PICCININ, Fabiana, SOSTER, Demetrio. (Org.). Narrativas comunicacionais complexificadas 2: a forma. 1ed.Santa Cruz do Sul: UNISC, 2014, v. 1, p. 257-278.<\/li>\n<\/ol>\n<p>&nbsp;<\/p>\n<h3><strong>Livros<\/strong><\/h3>\n<p>Recuero, Raquel. <a href=\"http:\/\/www.edufba.ufba.br\/2017\/12\/introducao-a-analise-de-redes-sociais-online\/\" target=\"_blank\" rel=\"noopener noreferrer\">Introdu\u00e7\u00e3o \u00e0 An\u00e1lise de Redes Sociais Online.<\/a> 1. ed. Salvador: EDUFBA, 2017. v. 1. 101p\u00a0 (dispon\u00edvel para download)<\/p>\n<p>RECUERO, R.; BASTOS, M. T. ; ZAGO, G. S. . An\u00e1lise de Redes para M\u00eddia Social. 1. ed. Porto Alegre: Editora Sulina, 2015. v. 1. 182p .<\/p>\n<p>&nbsp;<\/p>\n<h3><strong>Resumos Expandidos<\/strong><\/h3>\n<p>VINHAS, O. I.; SAINZ, N. ; RECUERO, R. . <a href=\"http:\/\/cti.ufpel.edu.br\/siepe\/arquivos\/2018\/SA_04553.pdf\" target=\"_blank\" rel=\"noopener noreferrer\">O Twitter como modelo de Esfera P\u00fablica Contempor\u00e2nea: uma an\u00e1lise de redes sociais das narrativas sobre a &#8220;facada&#8221; em Jair Bolsonaro.<\/a> In: XX Encontro de P\u00f3s-Gradua\u00e7\u00e3o, 2018, Pelotas. Anais 2018 &#8211; Ci\u00eancias Sociais Aplicadas, 2018.<\/p>\n<p>VINHAS, O.; SAINZ, N.; RECUERO, R. <a href=\"https:\/\/www.midiaticom.org\/seminariointernacional\/archives\/2019\/gts\/GT_XII._Politica_Midiatizacao\/Ot%C3%A1vio%20Iost%20Vinhas.pdf\" target=\"_blank\" rel=\"noopener noreferrer\">Antagonismos discursivos no Twitter durante as elei\u00e7\u00f5es de 2018.<\/a> In: III Semin\u00e1rio Internacional de Pesquisas em Midiatiza\u00e7\u00e3o e Processos Sociais, 2019, S\u00e3o Leopoldo. Anais de Resumos 2019.<\/p>\n<p>&nbsp;<\/p>\n<p>&nbsp;<\/p>\n<p>&nbsp;<\/p>\n","protected":false},"excerpt":{"rendered":"<p>Nesta p\u00e1gina voc\u00ea encontra as publica\u00e7\u00f5es do grupo com links para visualiz\u00e1-las. Artigos em revistas \u00a0SOARES, Felipe B.; VIEGAS, Paula; BONOTO, Carolina; RECUERO, Raquel. Covid-19, desinforma\u00e7\u00e3o e Facebook: circula\u00e7\u00e3o de URLs sobre a hidroxicloroquina em p\u00e1ginas e grupos p\u00fablicos, pr\u00e9-print (SciELO), 2020: https:\/\/doi.org\/10.1590\/SciELOPreprints.1476 SOARES, Felipe B.; RECUERO, Raquel; VOLCAN, Taiane, FAGUNDES, Giane &amp; SODRE, Giele. &hellip; <\/p>\n<p><a class=\"more-link btn\" href=\"https:\/\/wp.ufpel.edu.br\/midiars\/publicacoes-2\/\">Continue lendo<\/a><\/p>\n","protected":false},"author":867,"featured_media":0,"parent":0,"menu_order":0,"comment_status":"closed","ping_status":"closed","template":"","meta":{"footnotes":""},"class_list":["post-171","page","type-page","status-publish","hentry","nodate","item-wrap"],"_links":{"self":[{"href":"https:\/\/wp.ufpel.edu.br\/midiars\/wp-json\/wp\/v2\/pages\/171","targetHints":{"allow":["GET"]}}],"collection":[{"href":"https:\/\/wp.ufpel.edu.br\/midiars\/wp-json\/wp\/v2\/pages"}],"about":[{"href":"https:\/\/wp.ufpel.edu.br\/midiars\/wp-json\/wp\/v2\/types\/page"}],"author":[{"embeddable":true,"href":"https:\/\/wp.ufpel.edu.br\/midiars\/wp-json\/wp\/v2\/users\/867"}],"replies":[{"embeddable":true,"href":"https:\/\/wp.ufpel.edu.br\/midiars\/wp-json\/wp\/v2\/comments?post=171"}],"version-history":[{"count":6,"href":"https:\/\/wp.ufpel.edu.br\/midiars\/wp-json\/wp\/v2\/pages\/171\/revisions"}],"predecessor-version":[{"id":416,"href":"https:\/\/wp.ufpel.edu.br\/midiars\/wp-json\/wp\/v2\/pages\/171\/revisions\/416"}],"wp:attachment":[{"href":"https:\/\/wp.ufpel.edu.br\/midiars\/wp-json\/wp\/v2\/media?parent=171"}],"curies":[{"name":"wp","href":"https:\/\/api.w.org\/{rel}","templated":true}]}}