{"id":2,"date":"2013-09-11T18:10:39","date_gmt":"2013-09-11T18:10:39","guid":{"rendered":"https:\/\/wp.ufpel.edu.br\/microcontroladores\/?page_id=2"},"modified":"2014-08-04T13:08:55","modified_gmt":"2014-08-04T16:08:55","slug":"pagina-exemplo","status":"publish","type":"page","link":"https:\/\/wp.ufpel.edu.br\/microcontroladores\/pagina-exemplo\/","title":{"rendered":"Sobre a Disciplina"},"content":{"rendered":"<p><strong>Disciplina de Microcontroladores<\/strong><\/p>\n<p>Esta disciplina tem como objetivo habilitar o aluno a explicar o princ\u00edpio de funcionamento de microcontroladores, desenvolver programas em assembly e C para microcontroladores comerciais, utilizar ferramentas de an\u00e1lise, desenvolvimento e depura\u00e7\u00e3o de programas para microcontroladores comerciai, projetar e construir sistemas baseados em microcontroladores comerciais.<\/p>\n<p>Ao final do curso o aluno dever\u00e1 ser capaz de reconhecer e interpretar um problema pr\u00e1tico, projetar um sistema de hardware e software para solu\u00e7\u00e3o do problema e, por fim, implementar um prot\u00f3tipo funcional do sistema projetado.<\/p>\n<p>A disciplina inclui o desenvolvimento de um projeto pr\u00e1tico a ser desenvolvido utilizando arquiteturas de microcontroladores comerciais como das fam\u00edlias 8051, PIC, ATMega (ardu\u00edno), entre outros.<\/p>\n<p>CONHECIMENTO\u00a0TE\u00d3RICA:<\/p>\n<ol>\n<li>Introdu\u00e7\u00e3o ao microcontroladores.<\/li>\n<li>Hist\u00f3rico dos microcontroladores.<\/li>\n<li>Microcontroladores x Microprocessadores.<\/li>\n<li>Aplica\u00e7\u00f5es de microcontroladores.<\/li>\n<li>Arquitetura de microcontroladores.<\/li>\n<li>Microcontroladores comerciais.<\/li>\n<li>Modos de endere\u00e7amento.<\/li>\n<li>Conjunto de instru\u00e7\u00f5es.<\/li>\n<li>Diagramas de tempo.<\/li>\n<li>Recursos dos microcontroladores: Mem\u00f3rias: EPROM, EEPROM, FLASH, OTP, RAM; Contadores e Temporizadores; Portas Paralelas; Portas Seriais (UART, I2C, SPI); Conversores A\/D, D\/A, PWM; WDT (c\u00e3o-de-guarda).<\/li>\n<li>Interrup\u00e7\u00f5es nos microcontroladores.<\/li>\n<\/ol>\n<p>CONHECIMENTO\u00a0PR\u00c1TICO:<\/p>\n<ol>\n<li>T\u00e9cnicas de projetos com microcontroladores.<\/li>\n<li>Estudo e pr\u00e1tica com um ambiente IDE.<\/li>\n<li>Programa\u00e7\u00e3o em Assembly.<\/li>\n<li>Programa\u00e7\u00e3o em C de microcontroladores.<\/li>\n<li>Montagem em experi\u00eancias dirigidas: desenvolvimento de programas t\u00edpicos para interfaces com teclado, mostradores, rel\u00e9s, sensores, etc.<\/li>\n<li>Grava\u00e7\u00e3o de microcontroladores.<\/li>\n<\/ol>\n","protected":false},"excerpt":{"rendered":"<p>Disciplina de Microcontroladores Esta disciplina tem como objetivo habilitar o aluno a explicar o princ\u00edpio de funcionamento de microcontroladores, desenvolver programas em assembly e C para microcontroladores comerciais, utilizar ferramentas de an\u00e1lise, desenvolvimento e depura\u00e7\u00e3o de programas para microcontroladores comerciai, &hellip; <a href=\"https:\/\/wp.ufpel.edu.br\/microcontroladores\/pagina-exemplo\/\">Continue lendo <span class=\"meta-nav\">&rarr;<\/span><\/a><\/p>\n","protected":false},"author":311,"featured_media":0,"parent":0,"menu_order":0,"comment_status":"closed","ping_status":"open","template":"","meta":{"footnotes":""},"class_list":["post-2","page","type-page","status-publish","hentry"],"_links":{"self":[{"href":"https:\/\/wp.ufpel.edu.br\/microcontroladores\/wp-json\/wp\/v2\/pages\/2","targetHints":{"allow":["GET"]}}],"collection":[{"href":"https:\/\/wp.ufpel.edu.br\/microcontroladores\/wp-json\/wp\/v2\/pages"}],"about":[{"href":"https:\/\/wp.ufpel.edu.br\/microcontroladores\/wp-json\/wp\/v2\/types\/page"}],"author":[{"embeddable":true,"href":"https:\/\/wp.ufpel.edu.br\/microcontroladores\/wp-json\/wp\/v2\/users\/311"}],"replies":[{"embeddable":true,"href":"https:\/\/wp.ufpel.edu.br\/microcontroladores\/wp-json\/wp\/v2\/comments?post=2"}],"version-history":[{"count":3,"href":"https:\/\/wp.ufpel.edu.br\/microcontroladores\/wp-json\/wp\/v2\/pages\/2\/revisions"}],"predecessor-version":[{"id":53,"href":"https:\/\/wp.ufpel.edu.br\/microcontroladores\/wp-json\/wp\/v2\/pages\/2\/revisions\/53"}],"wp:attachment":[{"href":"https:\/\/wp.ufpel.edu.br\/microcontroladores\/wp-json\/wp\/v2\/media?parent=2"}],"curies":[{"name":"wp","href":"https:\/\/api.w.org\/{rel}","templated":true}]}}