{"id":2,"date":"2010-09-17T12:52:42","date_gmt":"2010-09-17T12:52:42","guid":{"rendered":"https:\/\/wp.ufpel.edu.br\/micro\/?page_id=2"},"modified":"2011-06-02T12:49:23","modified_gmt":"2011-06-02T15:49:23","slug":"sobre","status":"publish","type":"page","link":"https:\/\/wp.ufpel.edu.br\/micro\/sobre\/","title":{"rendered":"Sobre"},"content":{"rendered":"<p>O grupo de trabalho come\u00e7ou a ser estruturado no ano de 1999, tendo como  base f\u00edsica o Laborat\u00f3rio de Microbiologia do DCTA\/FAEM\/UFPel.  As  principais pesquisas em andamento envolvem trabalhos de caracteriza\u00e7\u00e3o e  identifica\u00e7\u00e3o bioqu\u00edmica e molecular de Listeria monocytogenes e  Estafilococos coagulase positiva. Atualmente, as pesquisas est\u00e3o  voltadas para caracteriza\u00e7\u00e3o molecular de bact\u00e9rias; detec\u00e7\u00e3o molecular e  imunoenzim\u00e1tica; diversidade gen\u00e9tica das cepas isoladas; gen\u00f4mica e  trancript\u00f4mica de bact\u00e9rias patog\u00eanicas de import\u00e2ncia em alimentos.<\/p>\n","protected":false},"excerpt":{"rendered":"<p>O grupo de trabalho come\u00e7ou a ser estruturado no ano de 1999, tendo como base f\u00edsica o Laborat\u00f3rio de Microbiologia do DCTA\/FAEM\/UFPel. As principais pesquisas em andamento envolvem trabalhos de caracteriza\u00e7\u00e3o e identifica\u00e7\u00e3o bioqu\u00edmica e molecular de Listeria monocytogenes e &hellip; <a href=\"https:\/\/wp.ufpel.edu.br\/micro\/sobre\/\">Continue lendo <span class=\"meta-nav\">&rarr;<\/span><\/a><\/p>\n","protected":false},"author":74,"featured_media":0,"parent":0,"menu_order":0,"comment_status":"closed","ping_status":"open","template":"","meta":{"footnotes":""},"class_list":["post-2","page","type-page","status-publish","hentry"],"_links":{"self":[{"href":"https:\/\/wp.ufpel.edu.br\/micro\/wp-json\/wp\/v2\/pages\/2","targetHints":{"allow":["GET"]}}],"collection":[{"href":"https:\/\/wp.ufpel.edu.br\/micro\/wp-json\/wp\/v2\/pages"}],"about":[{"href":"https:\/\/wp.ufpel.edu.br\/micro\/wp-json\/wp\/v2\/types\/page"}],"author":[{"embeddable":true,"href":"https:\/\/wp.ufpel.edu.br\/micro\/wp-json\/wp\/v2\/users\/74"}],"replies":[{"embeddable":true,"href":"https:\/\/wp.ufpel.edu.br\/micro\/wp-json\/wp\/v2\/comments?post=2"}],"version-history":[{"count":2,"href":"https:\/\/wp.ufpel.edu.br\/micro\/wp-json\/wp\/v2\/pages\/2\/revisions"}],"predecessor-version":[{"id":19,"href":"https:\/\/wp.ufpel.edu.br\/micro\/wp-json\/wp\/v2\/pages\/2\/revisions\/19"}],"wp:attachment":[{"href":"https:\/\/wp.ufpel.edu.br\/micro\/wp-json\/wp\/v2\/media?parent=2"}],"curies":[{"name":"wp","href":"https:\/\/api.w.org\/{rel}","templated":true}]}}