{"id":666,"date":"2024-07-04T15:26:24","date_gmt":"2024-07-04T18:26:24","guid":{"rendered":"https:\/\/wp.ufpel.edu.br\/meteorologia\/?page_id=666"},"modified":"2024-07-08T15:19:45","modified_gmt":"2024-07-08T18:19:45","slug":"estagios","status":"publish","type":"page","link":"https:\/\/wp.ufpel.edu.br\/meteorologia\/graduacao\/estagios\/","title":{"rendered":"Est\u00e1gios"},"content":{"rendered":"<p><strong>Prezados estudantes do Curso de Meteorologia,<\/strong><\/p>\n<p>O est\u00e1gio \u00e9 um momento importante na vida acad\u00eamica de qualquer estudante de um curso que tem como objetivo formar profissionais para o mundo do trabalho. \u00c9 nesse momento que o estudante tem os primeiros contatos com as atividades pr\u00e1ticas relacionadas \u00e0 profiss\u00e3o que escolheu.<br \/>\nA atividade profissional vai al\u00e9m da execu\u00e7\u00e3o das atividades t\u00e9cnicas referentes \u00e0 profiss\u00e3o escolhida; \u00e9 muito mais ampla. Ela engloba o relacionamento com os colegas no ambiente do trabalho e fora do ambiente do trabalho, como clientes, por exemplo. Os aspectos comportamentais e h\u00e1bitos adequados ao ambiente de trabalho tamb\u00e9m s\u00e3o importantes. Todos esses aspectos comp\u00f5em o profissional.<\/p>\n<p>&nbsp;<\/p>\n<p>No Curso de Meteorologia da UFPel, os est\u00e1gios (curriculares ou n\u00e3o-curriculares) podem ser realizados somente a partir do sexto semestre. Essa exig\u00eancia se faz necess\u00e1ria para que o estudante possa executar as atividades durante o seu est\u00e1gio de maneira adequada e proveitosa, tendo um m\u00ednimo de conhecimentos necess\u00e1rios para tal. Obviamente, a pr\u00e1tica do dia a dia complementar\u00e1 e fundamentar\u00e1 esses conhecimentos.<\/p>\n<p>A realiza\u00e7\u00e3o do est\u00e1gio requer que a empresa concedente do est\u00e1gio tenha atividades relacionadas \u00e0 Meteorologia, bem como ter um profissional Meteorologista, que ser\u00e1 o supervisor do est\u00e1gio na empresa. Ao mesmo tempo, haver\u00e1 um professor do Curso de Meteorologia, respons\u00e1vel pelo acompanhamento das atividades.<\/p>\n<p>\u00c9 importante que o estudante do Curso de Meteorologia que almeja realizar est\u00e1gio procure a Coordena\u00e7\u00e3o do Curso de Meteorologia para buscar maiores informa\u00e7\u00f5es de como proceder. O estudante que deseja realizar est\u00e1gio deve, tamb\u00e9m, preencher o formul\u00e1rio de solicita\u00e7\u00e3o de est\u00e1gio (link para o formul\u00e1rio ap\u00f3s o texto) e entreg\u00e1-lo na secretaria do Curso.<\/p>\n<p>Nenhum est\u00e1gio, curricular ou n\u00e3o-curricular, poder\u00e1 ser iniciado sem a anu\u00eancia do Curso de Meteorologia, pois devem ser avaliados se todos os termos do est\u00e1gio est\u00e3o em conformidade com a legisla\u00e7\u00e3o vigente. Essa avalia\u00e7\u00e3o \u00e9 de suma import\u00e2ncia, pois protege o estudante, visto que garante que o seu est\u00e1gio seja realizado da melhor maneira poss\u00edvel<\/p>\n<p>Quaisquer d\u00favidas, procure \u00e0 Coordena\u00e7\u00e3o do Curso de Meteorologia.<\/p>\n<p>Atenciosamente,<\/p>\n<p>Mateus da Silva Teixeira<br \/>\nCoordenador do Curso de Meteorologia<\/p>\n<p>Morgana Vaz da Silva<br \/>\nCoordenadora Adjunta do Curso de Meteorologia<\/p>\n<p>ANEXO: Formul\u00e1rio de solicita\u00e7\u00e3o de est\u00e1gio <a href=\"https:\/\/wp.ufpel.edu.br\/meteorologia\/files\/2024\/07\/1-Formula\u0301rio-Solicitac\u0327a\u0303o-Esta\u0301gio.doc\">aqui<\/a>.<\/p>\n","protected":false},"excerpt":{"rendered":"<p>Prezados estudantes do Curso de Meteorologia, O est\u00e1gio \u00e9 um momento importante na vida acad\u00eamica de qualquer estudante de um curso que tem como objetivo formar profissionais para o mundo do trabalho. \u00c9 nesse momento que o estudante tem os primeiros contatos com as atividades pr\u00e1ticas relacionadas \u00e0 profiss\u00e3o que escolheu. A atividade profissional vai [&hellip;]<\/p>\n","protected":false},"author":681,"featured_media":0,"parent":46,"menu_order":0,"comment_status":"closed","ping_status":"closed","template":"","meta":{"footnotes":""},"class_list":["post-666","page","type-page","status-publish","hentry"],"jetpack_sharing_enabled":true,"_links":{"self":[{"href":"https:\/\/wp.ufpel.edu.br\/meteorologia\/wp-json\/wp\/v2\/pages\/666","targetHints":{"allow":["GET"]}}],"collection":[{"href":"https:\/\/wp.ufpel.edu.br\/meteorologia\/wp-json\/wp\/v2\/pages"}],"about":[{"href":"https:\/\/wp.ufpel.edu.br\/meteorologia\/wp-json\/wp\/v2\/types\/page"}],"author":[{"embeddable":true,"href":"https:\/\/wp.ufpel.edu.br\/meteorologia\/wp-json\/wp\/v2\/users\/681"}],"replies":[{"embeddable":true,"href":"https:\/\/wp.ufpel.edu.br\/meteorologia\/wp-json\/wp\/v2\/comments?post=666"}],"version-history":[{"count":4,"href":"https:\/\/wp.ufpel.edu.br\/meteorologia\/wp-json\/wp\/v2\/pages\/666\/revisions"}],"predecessor-version":[{"id":684,"href":"https:\/\/wp.ufpel.edu.br\/meteorologia\/wp-json\/wp\/v2\/pages\/666\/revisions\/684"}],"up":[{"embeddable":true,"href":"https:\/\/wp.ufpel.edu.br\/meteorologia\/wp-json\/wp\/v2\/pages\/46"}],"wp:attachment":[{"href":"https:\/\/wp.ufpel.edu.br\/meteorologia\/wp-json\/wp\/v2\/media?parent=666"}],"curies":[{"name":"wp","href":"https:\/\/api.w.org\/{rel}","templated":true}]}}