{"id":5,"date":"2016-03-11T16:28:44","date_gmt":"2016-03-11T19:28:44","guid":{"rendered":"https:\/\/wp.ufpel.edu.br\/fmet\/?page_id=5"},"modified":"2023-11-28T17:16:06","modified_gmt":"2023-11-28T20:16:06","slug":"direcao","status":"publish","type":"page","link":"https:\/\/wp.ufpel.edu.br\/meteorologia\/direcao\/","title":{"rendered":"Dire\u00e7\u00e3o"},"content":{"rendered":"<h2>Prof. Dr. Marcelo Felix Alonso<\/h2>\n<div>Diretor<\/div>\n<div id=\"tab1_texto\">email: marcelo.alonso@ufpel.edu.br<\/div>\n<h2 id=\"tab1_texto\">Prof. Leonardo Calvetti<\/h2>\n<p>Vice-Diretor<\/p>\n<h2>Prof. Douglas da Silva Lindemann<\/h2>\n<div>Chefe Dep. de Meteorologia<\/div>\n<h2>Profa. Morgana Vaz da Silva<\/h2>\n<div>Chefe CPMET<\/div>\n<h2>Profa. D\u00e9bora de Souza Sim\u00f5es<\/h2>\n<p>Chefe Adjunto CPMET<\/p>\n<h2>Prof. Douglas da Silva Lindemann<\/h2>\n<div>Chefe NMA<\/div>\n<h2><strong>Prof. Mateus da Silva Teixeira<\/strong><\/h2>\n<div>Coordenador do Curso de Meteorologia<\/div>\n<h2><strong>Profa. Graciela Redies Fischer<\/strong><\/h2>\n<div>Coordenador de P\u00f3s-Gradua\u00e7\u00e3o em Meteorologia<\/div>\n<h2><strong>Prof. Douglas da Silva Lindemann<\/strong><\/h2>\n<div>Coordenador Adjunto de P\u00f3s-Gradua\u00e7\u00e3o<\/div>\n<div><\/div>\n<h5>Visualize em pdf a estrutura da Faculdade de Meteorologia da Universidade Federal de Pelotas.<\/h5>\n<div>\u00a0<a href=\"https:\/\/wp.ufpel.edu.br\/meteorologia\/files\/2016\/06\/Organograma.pdf\" target=\"_blank\" rel=\"noopener noreferrer\">Organograma da FMet<\/a><\/div>\n","protected":false},"excerpt":{"rendered":"<p>Prof. Dr. Marcelo Felix Alonso Diretor email: marcelo.alonso@ufpel.edu.br Prof. Leonardo Calvetti Vice-Diretor Prof. Douglas da Silva Lindemann Chefe Dep. de Meteorologia Profa. Morgana Vaz da Silva Chefe CPMET Profa. D\u00e9bora de Souza Sim\u00f5es Chefe Adjunto CPMET Prof. Douglas da Silva Lindemann Chefe NMA Prof. Mateus da Silva Teixeira Coordenador do Curso de Meteorologia Profa. Graciela [&hellip;]<\/p>\n","protected":false},"author":629,"featured_media":0,"parent":0,"menu_order":0,"comment_status":"closed","ping_status":"closed","template":"","meta":{"footnotes":""},"class_list":["post-5","page","type-page","status-publish","hentry"],"jetpack_sharing_enabled":true,"_links":{"self":[{"href":"https:\/\/wp.ufpel.edu.br\/meteorologia\/wp-json\/wp\/v2\/pages\/5","targetHints":{"allow":["GET"]}}],"collection":[{"href":"https:\/\/wp.ufpel.edu.br\/meteorologia\/wp-json\/wp\/v2\/pages"}],"about":[{"href":"https:\/\/wp.ufpel.edu.br\/meteorologia\/wp-json\/wp\/v2\/types\/page"}],"author":[{"embeddable":true,"href":"https:\/\/wp.ufpel.edu.br\/meteorologia\/wp-json\/wp\/v2\/users\/629"}],"replies":[{"embeddable":true,"href":"https:\/\/wp.ufpel.edu.br\/meteorologia\/wp-json\/wp\/v2\/comments?post=5"}],"version-history":[{"count":25,"href":"https:\/\/wp.ufpel.edu.br\/meteorologia\/wp-json\/wp\/v2\/pages\/5\/revisions"}],"predecessor-version":[{"id":622,"href":"https:\/\/wp.ufpel.edu.br\/meteorologia\/wp-json\/wp\/v2\/pages\/5\/revisions\/622"}],"wp:attachment":[{"href":"https:\/\/wp.ufpel.edu.br\/meteorologia\/wp-json\/wp\/v2\/media?parent=5"}],"curies":[{"name":"wp","href":"https:\/\/api.w.org\/{rel}","templated":true}]}}

Direção

<h2>Prof. Dr. Marcelo Felix Alonso</h2>
<div>Diretor</div>
<div id="tab1_texto">email: marcelo.alonso@ufpel.edu.br</div>
<h2 id="tab1_texto">Prof. Leonardo Calvetti</h2>
<p>Vice-Diretor</p>
<h2>Prof. Douglas da Silva Lindemann</h2>
<div>Chefe Dep. de Meteorologia</div>
<h2>Profa. Morgana Vaz da Silva</h2>
<div>Chefe CPMET</div>
<h2>Profa. Débora de Souza Simões</h2>
<p>Chefe Adjunto CPMET</p>
<h2>Prof. Douglas da Silva Lindemann</h2>
<div>Chefe NMA</div>
<h2><strong>Prof. Mateus da Silva Teixeira</strong></h2>
<div>Coordenador do Curso de Meteorologia</div>
<h2><strong>Profa. Graciela Redies Fischer</strong></h2>
<div>Coordenador de Pós-Graduação em Meteorologia</div>
<h2><strong>Prof. Douglas da Silva Lindemann</strong></h2>
<div>Coordenador Adjunto de Pós-Graduação</div>
<div></div>
<h5>Visualize em pdf a estrutura da Faculdade de Meteorologia da Universidade Federal de Pelotas.</h5>
<div> <a href="https://wp.ufpel.edu.br/meteorologia/files/2016/06/Organograma.pdf" target="_blank" rel="noopener noreferrer">Organograma da FMet</a></div>

<p>Prof. Dr. Marcelo Felix Alonso Diretor email: marcelo.alonso@ufpel.edu.br Prof. Leonardo Calvetti Vice-Diretor Prof. Douglas da Silva Lindemann Chefe Dep. de Meteorologia Profa. Morgana Vaz da Silva Chefe CPMET Profa. Débora de Souza Simões Chefe Adjunto CPMET Prof. Douglas da Silva Lindemann Chefe NMA Prof. Mateus da Silva Teixeira Coordenador do Curso de Meteorologia Profa. Graciela [&hellip;]</p>
