{"id":65,"date":"2025-08-17T16:08:28","date_gmt":"2025-08-17T19:08:28","guid":{"rendered":"https:\/\/wp.ufpel.edu.br\/metalofar\/?page_id=7"},"modified":"2025-08-17T16:08:28","modified_gmt":"2025-08-17T19:08:28","slug":"colaboradores","status":"publish","type":"page","link":"https:\/\/wp.ufpel.edu.br\/metalofar\/colaboradores\/","title":{"rendered":"Colaboradores"},"content":{"rendered":"<h1>Colaboradores<\/h1>\n<p>O MetaloFar conta com parcerias que fortalecem a pesquisa multidisciplinar em Qu\u00edmica Inorg\u00e2nica Medicinal.<\/p>\n<h2>Laborat\u00f3rios parceiros<\/h2>\n<ul>\n<li><strong>Laborat\u00f3rio de Gen\u00e9tica Toxicol\u00f3gica (GenTox)<\/strong> \u2013 estudos de genotoxicidade, mutagenicidade e mecanismos de reparo do DNA.<\/li>\n<li><strong>Laborat\u00f3rio de Pesquisa em Neuromodula\u00e7\u00e3o Celular (NeuroCell)<\/strong> \u2013 avalia\u00e7\u00e3o de mecanismos celulares, neuroqu\u00edmica e biomarcadores.<\/li>\n<\/ul>\n<h2>Outros colaboradores<\/h2>\n<ul>\n<li><em>Adicionar aqui os parceiros nacionais e internacionais conforme desejado.<\/em><\/li>\n<\/ul>\n","protected":false},"excerpt":{"rendered":"<p>Colaboradores O MetaloFar conta com parcerias que fortalecem a pesquisa multidisciplinar em Qu\u00edmica Inorg\u00e2nica Medicinal. Laborat\u00f3rios parceiros Laborat\u00f3rio de Gen\u00e9tica Toxicol\u00f3gica (GenTox) \u2013 estudos de genotoxicidade, mutagenicidade e mecanismos de reparo do DNA. Laborat\u00f3rio de Pesquisa em Neuromodula\u00e7\u00e3o Celular (NeuroCell) \u2013 avalia\u00e7\u00e3o de mecanismos celulares, neuroqu\u00edmica e biomarcadores. Outros colaboradores Adicionar aqui os parceiros nacionais&#8230; <\/p>\n<div class=\"link-more\"><a href=\"https:\/\/wp.ufpel.edu.br\/metalofar\/colaboradores\/\">Leia mais<\/a><\/div>\n","protected":false},"author":1484,"featured_media":0,"parent":0,"menu_order":0,"comment_status":"closed","ping_status":"closed","template":"","meta":{"footnotes":""},"class_list":["post-65","page","type-page","status-publish","hentry"],"_links":{"self":[{"href":"https:\/\/wp.ufpel.edu.br\/metalofar\/wp-json\/wp\/v2\/pages\/65","targetHints":{"allow":["GET"]}}],"collection":[{"href":"https:\/\/wp.ufpel.edu.br\/metalofar\/wp-json\/wp\/v2\/pages"}],"about":[{"href":"https:\/\/wp.ufpel.edu.br\/metalofar\/wp-json\/wp\/v2\/types\/page"}],"author":[{"embeddable":true,"href":"https:\/\/wp.ufpel.edu.br\/metalofar\/wp-json\/wp\/v2\/users\/1484"}],"replies":[{"embeddable":true,"href":"https:\/\/wp.ufpel.edu.br\/metalofar\/wp-json\/wp\/v2\/comments?post=65"}],"version-history":[{"count":0,"href":"https:\/\/wp.ufpel.edu.br\/metalofar\/wp-json\/wp\/v2\/pages\/65\/revisions"}],"wp:attachment":[{"href":"https:\/\/wp.ufpel.edu.br\/metalofar\/wp-json\/wp\/v2\/media?parent=65"}],"curies":[{"name":"wp","href":"https:\/\/api.w.org\/{rel}","templated":true}]}}