{"id":40,"date":"2025-08-17T14:57:00","date_gmt":"2025-08-17T17:57:00","guid":{"rendered":"https:\/\/wp.ufpel.edu.br\/metalofar\/?page_id=4"},"modified":"2025-08-17T14:57:00","modified_gmt":"2025-08-17T17:57:00","slug":"linhas-de-pesquisa","status":"publish","type":"page","link":"https:\/\/wp.ufpel.edu.br\/metalofar\/linhas-de-pesquisa\/","title":{"rendered":"Linhas de Pesquisa"},"content":{"rendered":"<h1>Linhas de Pesquisa<\/h1>\n<ol>\n<li><strong>Complexos met\u00e1licos com potencial antitumoral<\/strong> \u2013 foco em Cu(II) e outros centros, rela\u00e7\u00e3o estrutura\u2013atividade.<\/li>\n<li><strong>Intera\u00e7\u00f5es com DNA e prote\u00ednas<\/strong> \u2013 modos de liga\u00e7\u00e3o, dessor\u00e7\u00e3o e estabilidade em meio biol\u00f3gico.<\/li>\n<li><strong>ADMETox e modelagem molecular<\/strong> \u2013 triagem <em>in silico<\/em>, docking e din\u00e2mica molecular.<\/li>\n<li><strong>Mecanismos celulares<\/strong> \u2013 ROS, ciclo celular, apoptose\/ferroptose e reparo de DNA.<\/li>\n<\/ol>\n","protected":false},"excerpt":{"rendered":"<p>Linhas de Pesquisa Complexos met\u00e1licos com potencial antitumoral \u2013 foco em Cu(II) e outros centros, rela\u00e7\u00e3o estrutura\u2013atividade. Intera\u00e7\u00f5es com DNA e prote\u00ednas \u2013 modos de liga\u00e7\u00e3o, dessor\u00e7\u00e3o e estabilidade em meio biol\u00f3gico. ADMETox e modelagem molecular \u2013 triagem in silico, docking e din\u00e2mica molecular. Mecanismos celulares \u2013 ROS, ciclo celular, apoptose\/ferroptose e reparo de DNA.<\/p>\n","protected":false},"author":1484,"featured_media":0,"parent":0,"menu_order":0,"comment_status":"closed","ping_status":"closed","template":"","meta":{"footnotes":""},"class_list":["post-40","page","type-page","status-publish","hentry"],"_links":{"self":[{"href":"https:\/\/wp.ufpel.edu.br\/metalofar\/wp-json\/wp\/v2\/pages\/40","targetHints":{"allow":["GET"]}}],"collection":[{"href":"https:\/\/wp.ufpel.edu.br\/metalofar\/wp-json\/wp\/v2\/pages"}],"about":[{"href":"https:\/\/wp.ufpel.edu.br\/metalofar\/wp-json\/wp\/v2\/types\/page"}],"author":[{"embeddable":true,"href":"https:\/\/wp.ufpel.edu.br\/metalofar\/wp-json\/wp\/v2\/users\/1484"}],"replies":[{"embeddable":true,"href":"https:\/\/wp.ufpel.edu.br\/metalofar\/wp-json\/wp\/v2\/comments?post=40"}],"version-history":[{"count":0,"href":"https:\/\/wp.ufpel.edu.br\/metalofar\/wp-json\/wp\/v2\/pages\/40\/revisions"}],"wp:attachment":[{"href":"https:\/\/wp.ufpel.edu.br\/metalofar\/wp-json\/wp\/v2\/media?parent=40"}],"curies":[{"name":"wp","href":"https:\/\/api.w.org\/{rel}","templated":true}]}}