{"id":38,"date":"2025-08-17T14:57:00","date_gmt":"2025-08-17T17:57:00","guid":{"rendered":"https:\/\/wp.ufpel.edu.br\/metalofar\/?page_id=3"},"modified":"2025-08-17T16:34:45","modified_gmt":"2025-08-17T19:34:45","slug":"pesquisadores","status":"publish","type":"page","link":"https:\/\/wp.ufpel.edu.br\/metalofar\/pesquisadores\/","title":{"rendered":"Pesquisadores"},"content":{"rendered":"<h1 style=\"text-align: center;\">Equipe<\/h1>\n<h2 style=\"text-align: center;\">Coordena\u00e7\u00e3o<\/h2>\n<figure id=\"attachment_8\" aria-describedby=\"caption-attachment-8\" style=\"width: 320px\" class=\"wp-caption aligncenter\"><img loading=\"lazy\" decoding=\"async\" class=\"size-medium wp-image-8\" src=\"https:\/\/wp.ufpel.edu.br\/metalofar\/files\/2025\/08\/Sem-nome-Post-para-Instagram-45-1-320x400.jpg\" alt=\"L\u00edder: Dra. Adriana Pinheiro\" width=\"320\" height=\"400\" srcset=\"https:\/\/wp.ufpel.edu.br\/metalofar\/files\/2025\/08\/Sem-nome-Post-para-Instagram-45-1-320x400.jpg 320w, https:\/\/wp.ufpel.edu.br\/metalofar\/files\/2025\/08\/Sem-nome-Post-para-Instagram-45-1-819x1024.jpg 819w, https:\/\/wp.ufpel.edu.br\/metalofar\/files\/2025\/08\/Sem-nome-Post-para-Instagram-45-1-768x960.jpg 768w, https:\/\/wp.ufpel.edu.br\/metalofar\/files\/2025\/08\/Sem-nome-Post-para-Instagram-45-1.jpg 1080w\" sizes=\"auto, (max-width: 320px) 100vw, 320px\" \/><figcaption id=\"caption-attachment-8\" class=\"wp-caption-text\">L\u00edder: Dra. Adriana Pinheiro<\/figcaption><\/figure>\n<p style=\"text-align: center;\"><strong>\u00a0Dra. Adriana Pinheiro<\/strong> \u2013 UFPel<br \/>\nE-mail: <a href=\"mailto:adriana.pinheiro@ufpel.edu.br\">adriana.pinheiro@ufpel.edu.br<\/a><\/p>\n<h2 style=\"text-align: center;\">Alunos<\/h2>\n<ul>\n<li style=\"text-align: left;\">Doutorado<\/li>\n<li style=\"text-align: left;\">Mestrado<\/li>\n<\/ul>\n<p><img loading=\"lazy\" decoding=\"async\" class=\"alignnone size-medium wp-image-69 aligncenter\" src=\"https:\/\/wp.ufpel.edu.br\/metalofar\/files\/2025\/08\/Adriana-Pinheiro-320x400.png\" alt=\"\" width=\"320\" height=\"400\" srcset=\"https:\/\/wp.ufpel.edu.br\/metalofar\/files\/2025\/08\/Adriana-Pinheiro-320x400.png 320w, https:\/\/wp.ufpel.edu.br\/metalofar\/files\/2025\/08\/Adriana-Pinheiro-819x1024.png 819w, https:\/\/wp.ufpel.edu.br\/metalofar\/files\/2025\/08\/Adriana-Pinheiro-768x960.png 768w, https:\/\/wp.ufpel.edu.br\/metalofar\/files\/2025\/08\/Adriana-Pinheiro-240x300.png 240w, https:\/\/wp.ufpel.edu.br\/metalofar\/files\/2025\/08\/Adriana-Pinheiro.png 1080w\" sizes=\"auto, (max-width: 320px) 100vw, 320px\" \/><\/p>\n<ul>\n<li>Inicia\u00e7\u00e3o cient\u00edfica<\/li>\n<\/ul>\n<p>&nbsp;<\/p>\n<ul>\n<li>Colabora\u00e7\u00f5es<\/li>\n<\/ul>\n<p>&nbsp;<\/p>\n","protected":false},"excerpt":{"rendered":"<p>Equipe Coordena\u00e7\u00e3o \u00a0Dra. Adriana Pinheiro \u2013 UFPel E-mail: adriana.pinheiro@ufpel.edu.br Alunos Doutorado Mestrado Inicia\u00e7\u00e3o cient\u00edfica &nbsp; Colabora\u00e7\u00f5es &nbsp;<\/p>\n","protected":false},"author":1484,"featured_media":0,"parent":0,"menu_order":0,"comment_status":"closed","ping_status":"closed","template":"","meta":{"_crdt_document":"","footnotes":""},"class_list":["post-38","page","type-page","status-publish","hentry"],"_links":{"self":[{"href":"https:\/\/wp.ufpel.edu.br\/metalofar\/wp-json\/wp\/v2\/pages\/38","targetHints":{"allow":["GET"]}}],"collection":[{"href":"https:\/\/wp.ufpel.edu.br\/metalofar\/wp-json\/wp\/v2\/pages"}],"about":[{"href":"https:\/\/wp.ufpel.edu.br\/metalofar\/wp-json\/wp\/v2\/types\/page"}],"author":[{"embeddable":true,"href":"https:\/\/wp.ufpel.edu.br\/metalofar\/wp-json\/wp\/v2\/users\/1484"}],"replies":[{"embeddable":true,"href":"https:\/\/wp.ufpel.edu.br\/metalofar\/wp-json\/wp\/v2\/comments?post=38"}],"version-history":[{"count":3,"href":"https:\/\/wp.ufpel.edu.br\/metalofar\/wp-json\/wp\/v2\/pages\/38\/revisions"}],"predecessor-version":[{"id":72,"href":"https:\/\/wp.ufpel.edu.br\/metalofar\/wp-json\/wp\/v2\/pages\/38\/revisions\/72"}],"wp:attachment":[{"href":"https:\/\/wp.ufpel.edu.br\/metalofar\/wp-json\/wp\/v2\/media?parent=38"}],"curies":[{"name":"wp","href":"https:\/\/api.w.org\/{rel}","templated":true}]}}