{"id":28,"date":"2013-08-22T16:43:29","date_gmt":"2013-08-22T19:43:29","guid":{"rendered":"https:\/\/wp.ufpel.edu.br\/mestradoartesvisuais\/?page_id=28"},"modified":"2022-02-07T11:19:06","modified_gmt":"2022-02-07T14:19:06","slug":"selecao-de-bolsista","status":"publish","type":"page","link":"https:\/\/wp.ufpel.edu.br\/mestradoartesvisuais\/?page_id=28","title":{"rendered":"Sele\u00e7\u00e3o de Bolsista"},"content":{"rendered":"<style>.kt-accordion-id_0479bf-08 .kt-accordion-inner-wrap{column-gap:var(--global-kb-gap-md, 2rem);row-gap:15px;}.kt-accordion-id_0479bf-08 .kt-accordion-panel-inner{border-top-width:0px;border-right-width:0px;border-bottom-width:5px;border-left-width:0px;border-color:#fcb900;border-top-left-radius:0px;border-top-right-radius:0px;border-bottom-right-radius:0px;border-bottom-left-radius:0px;background:rgba(255,255,255,0);padding-top:0px;padding-right:30px;padding-bottom:20px;padding-left:30px;}.kt-accordion-id_0479bf-08 > .kt-accordion-inner-wrap > .wp-block-kadence-pane > .kt-accordion-header-wrap > .kt-blocks-accordion-header{border-top-color:#555555;border-right-color:#555555;border-bottom-color:rgba(85,85,85,0);border-left-color:#eeeeee;border-top-width:0px;border-right-width:0px;border-bottom-width:0px;border-left-width:10px;border-top-left-radius:0px;border-top-right-radius:0px;border-bottom-right-radius:0px;border-bottom-left-radius:0px;background:rgba(243,243,243,0.27);font-size:14px;line-height:20px;letter-spacing:0.2px;font-family:-apple-system,BlinkMacSystemFont,\"Segoe UI\",Roboto,Oxygen-Sans,Ubuntu,Cantarell,\"Helvetica Neue\",sans-serif, \"Apple Color Emoji\", \"Segoe UI Emoji\", \"Segoe UI Symbol\";font-weight:400;text-transform:none;color:#555555;padding-top:20px;padding-right:20px;padding-bottom:20px;padding-left:30px;}.kt-accordion-id_0479bf-08:not( .kt-accodion-icon-style-basiccircle ):not( .kt-accodion-icon-style-xclosecircle ):not( .kt-accodion-icon-style-arrowcircle )  > .kt-accordion-inner-wrap > .wp-block-kadence-pane > .kt-accordion-header-wrap .kt-blocks-accordion-icon-trigger:after, .kt-accordion-id_0479bf-08:not( .kt-accodion-icon-style-basiccircle ):not( .kt-accodion-icon-style-xclosecircle ):not( .kt-accodion-icon-style-arrowcircle )  > .kt-accordion-inner-wrap > .wp-block-kadence-pane > .kt-accordion-header-wrap .kt-blocks-accordion-icon-trigger:before{background:#555555;}.kt-accordion-id_0479bf-08:not( .kt-accodion-icon-style-basic ):not( .kt-accodion-icon-style-xclose ):not( .kt-accodion-icon-style-arrow ) .kt-blocks-accordion-icon-trigger{background:#555555;}.kt-accordion-id_0479bf-08:not( .kt-accodion-icon-style-basic ):not( .kt-accodion-icon-style-xclose ):not( .kt-accodion-icon-style-arrow ) .kt-blocks-accordion-icon-trigger:after, .kt-accordion-id_0479bf-08:not( .kt-accodion-icon-style-basic ):not( .kt-accodion-icon-style-xclose ):not( .kt-accodion-icon-style-arrow ) .kt-blocks-accordion-icon-trigger:before{background:rgba(243,243,243,0.27);}.kt-accordion-id_0479bf-08 > .kt-accordion-inner-wrap > .wp-block-kadence-pane > .kt-accordion-header-wrap > .kt-blocks-accordion-header:hover, \n\t\t\t\tbody:not(.hide-focus-outline) .kt-accordion-id_0479bf-08 .kt-blocks-accordion-header:focus-visible{color:#444444;background:#eeeeee;border-top-color:#eeeeee;border-right-color:#eeeeee;border-bottom-color:#eeeeee;border-left-color:#eeeeee;}.kt-accordion-id_0479bf-08:not( .kt-accodion-icon-style-basiccircle ):not( .kt-accodion-icon-style-xclosecircle ):not( .kt-accodion-icon-style-arrowcircle ) .kt-accordion-header-wrap .kt-blocks-accordion-header:hover .kt-blocks-accordion-icon-trigger:after, .kt-accordion-id_0479bf-08:not( .kt-accodion-icon-style-basiccircle ):not( .kt-accodion-icon-style-xclosecircle ):not( .kt-accodion-icon-style-arrowcircle ) .kt-accordion-header-wrap .kt-blocks-accordion-header:hover .kt-blocks-accordion-icon-trigger:before, body:not(.hide-focus-outline) .kt-accordion-id_0479bf-08:not( .kt-accodion-icon-style-basiccircle ):not( .kt-accodion-icon-style-xclosecircle ):not( .kt-accodion-icon-style-arrowcircle ) .kt-blocks-accordion--visible .kt-blocks-accordion-icon-trigger:after, body:not(.hide-focus-outline) .kt-accordion-id_0479bf-08:not( .kt-accodion-icon-style-basiccircle ):not( .kt-accodion-icon-style-xclosecircle ):not( .kt-accodion-icon-style-arrowcircle ) .kt-blocks-accordion-header:focus-visible .kt-blocks-accordion-icon-trigger:before{background:#444444;}.kt-accordion-id_0479bf-08:not( .kt-accodion-icon-style-basic ):not( .kt-accodion-icon-style-xclose ):not( .kt-accodion-icon-style-arrow ) .kt-accordion-header-wrap .kt-blocks-accordion-header:hover .kt-blocks-accordion-icon-trigger, body:not(.hide-focus-outline) .kt-accordion-id_0479bf-08:not( .kt-accodion-icon-style-basic ):not( .kt-accodion-icon-style-xclose ):not( .kt-accodion-icon-style-arrow ) .kt-accordion-header-wrap .kt-blocks-accordion-header:focus-visible .kt-blocks-accordion-icon-trigger{background:#444444;}.kt-accordion-id_0479bf-08:not( .kt-accodion-icon-style-basic ):not( .kt-accodion-icon-style-xclose ):not( .kt-accodion-icon-style-arrow ) .kt-accordion-header-wrap .kt-blocks-accordion-header:hover .kt-blocks-accordion-icon-trigger:after, .kt-accordion-id_0479bf-08:not( .kt-accodion-icon-style-basic ):not( .kt-accodion-icon-style-xclose ):not( .kt-accodion-icon-style-arrow ) .kt-accordion-header-wrap .kt-blocks-accordion-header:hover .kt-blocks-accordion-icon-trigger:before, body:not(.hide-focus-outline) .kt-accordion-id_0479bf-08:not( .kt-accodion-icon-style-basic ):not( .kt-accodion-icon-style-xclose ):not( .kt-accodion-icon-style-arrow ) .kt-accordion-header-wrap .kt-blocks-accordion-header:focus-visible .kt-blocks-accordion-icon-trigger:after, body:not(.hide-focus-outline) .kt-accordion-id_0479bf-08:not( .kt-accodion-icon-style-basic ):not( .kt-accodion-icon-style-xclose ):not( .kt-accodion-icon-style-arrow ) .kt-accordion-header-wrap .kt-blocks-accordion-header:focus-visible .kt-blocks-accordion-icon-trigger:before{background:#eeeeee;}.kt-accordion-id_0479bf-08 .kt-accordion-header-wrap .kt-blocks-accordion-header:focus-visible,\n\t\t\t\t.kt-accordion-id_0479bf-08 > .kt-accordion-inner-wrap > .wp-block-kadence-pane > .kt-accordion-header-wrap > .kt-blocks-accordion-header.kt-accordion-panel-active{color:#444444;background:rgba(252,185,0,0.05);border-top-color:#444444;border-right-color:#444444;border-bottom-color:#444444;border-left-color:#fcb900;}.kt-accordion-id_0479bf-08:not( .kt-accodion-icon-style-basiccircle ):not( .kt-accodion-icon-style-xclosecircle ):not( .kt-accodion-icon-style-arrowcircle )  > .kt-accordion-inner-wrap > .wp-block-kadence-pane > .kt-accordion-header-wrap > .kt-blocks-accordion-header.kt-accordion-panel-active .kt-blocks-accordion-icon-trigger:after, .kt-accordion-id_0479bf-08:not( .kt-accodion-icon-style-basiccircle ):not( .kt-accodion-icon-style-xclosecircle ):not( .kt-accodion-icon-style-arrowcircle )  > .kt-accordion-inner-wrap > .wp-block-kadence-pane > .kt-accordion-header-wrap > .kt-blocks-accordion-header.kt-accordion-panel-active .kt-blocks-accordion-icon-trigger:before{background:#444444;}.kt-accordion-id_0479bf-08:not( .kt-accodion-icon-style-basic ):not( .kt-accodion-icon-style-xclose ):not( .kt-accodion-icon-style-arrow ) .kt-blocks-accordion-header.kt-accordion-panel-active .kt-blocks-accordion-icon-trigger{background:#444444;}.kt-accordion-id_0479bf-08:not( .kt-accodion-icon-style-basic ):not( .kt-accodion-icon-style-xclose ):not( .kt-accodion-icon-style-arrow ) .kt-blocks-accordion-header.kt-accordion-panel-active .kt-blocks-accordion-icon-trigger:after, .kt-accordion-id_0479bf-08:not( .kt-accodion-icon-style-basic ):not( .kt-accodion-icon-style-xclose ):not( .kt-accodion-icon-style-arrow ) .kt-blocks-accordion-header.kt-accordion-panel-active .kt-blocks-accordion-icon-trigger:before{background:rgba(252,185,0,0.05);}@media all and (max-width: 767px){.kt-accordion-id_0479bf-08 .kt-accordion-inner-wrap{display:block;}.kt-accordion-id_0479bf-08 .kt-accordion-inner-wrap .kt-accordion-pane:not(:first-child){margin-top:15px;}}<\/style>\n<div class=\"wp-block-kadence-accordion alignnone\"><div class=\"kt-accordion-wrap kt-accordion-wrap kt-accordion-id_0479bf-08 kt-accordion-has-45-panes kt-active-pane-0 kt-accordion-block kt-pane-header-alignment-left kt-accodion-icon-style-arrow kt-accodion-icon-side-right\" style=\"max-width:none\"><div class=\"kt-accordion-inner-wrap\" data-allow-multiple-open=\"false\" data-start-open=\"none\">\n<div class=\"wp-block-kadence-pane kt-accordion-pane kt-accordion-pane-36 kt-pane_eabe33-4e\" id=\"pp-poeticas-contemporaneas\"><div class=\"kt-accordion-header-wrap\"><button class=\"kt-blocks-accordion-header kt-acccordion-button-label-show\"><span class=\"kt-blocks-accordion-title-wrap\"><span class=\"kt-blocks-accordion-title\">\/\/ Sele\u00e7\u00e3o de Bolsista<strong> _ 2022<\/strong><\/span><\/span><span class=\"kt-blocks-accordion-icon-trigger\"><\/span><\/button><\/div><div class=\"kt-accordion-panel kt-accordion-panel-hidden\"><div class=\"kt-accordion-panel-inner\">\n<p><span style=\"font-family: 'trebuchet ms', geneva, sans-serif; font-size: 10pt;\"><strong><span style=\"font-size: 14pt;\">\/ <a href=\"https:\/\/wp.ufpel.edu.br\/mestradoartesvisuais\/2021\/12\/20\/selecao-para-ranqueamento-de-candidatos-a-bolsa-de-mestrado-2\/\">Sele\u00e7\u00e3o de Bolsista \u2013 PPGAVI 2022<\/a><\/span><\/strong><br \/>Sele\u00e7\u00e3o de Bolsista &#8211; <a href=\"https:\/\/wp.ufpel.edu.br\/mestradoartesvisuais\/files\/2021\/12\/EDITAL-ranqueamento-de-bolsistas_PPGAVI-02-2022.pdf\" target=\"_blank\" rel=\"noopener\">Edital 02\/2021<\/a><br \/>Sele\u00e7\u00e3o de Bolsista &#8211; <a href=\"https:\/\/wp.ufpel.edu.br\/mestradoartesvisuais\/files\/2021\/12\/anexo-1-ranqueamento.docx\" target=\"_blank\" rel=\"noopener\">Anexos<\/a><br \/>Sele\u00e7\u00e3o de Bolsista &#8211; <a href=\"https:\/\/wp.ufpel.edu.br\/mestradoartesvisuais\/files\/2022\/02\/Resultado-Edital-ranqueamento-modelo-2022.pdf\" target=\"_blank\" rel=\"noopener\">Resultado do Edital 2022<\/a><\/span><\/p>\n\n\n\n<p><\/p>\n<\/div><\/div><\/div>\n\n\n\n<div class=\"wp-block-kadence-pane kt-accordion-pane kt-accordion-pane-45 kt-pane_db03e4-dc\" id=\"pp-poeticas-contemporaneas\"><div class=\"kt-accordion-header-wrap\"><button class=\"kt-blocks-accordion-header kt-acccordion-button-label-show\"><span class=\"kt-blocks-accordion-title-wrap\"><span class=\"kt-blocks-accordion-title\">\/\/ Sele\u00e7\u00e3o de Bolsista<strong> _ 2021<\/strong><\/span><\/span><span class=\"kt-blocks-accordion-icon-trigger\"><\/span><\/button><\/div><div class=\"kt-accordion-panel kt-accordion-panel-hidden\"><div class=\"kt-accordion-panel-inner\">\n<p><span style=\"font-family: 'trebuchet ms', geneva, sans-serif; font-size: 10pt;\"><strong><span style=\"font-size: 14pt;\">\/ <a href=\"https:\/\/wp.ufpel.edu.br\/mestradoartesvisuais\/2021\/01\/04\/selecao-para-ranqueamento-de-candidatos-a-bolsa-de-mestrado\/\">Sele\u00e7\u00e3o de Bolsista \u2013 PPGAVI 2021<\/a><\/span><\/strong><br>Sele\u00e7\u00e3o de Bolsista &#8211; <a href=\"https:\/\/wp.ufpel.edu.br\/mestradoartesvisuais\/files\/2021\/01\/EDITAL-ranqueamento-de-bolsistas_PPGAVI-2021.pdf\" target=\"_blank\" rel=\"noopener noreferrer\">Edital 01\/2021<\/a><br>Sele\u00e7\u00e3o de Bolsista &#8211; <a href=\"https:\/\/wp.ufpel.edu.br\/mestradoartesvisuais\/files\/2021\/01\/EDITAL-ranqueamento-de-bolsistas_PPGAVI-2021-Anexos.docx\" target=\"_blank\" rel=\"noopener noreferrer\">Anexos<\/a><br>Sele\u00e7\u00e3o de Bolsista &#8211; <a href=\"https:\/\/wp.ufpel.edu.br\/mestradoartesvisuais\/2021\/02\/19\/resultado-do-edital-01-2021-selecao-para-ranqueamento-de-candidatos-a-bolsa-de-mestrado\/\">Resultado do Edital 2021<\/a><\/span><\/p>\n<\/div><\/div><\/div>\n\n\n\n<div class=\"wp-block-kadence-pane kt-accordion-pane kt-accordion-pane-44 kt-pane_02bab9-f6\" id=\"pp-poeticas-contemporaneas\"><div class=\"kt-accordion-header-wrap\"><button class=\"kt-blocks-accordion-header kt-acccordion-button-label-show\"><span class=\"kt-blocks-accordion-title-wrap\"><span class=\"kt-blocks-accordion-title\">\/\/ Sele\u00e7\u00e3o de Bolsista<strong> _ 2020<\/strong><\/span><\/span><span class=\"kt-blocks-accordion-icon-trigger\"><\/span><\/button><\/div><div class=\"kt-accordion-panel kt-accordion-panel-hidden\"><div class=\"kt-accordion-panel-inner\">\n<p><span style=\"font-family: 'trebuchet ms', geneva, sans-serif;font-size: 10pt\"><strong><span style=\"font-size: 14pt\">\/ <a href=\"https:\/\/wp.ufpel.edu.br\/mestradoartesvisuais\/2020\/01\/08\/3835\/\">Sele\u00e7\u00e3o de Bolsista \u2013 PPGAVI 2020<\/a><\/span><\/strong><br>Sele\u00e7\u00e3o de Bolsista &#8211; <a href=\"https:\/\/wp.ufpel.edu.br\/mestradoartesvisuais\/files\/2020\/01\/EDITAL-de-bolsas-01-2020-sele%C3%A7%C3%A3o-de-bolsistas-PPGAVI.pdf\" target=\"_blank\" rel=\"noopener noreferrer\">Edital 01\/2020 + Anexos 1 e 2<\/a><br>Sele\u00e7\u00e3o de Bolsista &#8211; <a href=\"https:\/\/wp.ufpel.edu.br\/mestradoartesvisuais\/files\/2020\/01\/ANEXOS-3-e-4.docx\" target=\"_blank\" rel=\"noopener noreferrer\">Anexos 3 e 4<\/a><br>Sele\u00e7\u00e3o de Bolsista &#8211; <a href=\"https:\/\/wp.ufpel.edu.br\/mestradoartesvisuais\/2020\/02\/05\/candidatos-inscritos-homologados-para-edital-no-03-2020-selecao-de-aluno-especial-1-2020\/\">Inscri\u00e7\u00f5es homologadas<\/a><br>Sele\u00e7\u00e3o de Bolsista &#8211; <a href=\"https:\/\/wp.ufpel.edu.br\/mestradoartesvisuais\/2020\/02\/13\/resultado-edital-01-2020-selecao-de-candidatosas-bolsistas\/\">Resultado do Edital 01\/2020<\/a><\/span><\/p>\n<\/div><\/div><\/div>\n\n\n\n<div class=\"wp-block-kadence-pane kt-accordion-pane kt-accordion-pane-38 kt-pane_54cab1-27\" id=\"pp-poeticas-contemporaneas\"><div class=\"kt-accordion-header-wrap\"><button class=\"kt-blocks-accordion-header kt-acccordion-button-label-show\"><span class=\"kt-blocks-accordion-title-wrap\"><span class=\"kt-blocks-accordion-title\">\/\/ Sele\u00e7\u00e3o de Bolsista<strong> _ 2019<\/strong><\/span><\/span><span class=\"kt-blocks-accordion-icon-trigger\"><\/span><\/button><\/div><div class=\"kt-accordion-panel kt-accordion-panel-hidden\"><div class=\"kt-accordion-panel-inner\">\n<p><span style=\"font-family: 'trebuchet ms', geneva, sans-serif;font-size: 10pt\"><strong><span style=\"font-size: 14pt\">\/ <a href=\"https:\/\/wp.ufpel.edu.br\/mestradoartesvisuais\/2019\/02\/05\/edital-de-aluno-bolsista-2019\/\">Sele\u00e7\u00e3o de Bolsista \u2013 PPGAVI 2019<\/a><\/span><\/strong><br>Sele\u00e7\u00e3o de Bolsista &#8211; <a href=\"https:\/\/wp.ufpel.edu.br\/mestradoartesvisuais\/files\/2019\/02\/EDITALsele%C3%A7%C3%A3o-de-bolsistas_PPGAV.-2019-2.pdf\" target=\"_blank\" rel=\"noopener noreferrer\">Edital 01\/2019<\/a><br>Sele\u00e7\u00e3o de Bolsista &#8211; <a href=\"https:\/\/wp.ufpel.edu.br\/mestradoartesvisuais\/2019\/02\/22\/edital-01-2019-selecao-de-bolsistas-homologacao-das-inscricoes\/\">Inscri\u00e7\u00f5es homologadas<\/a><br>Sele\u00e7\u00e3o de Bolsista &#8211; <a href=\"https:\/\/wp.ufpel.edu.br\/mestradoartesvisuais\/2019\/03\/01\/edital-01-2019-selecao-de-bolsistas\/\">Resultado do Edital 01\/2019<\/a><br><\/span><\/p>\n<\/div><\/div><\/div>\n\n\n\n<div class=\"wp-block-kadence-pane kt-accordion-pane kt-accordion-pane-39 kt-pane_f62460-2f\" id=\"pp-poeticas-contemporaneas\"><div class=\"kt-accordion-header-wrap\"><button class=\"kt-blocks-accordion-header kt-acccordion-button-label-show\"><span class=\"kt-blocks-accordion-title-wrap\"><span class=\"kt-blocks-accordion-title\">\/\/ Sele\u00e7\u00e3o de Bolsista<strong> _ 2018<\/strong><\/span><\/span><span class=\"kt-blocks-accordion-icon-trigger\"><\/span><\/button><\/div><div class=\"kt-accordion-panel kt-accordion-panel-hidden\"><div class=\"kt-accordion-panel-inner\">\n<p><span style=\"font-family: 'trebuchet ms', geneva, sans-serif;font-size: 10pt\"><strong><span style=\"font-size: 14pt\">\/ <a href=\"https:\/\/wp.ufpel.edu.br\/mestradoartesvisuais\/2018\/01\/05\/selecao-de-bolsistas-programa-de-bolsas-de-mestrado-2\/\">Sele\u00e7\u00e3o de Bolsista \u2013 PPGAVI 2018<\/a><\/span><\/strong><br>Sele\u00e7\u00e3o de Bolsista &#8211; <a href=\"https:\/\/wp.ufpel.edu.br\/mestradoartesvisuais\/files\/2018\/01\/EDITAL-01-2018_sele%C3%A7%C3%A3o-de-bolsistas_PPGAV.pdf\" target=\"_blank\" rel=\"noopener noreferrer\">Edital 01\/2018<\/a><br>Sele\u00e7\u00e3o de Bolsista &#8211; <a href=\"https:\/\/wp.ufpel.edu.br\/mestradoartesvisuais\/files\/2018\/01\/FICHA-DE-INSCRI%C3%87%C3%83O-PARA-SELE%C3%87%C3%83O-DE-BOLSISTAS-MESTRADO-EM-ARTES-VISUAIS.docx\" target=\"_blank\" rel=\"noopener noreferrer\">Ficha de Inscri\u00e7\u00e3o<\/a><br>Sele\u00e7\u00e3o de Bolsista &#8211; <a href=\"https:\/\/wp.ufpel.edu.br\/mestradoartesvisuais\/2018\/02\/14\/lista-das-inscricoes-homologadas-para-selecao-de-bolsistas-ppgav-2018\/\">Inscri\u00e7\u00f5es homologadas<\/a><br>Sele\u00e7\u00e3o de Bolsista &#8211; <a href=\"https:\/\/wp.ufpel.edu.br\/mestradoartesvisuais\/2018\/02\/23\/resultado-da-selecao-de-bolsistas-ppgav-2018\/\">Resultado do Edital 01\/2018<\/a><br>Sele\u00e7\u00e3o de Bolsista &#8211; <a href=\"https:\/\/wp.ufpel.edu.br\/mestradoartesvisuais\/2018\/03\/09\/retificacao-do-resultado-final-da-selecao-de-bolsas-de-acordo-com-a-media-ponderada-prevista-no-edital-1-2018\/\">Retifica\u00e7\u00e3o do resultado do Edital 01\/2018<\/a><\/span><\/p>\n<\/div><\/div><\/div>\n\n\n\n<div class=\"wp-block-kadence-pane kt-accordion-pane kt-accordion-pane-40 kt-pane_211814-31\" id=\"pp-poeticas-contemporaneas\"><div class=\"kt-accordion-header-wrap\"><button class=\"kt-blocks-accordion-header kt-acccordion-button-label-show\"><span class=\"kt-blocks-accordion-title-wrap\"><span class=\"kt-blocks-accordion-title\">\/\/ Sele\u00e7\u00e3o de Bolsista<strong> _ 2017<\/strong><\/span><\/span><span class=\"kt-blocks-accordion-icon-trigger\"><\/span><\/button><\/div><div class=\"kt-accordion-panel kt-accordion-panel-hidden\"><div class=\"kt-accordion-panel-inner\">\n<p><span style=\"font-family: 'trebuchet ms', geneva, sans-serif;font-size: 10pt\"><strong><span style=\"font-size: 14pt\">\/ <a href=\"https:\/\/wp.ufpel.edu.br\/mestradoartesvisuais\/2016\/12\/27\/selecao-de-bolsistas-programa-de-bolsas-de-mestrado\/\">Sele\u00e7\u00e3o de Bolsista \u2013 PPGAVI 2017<\/a><\/span><\/strong><br>Sele\u00e7\u00e3o de Bolsista &#8211; <a href=\"https:\/\/wp.ufpel.edu.br\/mestradoartesvisuais\/files\/2016\/12\/EDITAL-04-2016_sele%C3%A7%C3%A3o-de-bolsistas_PPGAV.pdf\" target=\"_blank\" rel=\"noopener noreferrer\">Edital 04\/2016<\/a><br>Sele\u00e7\u00e3o de Bolsista &#8211; <a href=\"https:\/\/wp.ufpel.edu.br\/mestradoartesvisuais\/2017\/02\/15\/retificacao-do-edital-042016\/\">Retifica\u00e7\u00e3o do Edital 04\/2016<\/a><br>Sele\u00e7\u00e3o de Bolsista &#8211; <a href=\"https:\/\/wp.ufpel.edu.br\/mestradoartesvisuais\/2017\/02\/10\/lista-das-inscricoes-homologadas-para-selecao-de-bolsistas-ppgav-2017\/\">Inscri\u00e7\u00f5es homologadas<\/a><br>Sele\u00e7\u00e3o de Bolsista &#8211; <a href=\"https:\/\/wp.ufpel.edu.br\/mestradoartesvisuais\/2017\/02\/21\/resultado-da-selecao-de-bolsistas\/\">Resultado do Edital 04\/2016<\/a><br>Sele\u00e7\u00e3o de Bolsista &#8211; <a href=\"https:\/\/wp.ufpel.edu.br\/mestradoartesvisuais\/2017\/03\/02\/homologacao-dos-resultados-edital-042016-selecao-de-bolsistas\/\">Homologa\u00e7\u00e3o do resultado do Edital 04\/2016<\/a><\/span><\/p>\n<p><span style=\"font-family: 'trebuchet ms', geneva, sans-serif;font-size: 10pt\">Sele\u00e7\u00e3o de Bolsista &#8211; <a href=\"https:\/\/wp.ufpel.edu.br\/mestradoartesvisuais\/2017\/11\/06\/resultado-da-selecao-de-bolsistas-2017-2-edital-fapergs-052017\/\">Resultado do Edital FAPERGS 05\/2017<\/a><\/span><\/p>\n<\/div><\/div><\/div>\n\n\n\n<div class=\"wp-block-kadence-pane kt-accordion-pane kt-accordion-pane-42 kt-pane_642de1-64\" id=\"pp-poeticas-contemporaneas\"><div class=\"kt-accordion-header-wrap\"><button class=\"kt-blocks-accordion-header kt-acccordion-button-label-show\"><span class=\"kt-blocks-accordion-title-wrap\"><span class=\"kt-blocks-accordion-title\">\/\/ Sele\u00e7\u00e3o de Bolsista<strong> _ 2015<\/strong><\/span><\/span><span class=\"kt-blocks-accordion-icon-trigger\"><\/span><\/button><\/div><div class=\"kt-accordion-panel kt-accordion-panel-hidden\"><div class=\"kt-accordion-panel-inner\">\n<p><span style=\"font-family: 'trebuchet ms', geneva, sans-serif;font-size: 10pt\"><strong><span style=\"font-size: 14pt\">\/ <a href=\"https:\/\/wp.ufpel.edu.br\/mestradoartesvisuais\/2015\/03\/12\/edital-de-selecao-de-bolsista-2015-ppgav\/\">Sele\u00e7\u00e3o de Bolsista \u2013 PPGAVI 2015<\/a><\/span><\/strong><br>Sele\u00e7\u00e3o de Bolsista &#8211; <a href=\"https:\/\/wp.ufpel.edu.br\/mestradoartesvisuais\/files\/2015\/03\/EDITAL-01-2015_selecao-de-bolsistas_PPGAV.pdf\" target=\"_blank\" rel=\"noopener noreferrer\">Edital 01\/2015<\/a><br>Sele\u00e7\u00e3o de Bolsista &#8211; <a href=\"https:\/\/wp.ufpel.edu.br\/mestradoartesvisuais\/2015\/04\/09\/resultado-do-edital-012015\/\">Resultado do Edital 01\/2015<\/a><\/span><\/p>\n<\/div><\/div><\/div>\n\n\n\n<div class=\"wp-block-kadence-pane kt-accordion-pane kt-accordion-pane-43 kt-pane_41c3d9-83\" id=\"pp-poeticas-contemporaneas\"><div class=\"kt-accordion-header-wrap\"><button class=\"kt-blocks-accordion-header kt-acccordion-button-label-show\"><span class=\"kt-blocks-accordion-title-wrap\"><span class=\"kt-blocks-accordion-title\">\/\/ Sele\u00e7\u00e3o de Bolsista<strong> _ 2014<\/strong><\/span><\/span><span class=\"kt-blocks-accordion-icon-trigger\"><\/span><\/button><\/div><div class=\"kt-accordion-panel kt-accordion-panel-hidden\"><div class=\"kt-accordion-panel-inner\">\n<p><span style=\"font-family: 'trebuchet ms', geneva, sans-serif;font-size: 10pt\"><strong><span style=\"font-size: 14pt\">\/ <a href=\"https:\/\/wp.ufpel.edu.br\/mestradoartesvisuais\/2014\/02\/13\/edital-012014-selecao-de-bolsistas\/\">Sele\u00e7\u00e3o de Bolsista \u2013 PPGAVI 2014<\/a><\/span><\/strong><br>Sele\u00e7\u00e3o de Bolsista &#8211; <a href=\"https:\/\/wp.ufpel.edu.br\/mestradoartesvisuais\/files\/2013\/08\/EDITAL-01-2014_bolsas-PPGAV.pdf\" target=\"_blank\" rel=\"noopener noreferrer\">Edital 01\/2014<\/a><br>Sele\u00e7\u00e3o de Bolsista &#8211; <a href=\"https:\/\/wp.ufpel.edu.br\/mestradoartesvisuais\/files\/2013\/08\/FICHA-DE-INSCRIC%CC%A7A%CC%83O-PARA-SELEC%CC%A7A%CC%83O-DE-BOLSISTAS-.docx\" target=\"_blank\" rel=\"noopener noreferrer\">Ficha de Inscri\u00e7\u00e3o<\/a><br>Sele\u00e7\u00e3o de Bolsista &#8211; <a href=\"https:\/\/wp.ufpel.edu.br\/mestradoartesvisuais\/2014\/02\/19\/edital-012014-selecao-de-bolsista-homologacao-das-inscricoes\/\">Inscri\u00e7\u00f5es homologadas<\/a><br>Sele\u00e7\u00e3o de Bolsista &#8211; <a href=\"https:\/\/wp.ufpel.edu.br\/mestradoartesvisuais\/2014\/02\/20\/inscricoes-homologadas-apos-recurso\/\">Inscri\u00e7\u00f5es homologadas ap\u00f3s recurso<\/a><br>Sele\u00e7\u00e3o de Bolsista &#8211; <a href=\"https:\/\/wp.ufpel.edu.br\/mestradoartesvisuais\/2014\/02\/21\/resultado-final-da-selecao-de-bolsista-edital-012014\/\">Resultado do Edital 01\/2014<\/a><\/span><\/p>\n<\/div><\/div><\/div>\n<\/div><\/div><\/div>\n","protected":false},"excerpt":{"rendered":"","protected":false},"author":301,"featured_media":0,"parent":145,"menu_order":0,"comment_status":"closed","ping_status":"closed","template":"","meta":{"jetpack_post_was_ever_published":false,"footnotes":""},"class_list":["post-28","page","type-page","status-publish","hentry"],"jetpack_sharing_enabled":false,"_links":{"self":[{"href":"https:\/\/wp.ufpel.edu.br\/mestradoartesvisuais\/index.php?rest_route=\/wp\/v2\/pages\/28","targetHints":{"allow":["GET"]}}],"collection":[{"href":"https:\/\/wp.ufpel.edu.br\/mestradoartesvisuais\/index.php?rest_route=\/wp\/v2\/pages"}],"about":[{"href":"https:\/\/wp.ufpel.edu.br\/mestradoartesvisuais\/index.php?rest_route=\/wp\/v2\/types\/page"}],"author":[{"embeddable":true,"href":"https:\/\/wp.ufpel.edu.br\/mestradoartesvisuais\/index.php?rest_route=\/wp\/v2\/users\/301"}],"replies":[{"embeddable":true,"href":"https:\/\/wp.ufpel.edu.br\/mestradoartesvisuais\/index.php?rest_route=%2Fwp%2Fv2%2Fcomments&post=28"}],"version-history":[{"count":29,"href":"https:\/\/wp.ufpel.edu.br\/mestradoartesvisuais\/index.php?rest_route=\/wp\/v2\/pages\/28\/revisions"}],"predecessor-version":[{"id":8500,"href":"https:\/\/wp.ufpel.edu.br\/mestradoartesvisuais\/index.php?rest_route=\/wp\/v2\/pages\/28\/revisions\/8500"}],"up":[{"embeddable":true,"href":"https:\/\/wp.ufpel.edu.br\/mestradoartesvisuais\/index.php?rest_route=\/wp\/v2\/pages\/145"}],"wp:attachment":[{"href":"https:\/\/wp.ufpel.edu.br\/mestradoartesvisuais\/index.php?rest_route=%2Fwp%2Fv2%2Fmedia&parent=28"}],"curies":[{"name":"wp","href":"https:\/\/api.w.org\/{rel}","templated":true}]}}