{"id":994,"date":"2012-06-24T22:15:47","date_gmt":"2012-06-25T01:15:47","guid":{"rendered":"https:\/\/wp.ufpel.edu.br\/mercosul\/?page_id=994"},"modified":"2012-06-25T19:27:40","modified_gmt":"2012-06-25T22:27:40","slug":"curso-superior-de-tecnologia-en-gestion-ambiental","status":"publish","type":"page","link":"https:\/\/wp.ufpel.edu.br\/mercosul\/cursos-relacionados-con-el-cim\/curso-superior-de-tecnologia-en-gestion-ambiental\/","title":{"rendered":"Curso Superior de Tecnolog\u00eda en Gesti\u00f3n Ambiental"},"content":{"rendered":"<p>La sociedad actualmente vive en una \u00e9poca de grandes desaf\u00edos, los que est\u00e1n relacionados con los continuos y profundos cambios en la esfera social, econ\u00f3mica, cultural y ambiental, por ejemplo. Tales cambios ocurren en ritmo acelerado y preconizan la necesidad de nuevos conocimientos cient\u00edficos y tecnol\u00f3gicos, capaces de suplir las necesidades de un mundo altamente exigente y mutante.<\/p>\n<p>Por cuenta de esos cambios, los individuos, el ambiente y las organizaciones son afectados de manera sin precedentes en la historia de la humanidad. Muchas veces obligados a adecuarse a las nuevas exigencias de la sociedad de informaci\u00f3n y conocimiento a fin de minimizar el impacto frecuente del empleo de nuevas tecnolog\u00edas, las cuales alteran h\u00e1bitos y la manera de vivir del ser humano en su totalidad.<\/p>\n<p>A pesar de la capacidad cient\u00edfica y tecnol\u00f3gica disponible, el ser humano a\u00fan posee limitaciones para aclarar la mayor\u00eda de los problemas que asolan el planeta. Miseria, hambre, enfermedades y la continua degradaci\u00f3n ambiental son unos de los desaf\u00edos impuestos a la ciencia y tecnolog\u00eda, actualmente se suman a estas preocupaciones las alteraciones clim\u00e1ticas globales de origen antr\u00f3pico que, seg\u00fan gran parte de los pron\u00f3sticos, pueden amenazar la estabilidad de la bi\u00f3sfera.<\/p>\n<p>La cuesti\u00f3n ambiental pasa a ser encarada bajo la visi\u00f3n de imposibilidad de conciliarse el desarrollo de una naci\u00f3n, sin un aumento significativo en el uso de recursos, con la consecuente generaci\u00f3n de residuos, agrav\u00e1ndose el aspecto en lo que respecta al aumento de la contaminaci\u00f3n. La necesidad de planificaci\u00f3n ambiental es algo aceptado, tanto por el medio empresarial, urbano y rural como por los \u00f3rganos gubernamentales en sus pol\u00edticas de desarrollo estrat\u00e9gico. En ese sentido, a\u00fan es significativa la carencia de profesionales que planean el uso de recursos naturales y actividades productivas, tanto locales como globales, de forma a alcanzar la anhelada sustentabilidad de nuestra sociedad. En este contexto, los desaf\u00edos que deben ser enfrentados permean toda la organizaci\u00f3n social, desde la producci\u00f3n, distribuci\u00f3n y consumo de bienes y servicios hasta las formas de estruturaci\u00f3n del Estado y sus pol\u00edticas relacionadas a la gesti\u00f3n ambiental. La incorporaci\u00f3n de temas en el trato de la salud p\u00fablica, como la degradaci\u00f3n ambiental \u2013la contaminaci\u00f3n de las aguas, aire y suelo\u2013, radiaciones ionizantes y no ionizantes, desastres naturales, accidentes con productos peligrosos, substancias qu\u00edmicas y sus efectos a la salud de la poblaci\u00f3n apuntan la necesidad de nuevos modelos de gesti\u00f3n y gubernanza del ambiente global.<\/p>\n<h4><strong>Contacto<\/strong><\/h4>\n<h4><strong>Curso Superior de Tecnolog\u00eda en Gesti\u00f3n Ambiental<\/strong><\/h4>\n<p>Direcci\u00f3n: Andrade Neves, 1529 \u2013 Pelotas\/RS, Brasil<br \/>\nTel\u00e9fono: +55 53 3222-0404 \u00a0Extensi\u00f3n: 28<\/p>\n<p>correo-e:\u00a0gasecretaria.ufpel@gmail.com<\/p>\n<h4><strong>Coordinador:<\/strong><\/h4>\n<p>Celso Elias Corradi<\/p>\n<h4><strong>Secretaria del Curso:<\/strong><\/h4>\n<p>Mirian Cristiane Gon\u00e7alves<\/p>\n<p>&nbsp;<\/p>\n<p>&nbsp;<\/p>\n","protected":false},"excerpt":{"rendered":"<p>La sociedad actualmente vive en una \u00e9poca de grandes desaf\u00edos, los que est\u00e1n relacionados con los continuos y profundos cambios en la esfera social, econ\u00f3mica, cultural y ambiental, por ejemplo. Tales cambios ocurren en ritmo acelerado y preconizan la necesidad de nuevos conocimientos cient\u00edficos y tecnol\u00f3gicos, capaces de suplir las necesidades de un mundo altamente [&hellip;]<\/p>\n","protected":false},"author":185,"featured_media":0,"parent":175,"menu_order":0,"comment_status":"closed","ping_status":"closed","template":"","meta":{"footnotes":"","_links_to":"","_links_to_target":""},"class_list":["post-994","page","type-page","status-publish","hentry"],"jetpack_sharing_enabled":true,"_links":{"self":[{"href":"https:\/\/wp.ufpel.edu.br\/mercosul\/wp-json\/wp\/v2\/pages\/994","targetHints":{"allow":["GET"]}}],"collection":[{"href":"https:\/\/wp.ufpel.edu.br\/mercosul\/wp-json\/wp\/v2\/pages"}],"about":[{"href":"https:\/\/wp.ufpel.edu.br\/mercosul\/wp-json\/wp\/v2\/types\/page"}],"author":[{"embeddable":true,"href":"https:\/\/wp.ufpel.edu.br\/mercosul\/wp-json\/wp\/v2\/users\/185"}],"replies":[{"embeddable":true,"href":"https:\/\/wp.ufpel.edu.br\/mercosul\/wp-json\/wp\/v2\/comments?post=994"}],"version-history":[{"count":4,"href":"https:\/\/wp.ufpel.edu.br\/mercosul\/wp-json\/wp\/v2\/pages\/994\/revisions"}],"predecessor-version":[{"id":1017,"href":"https:\/\/wp.ufpel.edu.br\/mercosul\/wp-json\/wp\/v2\/pages\/994\/revisions\/1017"}],"up":[{"embeddable":true,"href":"https:\/\/wp.ufpel.edu.br\/mercosul\/wp-json\/wp\/v2\/pages\/175"}],"wp:attachment":[{"href":"https:\/\/wp.ufpel.edu.br\/mercosul\/wp-json\/wp\/v2\/media?parent=994"}],"curies":[{"name":"wp","href":"https:\/\/api.w.org\/{rel}","templated":true}]}}