{"id":9,"date":"2012-04-12T09:31:31","date_gmt":"2012-04-12T12:31:31","guid":{"rendered":"https:\/\/wp.ufpel.edu.br\/mercosul\/"},"modified":"2019-07-19T15:39:35","modified_gmt":"2019-07-19T18:39:35","slug":"apresentacao","status":"publish","type":"page","link":"https:\/\/wp.ufpel.edu.br\/mercosul\/apresentacao\/","title":{"rendered":"Apresenta\u00e7\u00e3o"},"content":{"rendered":"<p>&nbsp;<\/p>\n<p style=\"text-align: justify\"><strong><em>29 de novembro de 1995<\/em><\/strong><\/p>\n<p style=\"text-align: justify\"><strong>Inaugura\u00e7\u00e3o do Centro de Integra\u00e7\u00e3o do MERCOSUL (<a href=\"https:\/\/www.youtube.com\/watch?v=C0VUdD1pyXE&amp;feature=youtu.be\"> parte I<\/a> e\u00a0 \u00a0<a href=\"https:\/\/www.youtube.com\/watch?v=fYb9UvbITZ8&amp;feature=youtu.be\">parte II <\/a><\/strong>)<\/p>\n<p style=\"text-align: justify\"><em><strong>2005<\/strong><\/em><\/p>\n<p style=\"text-align: justify\">A integra\u00e7\u00e3o \u00e9 um processo cont\u00ednuo, em movimento. Cria oportunidades de participa\u00e7\u00e3o e troca de experi\u00eancias nos mais diversos segmentos. Neste contexto a Universidade Federal de Pelotas desempenha suas atividades formando parcerias com institui\u00e7\u00f5es p\u00fablicas e privadas, visando o desenvolvimento regional. A UFPel tem uma ampla vis\u00e3o de desenvolvimento estando comprometida com o futuro de nossa cidade.<\/p>\n<p style=\"text-align: justify\"><a href=\"https:\/\/wp.ufpel.edu.br\/mercosul\/files\/2012\/04\/predio_antigo.jpg\"><img class=\"alignleft size-full wp-image-53\" src=\"https:\/\/wp.ufpel.edu.br\/mercosul\/files\/2012\/04\/predio_antigo.jpg\" alt=\"\" width=\"192\" height=\"145\" \/><\/a>Na cidade de Pelotas, por iniciativa da Universidade Federal de Pelotas, foi criado o Centro de Integra\u00e7\u00e3o do Mercosul, fundado em 29 de novembro de 1995, pelo professor Antonio Cesar Gon\u00e7alves Borges desenvolvendo a\u00e7\u00f5es voltadas para a integra\u00e7\u00e3o e, por quest\u00f5es geogr\u00e1ficas, priorizando o Mercosul.<\/p>\n<p style=\"text-align: justify\">A Universidade Federal de Pelotas est\u00e1 situada na regi\u00e3o do extremo meridional do Brasil, participando com grande intensidade dos efeitos da integra\u00e7\u00e3o regional, a partir dos acordos do Mercosul. A funda\u00e7\u00e3o deste Centro como \u00f3rg\u00e3o suplementar da UFPel, tem o ideal de potencializar e atuar no revigoramento dos v\u00ednculos que ligam a Universidade Federal de Pelotas ao Mercosul e aos blocos econ\u00f4micos a n\u00edvel local, regional, nacional e internacional.<\/p>\n<p style=\"text-align: justify\">O CIM prioriza sua atua\u00e7\u00e3o na metade sul do Rio Grande do Sul, a partir de atividades que valorizem o potencial da sociedade local e da pr\u00f3pria UFPel, atrav\u00e9s de atividades que contribuam na forma\u00e7\u00e3o de uma consci\u00eancia favor\u00e1vel \u00e0 integra\u00e7\u00e3o. Objetiva, tamb\u00e9m, ser um ponto de refer\u00eancia no apoio e busca de informa\u00e7\u00f5es que sejam de utilidade em todos os segmentos da universidade e na comunidade em geral.<\/p>\n<p style=\"text-align: justify\"><a href=\"https:\/\/wp.ufpel.edu.br\/mercosul\/files\/2012\/04\/predio_dia_2.jpg\"><img class=\"alignleft size-full wp-image-54\" src=\"https:\/\/wp.ufpel.edu.br\/mercosul\/files\/2012\/04\/predio_dia_2.jpg\" alt=\"\" width=\"193\" height=\"145\" \/><\/a>A integra\u00e7\u00e3o regional do CIM surge no momento em que s\u00e3o assinados diversos conv\u00eanios, nos mais variados campos, como: social, econ\u00f4mico, cultural, cient\u00edfico, tecnol\u00f3gico e de forma\u00e7\u00e3o intelectual, com universidades dos diversos pa\u00edses do Mercosul e pa\u00edses associados. Esses conv\u00eanios mostram o diferencial da UFPel na quest\u00e3o de integra\u00e7\u00e3o, pois a partir deles todos os segmentos da comunidade acad\u00eamica tem a\u00a0oportunidade de desenvolvimento intelectual em outras universidades, de outros pa\u00edses, dando forma, assim, ao processo de integra\u00e7\u00e3o das universidades conveniadas com a Universidade Federal de Pelotas, havendo uma troca m\u00fatua de experi\u00eancias.<\/p>\n<p>Dentro do Centro de Integra\u00e7\u00e3o do Mercosul, est\u00e3o presentes outros segmentos de apoio a UFPel, como a Funda\u00e7\u00e3o Sim\u00f3n Bol\u00edvar e o Departamento de Interc\u00e2mbio e Programas Internacionais (DIPI), que atuam juntamente com o CIM no processo de integra\u00e7\u00e3o latino-americana. Desta forma a Universidade Federal de Pelotas rompe as barreiras culturais, econ\u00f4micas e sociais, na busca por uma maior integra\u00e7\u00e3o entre os pa\u00edses.<\/p>\n<p><strong>\u00a0Metas e Objetivos do Centro de Integra\u00e7\u00e3o do Mercosul<\/strong><\/p>\n<p>&#8211; Estudar a integra\u00e7\u00e3o entre os pa\u00edses do Mercosul;<\/p>\n<p>&#8211;\u00a0Promover debates, palestras e semin\u00e1rios sobre o Mercosul e outros assuntos que sejam relevantes \u00e0 comunidade acad\u00eamica e comunidade em geral;<\/p>\n<p>&#8211;\u00a0Ser um ponto de informa\u00e7\u00f5es entre empresas, sobre produtos, servi\u00e7os e oportunidades de neg\u00f3cios nos pa\u00edses do Mercosul;<\/p>\n<p>&#8211;\u00a0Assessoria a entidades p\u00fablicas e privadas, a partir de programas relacionados \u00e0 integra\u00e7\u00e3o e desenvolvimento regional;<\/p>\n<p>&#8211;\u00a0Est\u00edmulo \u00e0 rela\u00e7\u00e3o cultural entre Brasil e pa\u00edses do Mercosul;<\/p>\n<p>&#8211;\u00a0Proporcionar a comunidade em geral acesso a informa\u00e7\u00f5es sobre o Mercosul.<\/p>\n<p style=\"text-align: justify\"><strong>A marca<\/strong><\/p>\n<p style=\"text-align: justify\">A logomarca do Centro de Integra\u00e7\u00e3o do Mercosul tem como prop\u00f3sito, a representa\u00e7\u00e3o gr\u00e1fica dos valores e conceitos que caracterizam e constituem o CIM ressaltando, ainda, a localiza\u00e7\u00e3o geogr\u00e1fica de nosso centro.<\/p>\n<p style=\"text-align: justify\"><a href=\"https:\/\/wp.ufpel.edu.br\/mercosul\/files\/2012\/04\/marcacim.gif\"><img class=\"alignleft size-full wp-image-55\" src=\"https:\/\/wp.ufpel.edu.br\/mercosul\/files\/2012\/04\/marcacim.gif\" alt=\"\" width=\"170\" height=\"73\" \/><\/a>As setas partem do ponto onde localiza-se o CIM \u2013 Metade Sul do Rio Grande do Sul \u2013 ultrapassando os limites do continente, dando forma ao processo de integra\u00e7\u00e3o, objetivo central do CIM, com os pa\u00edses latino-americanos e os demais pa\u00edses do mundo. A cor escolhida para a logomarca, o laranja, traz a id\u00e9ia de expans\u00e3o e afirma\u00e7\u00e3o, adjetivos que caracterizam o trabalho do CIM. O laranja \u00e9 ainda, uma cor construtiva, que reflete elementos de comunica\u00e7\u00e3o, movimento, iniciativa, espontaneidade e atitude positiva. Tais adjetivos encontram-se com a proposta do Centro de Integra\u00e7\u00e3o do Mercosul e sua equipe.<\/p>\n<p style=\"text-align: justify\"><strong>Estrutura f\u00edsica<\/strong><\/p>\n<p style=\"text-align: justify\">O Centro de Integra\u00e7\u00e3o do Mercosul disp\u00f5e atualmente de dois audit\u00f3rios:<br \/>\no Audit\u00f3rio Sim\u00f3n Bol\u00edvar, localizado na parte t\u00e9rrea, com capacidade para 90 pessoas e o Mini-Audit\u00f3rio, localizado na parte superior, com capacidade para 36 pessoas, al\u00e9m de um espa\u00e7o utilizado para exposi\u00e7\u00f5es, divulga\u00e7\u00f5es, apresenta\u00e7\u00f5es, equipamentos para acesso \u00e0 Internet e uma pequena biblioteca para consultas locais.<\/p>\n<table border=\"0\">\n<tbody>\n<tr>\n<td>\n<p><div id=\"attachment_56\" style=\"width: 210px\" class=\"wp-caption alignnone\"><a href=\"https:\/\/wp.ufpel.edu.br\/mercosul\/files\/2012\/04\/auditorio.jpg\"><img aria-describedby=\"caption-attachment-56\" class=\"size-full wp-image-56\" src=\"https:\/\/wp.ufpel.edu.br\/mercosul\/files\/2012\/04\/auditorio.jpg\" alt=\"Audit\u00f3rio Simon Bol\u00edvar\" width=\"200\" height=\"151\" \/><\/a><p id=\"caption-attachment-56\" class=\"wp-caption-text\">Audit\u00f3rio Simon Bol\u00edvar<\/p><\/div><\/td>\n<td>\n<p><div id=\"attachment_57\" style=\"width: 210px\" class=\"wp-caption alignnone\"><a href=\"https:\/\/wp.ufpel.edu.br\/mercosul\/files\/2012\/04\/biblioteca_nova.jpg\"><img aria-describedby=\"caption-attachment-57\" class=\"size-full wp-image-57\" src=\"https:\/\/wp.ufpel.edu.br\/mercosul\/files\/2012\/04\/biblioteca_nova.jpg\" alt=\"Biblioteca\" width=\"200\" height=\"150\" \/><\/a><p id=\"caption-attachment-57\" class=\"wp-caption-text\">Biblioteca<\/p><\/div><\/td>\n<\/tr>\n<tr>\n<td>\n<p><div id=\"attachment_58\" style=\"width: 210px\" class=\"wp-caption alignnone\"><a href=\"https:\/\/wp.ufpel.edu.br\/mercosul\/files\/2012\/04\/saguao.jpg\"><img aria-describedby=\"caption-attachment-58\" class=\"size-full wp-image-58\" src=\"https:\/\/wp.ufpel.edu.br\/mercosul\/files\/2012\/04\/saguao.jpg\" alt=\"Sagu\u00e3o de Exposi\u00e7\u00f5es\" width=\"200\" height=\"150\" \/><\/a><p id=\"caption-attachment-58\" class=\"wp-caption-text\">Sagu\u00e3o de Exposi\u00e7\u00f5es<\/p><\/div><\/td>\n<td>\n<p><div id=\"attachment_59\" style=\"width: 210px\" class=\"wp-caption alignnone\"><a href=\"https:\/\/wp.ufpel.edu.br\/mercosul\/files\/2012\/04\/mesa.jpg\"><img aria-describedby=\"caption-attachment-59\" class=\"size-full wp-image-59\" src=\"https:\/\/wp.ufpel.edu.br\/mercosul\/files\/2012\/04\/mesa.jpg\" alt=\"Mesas para consultas\" width=\"200\" height=\"150\" \/><\/a><p id=\"caption-attachment-59\" class=\"wp-caption-text\">Mesas para consultas<\/p><\/div><\/td>\n<\/tr>\n<\/tbody>\n<\/table>\n<p>CIM &#8211; 2009<\/p>\n<h4><\/h4>\n<p>&nbsp;<\/p>\n<p>&nbsp;<\/p>\n","protected":false},"excerpt":{"rendered":"<p>&nbsp; 29 de novembro de 1995 Inaugura\u00e7\u00e3o do Centro de Integra\u00e7\u00e3o do MERCOSUL ( parte I e\u00a0 \u00a0parte II ) 2005 A integra\u00e7\u00e3o \u00e9 um processo cont\u00ednuo, em movimento. Cria oportunidades de participa\u00e7\u00e3o e troca de experi\u00eancias nos mais diversos segmentos. Neste contexto a Universidade Federal de Pelotas desempenha suas atividades formando parcerias com institui\u00e7\u00f5es [&hellip;]<\/p>\n","protected":false},"author":145,"featured_media":0,"parent":0,"menu_order":0,"comment_status":"closed","ping_status":"closed","template":"","meta":{"footnotes":"","_links_to":"","_links_to_target":""},"class_list":["post-9","page","type-page","status-publish","hentry"],"jetpack_sharing_enabled":true,"_links":{"self":[{"href":"https:\/\/wp.ufpel.edu.br\/mercosul\/wp-json\/wp\/v2\/pages\/9","targetHints":{"allow":["GET"]}}],"collection":[{"href":"https:\/\/wp.ufpel.edu.br\/mercosul\/wp-json\/wp\/v2\/pages"}],"about":[{"href":"https:\/\/wp.ufpel.edu.br\/mercosul\/wp-json\/wp\/v2\/types\/page"}],"author":[{"embeddable":true,"href":"https:\/\/wp.ufpel.edu.br\/mercosul\/wp-json\/wp\/v2\/users\/145"}],"replies":[{"embeddable":true,"href":"https:\/\/wp.ufpel.edu.br\/mercosul\/wp-json\/wp\/v2\/comments?post=9"}],"version-history":[{"count":17,"href":"https:\/\/wp.ufpel.edu.br\/mercosul\/wp-json\/wp\/v2\/pages\/9\/revisions"}],"predecessor-version":[{"id":2491,"href":"https:\/\/wp.ufpel.edu.br\/mercosul\/wp-json\/wp\/v2\/pages\/9\/revisions\/2491"}],"wp:attachment":[{"href":"https:\/\/wp.ufpel.edu.br\/mercosul\/wp-json\/wp\/v2\/media?parent=9"}],"curies":[{"name":"wp","href":"https:\/\/api.w.org\/{rel}","templated":true}]}}