{"id":874,"date":"2012-06-15T11:44:46","date_gmt":"2012-06-15T14:44:46","guid":{"rendered":"https:\/\/wp.ufpel.edu.br\/mercosul\/?page_id=874"},"modified":"2012-06-15T11:44:46","modified_gmt":"2012-06-15T14:44:46","slug":"ciclo-de-cinema-a-filosofia-e-o-cinema-psicologico","status":"publish","type":"page","link":"https:\/\/wp.ufpel.edu.br\/mercosul\/ciclo-de-cinema-a-filosofia-e-o-cinema-psicologico\/","title":{"rendered":"CICLO DE CINEMA &#8220;A FILOSOFIA E O CINEMA PSICOL\u00d3GICO&#8221;"},"content":{"rendered":"<p>CICLO DE CINEMA &#8220;A FILOSOFIA E O CINEMA PSICOL\u00d3GICO&#8221;<\/p>\n<p>O\u00a0<strong>III Ciclo de Cinema<\/strong>\u00a0do Departamento de Filosofia da UFPel, cujo tema \u00e9 &#8220;<strong>A Filosofia e o Cinema Psicol\u00f3gico<\/strong>&#8220;, come\u00e7ar\u00e1 no dia 23 de mar\u00e7o de 2012. Ser\u00e3o exibidas 30 obras cinematogr\u00e1ficas, divididas\u00a0em dois blocos tem\u00e1ticos:<strong>\u00a0I &#8211; A sociedade e o indiv\u00edduo<\/strong>;\u00a0<strong>II &#8211; O indiv\u00edduo e a sociedade<\/strong>. Como de costume, as sinopses de cada filme foram elaboradas\u00a0de modo a fornecer tanto uma apresenta\u00e7\u00e3o da obra quanto para direcionar o debate, que ocorre ap\u00f3s as sess\u00f5es.<\/p>\n<p>O Ciclo,\u00a0dedicado pelo Reitor Ant\u00f4nio C\u00e9sar Borges aos alunos do rec\u00e9m-implementado Curso de Psicologia da UFPel,\u00a0percorrer\u00e1 \u00a0os grandes temas da psicologia, tais como\u00a0<strong>loucura,\u00a0depress\u00e3o,\u00a0neurose,\u00a0psicose, condicionamento,\u00a0arqu\u00e9tipo,\u00a0sexualidade,\u00a0histeria,\u00a0inconsciente,\u00a0esquizofrenia, bipolaridade,\u00a0proje\u00e7\u00e3o,\u00a0compuls\u00e3o,\u00a0del\u00edrio,\u00a0medo,\u00a0fobia,\u00a0paran\u00f3ia<\/strong>.<\/p>\n<p>Projeto de Extens\u00e3o sob a coordena\u00e7\u00e3o do Prof. Dr. Lu\u00eds Rubira, o Ciclo ocorrer\u00e1 todas as sextas, \u00e0s 20hs, no Centro de Integra\u00e7\u00e3o do Mercosul. As senhas para assistir o filme devem ser retiradas\u00a0<strong>no dia da sess\u00e3o<\/strong>, em hor\u00e1rio comercial, na secretaria do Centro de Integra\u00e7\u00e3o do Mercosul (Rua Andrade Neves, 1529). A entrada \u00e9 FRANCA.<\/p>\n<p>A programa\u00e7\u00e3o completa do CICLO est\u00e1 dispon\u00edvel na p\u00e1gina da UFPel:<\/p>\n<p><a href=\"http:\/\/ccs.ufpel.edu.br\/wp\/2012\/03\/16\/ciclo-de-cinema-e-filosofia-divulga-programacao-para-2012\/\" target=\"_blank\">http:\/\/ccs.ufpel.edu.br\/wp\/2012\/03\/16\/ciclo-de-cinema-e-filosofia-divulga-programacao-para-2012\/<\/a><\/p>\n<p><a href=\"https:\/\/wp.ufpel.edu.br\/mercosul\/files\/2012\/06\/grace-dogville.jpg\"><img class=\"alignleft size-medium wp-image-835\" src=\"https:\/\/wp.ufpel.edu.br\/mercosul\/files\/2012\/06\/grace-dogville-300x214.jpg\" alt=\"\" width=\"300\" height=\"214\" \/><\/a><strong>15\/06 &#8211; DOGVILLE<\/strong><\/p>\n<p><strong><\/strong><br \/>\nDogville , 2003, Dinamarca-Su\u00e9cia-Noruega-Finl\u00e2ndia-Inglaterra-Fran\u00e7a-Alemanha. Dire\u00e7\u00e3o: Lars von Trier.<br \/>\nCom: Nicole Kidman, Harriet Andersson, Lauren Bacall.<br \/>\nAp\u00f3s a depress\u00e3o econ\u00f4mica de 1929, Grace chega em um vilarejo nas montanhas. Fugindo de g\u00e2ngsteres, \u00e9 convencida por Tom (que quer ser um novo l\u00edder moral) a permanecer no povoado. Estrangeira, ela ter\u00e1 que prestar pequenos servi\u00e7os em troca da generosidade dos moradores locais.<br \/>\nF\u00e1bula sobre a crueldade humana, Trier afronta o mito do bom selvagem,<br \/>\nde Rousseau, e a pol\u00edtica de estado norte-americana, reconhecendo que a est\u00f3ria poderia \u201cse passar em qualquer pequena cidade\u201d. (178 min)<\/p>\n<p><a href=\"https:\/\/wp.ufpel.edu.br\/mercosul\/files\/2012\/05\/1984_11_small1.jpg\"><img class=\"alignleft size-medium wp-image-753\" src=\"https:\/\/wp.ufpel.edu.br\/mercosul\/files\/2012\/05\/1984_11_small1-300x225.jpg\" alt=\"\" width=\"300\" height=\"225\" \/><\/a><\/p>\n<p><strong>01\/06 &#8211; 1984<\/strong><\/p>\n<p><strong><\/strong><br \/>\nNineteen Eighty-Four , 1984, Inglaterra. Dire\u00e7\u00e3o: Michael Radford.<br \/>\nCom: John Hurt, Richard Burton, Suzanna Hamilton.<br \/>\nAp\u00f3s grandes guerras, o mundo dividiu-se em tr\u00eas blocos: Oceania, Eur\u00e1sia e Lest\u00e1sia. Na Oceania, Winston Smith trabalha num Minist\u00e9rio onde a Hist\u00f3ria \u00e9 falsificada. Observado cotidianamente pelo Big Brother em televisores e c\u00e2meras de vigil\u00e2ncia, v\u00edtima da reeduca\u00e7\u00e3o do pensamento,<br \/>\noprimido pelo partido, ele tentar\u00e1 opor-se ao regime. Baseado no livro hom\u00f4nimo de George Orwell, lan\u00e7ado em 1948, a obra denuncia os totalitarismos e antecipa a manipula\u00e7\u00e3o psicol\u00f3gica na sociedade contempor\u00e2nea.<br \/>\n(113 min)<\/p>\n<p><a href=\"https:\/\/wp.ufpel.edu.br\/mercosul\/files\/2012\/05\/katyn_1__large.jpg\"><img class=\"alignleft size-medium wp-image-619\" src=\"https:\/\/wp.ufpel.edu.br\/mercosul\/files\/2012\/05\/katyn_1__large-300x199.jpg\" alt=\"\" width=\"300\" height=\"199\" \/><\/a><\/p>\n<p><strong>25\/05 &#8211; KATYN<\/strong><\/p>\n<p><strong><\/strong><br \/>\nKatyn , 2007, Pol\u00f4nia. Dire\u00e7\u00e3o: Andrzej Wajda.<br \/>\nCom: Andrzej Chyra, Artur Zmijewski, Maja Ostaszewska.<br \/>\nEm setembro de 1939, a Pol\u00f4nia vive um dos momentos mais dif\u00edceis de sua hist\u00f3ria. Invadida pela Uni\u00e3o Sovi\u00e9tica e pela Alemanha, milhares de poloneses s\u00e3o presos. O Reich se encarregar\u00e1 dos intelectuais, enquanto a pol\u00edcia secreta sovi\u00e9tica levar\u00e1 doze mil oficiais para as florestas de Katyn. Nesta obra realizada contra o crime e a mentira, Wajda exp\u00f5e pela primeira<br \/>\nvez a destrui\u00e7\u00e3o psicol\u00f3gica sofrida por seus pais e seus conterr\u00e2neos. Baseado no livro intitulado Post-mortem, de Andrzej Mularczyk. (122 min)<\/p>\n<p><a href=\"https:\/\/wp.ufpel.edu.br\/mercosul\/files\/2012\/06\/O-castelo-II.jpg\"><img class=\"alignleft size-medium wp-image-879\" src=\"https:\/\/wp.ufpel.edu.br\/mercosul\/files\/2012\/06\/O-castelo-II-300x214.jpg\" alt=\"\" width=\"300\" height=\"214\" \/><\/a><\/p>\n<p><strong>18\/05 &#8211; O CASTELO<\/strong><\/p>\n<p><strong><\/strong><br \/>\nDas Schloss , 1997, \u00c1ustria. Dire\u00e7\u00e3o: Michael Haneke.<br \/>\nCom: Ulrich M\u00fche, Susanne Lothar, Andr\u00e9 Eisermann.<br \/>\nContratado pelas autoridades de um castelo, o agrimensor K. chega a um pequeno vilarejo. Na tentativa de fazer contato com aqueles que o empre-garam, passa a vivenciar a ang\u00fastia da espera administrativa. Estrangeiro que recebe autoriza\u00e7\u00e3o tempor\u00e1ria para viver na localidade, ele presencia a arbitrariedade, as intrigas, o absurdo e a indiferen\u00e7a. Adapta\u00e7\u00e3o do romance inacabado e hom\u00f4nimo de Franz Kafka, o filme \u00e9 uma met\u00e1fora do s\u00e9culo XX, no qual os labirintos da burocracia ampliam a afli\u00e7\u00e3o e a impot\u00eancia humana. (123 min)<\/p>\n<p><a href=\"https:\/\/wp.ufpel.edu.br\/mercosul\/files\/2012\/06\/Aguirr\u00e9.jpg\"><img class=\"alignleft size-medium wp-image-878\" src=\"https:\/\/wp.ufpel.edu.br\/mercosul\/files\/2012\/06\/Aguirr\u00e9-300x225.jpg\" alt=\"\" width=\"300\" height=\"225\" \/><\/a><\/p>\n<p><strong>11\/05 \u2013 AGUIRRE, A C\u00d3LERA DOS DEUSES<\/strong><\/p>\n<p><strong><\/strong><br \/>\nAguirre, der Zorn Gottes , 1972, Alemanha. Dire\u00e7\u00e3o: Werner Herzog.<br \/>\nCom: Klaus Kinski, Ruy Guerra, Helena Rojo.<br \/>\nNo continente americano do s\u00e9culo XVI, uma expedi\u00e7\u00e3o espanhola designada por Pizarro procura o Eldorado. Ap\u00f3s atravessar os Andes e chegar ao rio Orinoco, o oficial Aguirre ir\u00e1 opor-se \u00e0 autoridade e assumir o comando dos expedicion\u00e1rios. A ambi\u00e7\u00e3o, a natureza primitiva, a morte e o sol abrasador, levam-no \u00e0 vertigem de criar uma descend\u00eancia \u201cpura\u201d em uma nova terra banhada em ouro. Inspirando-se nas cr\u00f4nicas de Frei Carvajal, Herzog penetra num estado mental limite rodeado por solid\u00e3o e destrui\u00e7\u00e3o. (100 min)<\/p>\n<p><a href=\"https:\/\/wp.ufpel.edu.br\/mercosul\/files\/2012\/06\/RAN.jpg\"><img class=\"alignleft size-medium wp-image-876\" src=\"https:\/\/wp.ufpel.edu.br\/mercosul\/files\/2012\/06\/RAN-300x162.jpg\" alt=\"\" width=\"300\" height=\"162\" \/><\/a><\/p>\n<p><strong>04\/05 &#8211; RAN<\/strong><\/p>\n<p><strong><\/strong><br \/>\nRan , 1985, Jap\u00e3o. Dire\u00e7\u00e3o: Akira Kurosawa.<br \/>\nCom: Tatsuya Nakadai, Akira Terao, Mieko Harada.<br \/>\nNo Jap\u00e3o do s\u00e9culo XVI, um senhor feudal decide dividir o reino entre seus filhos. As dissens\u00f5es entre os tr\u00eas irm\u00e3os e o orgulho do pai levar\u00e3o todos a percorrer um caminho de vingan\u00e7a, destrui\u00e7\u00e3o e loucura \u2013 at\u00e9 a cat\u00e1strofe do cl\u00e3 Ichimonji. Com roteiro baseado em Rei Lear, de Shakeaspeare,<br \/>\no cineasta d\u00e1 livre curso \u00e0 sua vis\u00e3o pessimista da natureza do homem. Obra que levou dez anos para ser elaborada (e cujo t\u00edtulo significa \u201ccaos\u201d), ela \u00e9 taxativa: nem mesmo os deuses \u201cpoderiam salvar os homens de sua estupidez assassina\u201d. (163 min)<\/p>\n<p>&nbsp;<\/p>\n<p>&nbsp;<\/p>\n<p><a href=\"https:\/\/wp.ufpel.edu.br\/mercosul\/files\/2012\/06\/Assassinos-por-natureza.jpg\"><img class=\"alignleft size-medium wp-image-875\" src=\"https:\/\/wp.ufpel.edu.br\/mercosul\/files\/2012\/06\/Assassinos-por-natureza-300x240.jpg\" alt=\"\" width=\"300\" height=\"240\" \/><\/a><\/p>\n<p><strong>27\/04 &#8211; ASSASSINOS POR NATUREZA<\/strong><\/p>\n<p><strong><\/strong><br \/>\nNatural Born Killers , 1994, EUA. Dire\u00e7\u00e3o: Oliver Stone.<br \/>\nCom: Woody Harrelson, Juliette Lewis, Robert Downey Jr.<br \/>\nMaltratados pelos pais e violentados por programas de TV, dois jovens encontram ref\u00fagio no amor e na viol\u00eancia. Cometendo assassinatos em s\u00e9rie, o casal \u00e9 elevado ao status de celebridade pela m\u00eddia sensacionalista. Criticando o jornalismo que se alimenta de esc\u00e2ndalos, o filme \u00e9 inspirado na hist\u00f3ria real de Charles Starkwether e Caril Ann Fugate. Uma reflex\u00e3o sobre quais circunst\u00e2ncias levam \u00e0 forma\u00e7\u00e3o de serial killers como Charles Whitman, Charles Manson, e outros que, volta e meia, ressurgem no cotidiano e nos telejornais. (118 min)<\/p>\n<p>&nbsp;<\/p>\n<p><a name=\"2004\"><\/a><\/p>\n<p><img class=\"alignleft\" src=\"http:\/\/www.ufpel.edu.br\/mercosul\/images\/taxidriver.jpg\" alt=\"\" width=\"350\" height=\"200\" \/><strong>20\/04 &#8211; TAXI DRIVER<\/strong><\/p>\n<p><em>Taxi Driver\u00a0<\/em>, 1976, EUA. Dire\u00e7\u00e3o: Martin Scorsese.<br \/>\nCom: Robert De Niro, Jodie Foster, Cybill Shepherd.<br \/>\nSofrendo de ins\u00f4nia, um ex-fuzileiro naval torna-se motorista de t\u00e1xi. Conduzindo pela noite de Nova York, cresce nele uma tens\u00e3o frente \u00e0 degrada\u00e7\u00e3o moral que julga ver em seu pa\u00eds. Da paran\u00f3ia urbana \u00e0 reclus\u00e3o mon\u00e1stica, ele ir\u00e1 preparar-se para atentar contra um candidato a presidente. Psicopata? Alienado? Her\u00f3i? Ao realizar um dos primeiros filmes sobre as conseq\u00fc\u00eancias psicol\u00f3gicas da guerra do Vietn\u00e3, o cineasta declarou que a interioridade do protagonista \u201csitua-se em se em algum lugar entre Charles Manson e S\u00e3o Paulo\u201d (113 min).<\/p>\n<p>&nbsp;<\/p>\n<p><a name=\"1304\"><\/a><\/p>\n<p><img class=\"alignleft\" src=\"http:\/\/www.ufpel.edu.br\/mercosul\/images\/laranja_mecanica-gr.jpg\" alt=\"\" width=\"350\" height=\"233\" \/><\/p>\n<p><strong>13\/04 &#8211; LARANJA MEC\u00c2NICA<\/strong><\/p>\n<p>A Clockwork Orange , 1971, Inglaterra. Dire\u00e7\u00e3o: Stanley Kubrick.<br \/>\nCom: Malcolm McDowell, Patrick Magee.<br \/>\nNum futuro pr\u00f3ximo, um delinq\u00fcente lidera a pr\u00e1tica da ultra-viol\u00eancia. Ap\u00f3s agredir um mendigo, outros jovens, um escritor e sua mulher, ele \u00e9 tra\u00eddo por seus companheiros. Preso, \u00e9 submetido a um projeto do governo que visa erradicar as condutas desviantes por meio de um tratamento de condicionamento comportamental. Cr\u00edtica da sociedade moderna, do utilitarismo policial e tecnocrata, da banalidade e da degenera\u00e7\u00e3o, o homem mec\u00e2nico \u00e9 uma das maiores obras de Stanley Kubrick. Baseada no livro hom\u00f4nimo de Anthony Burgess. (136 min).<\/p>\n<p><a name=\"3003\"><\/a><\/p>\n<p><img class=\"alignleft\" src=\"http:\/\/www.ufpel.edu.br\/mercosul\/images\/paozinho.jpg\" alt=\"\" width=\"350\" height=\"195\" \/><\/p>\n<p><strong>30\/03 &#8211; NASCIDO PARA MATAR<\/strong><\/p>\n<p><em>Full Metal Jacket<\/em>\u00a0, 1987, EUA. Dire\u00e7\u00e3o: Stanley Kubrick.<br \/>\nCom: Matthew Modine, Adam Baldwin, Vincent D\u2019Onofrio.<br \/>\nEm solo norte-americano, um sargento treina obsessivamente os novos marines para o envio ao Vietn\u00e3. A viol\u00eancia mental experimentada no campo de treinamento militar chegar\u00e1 ao seu m\u00e1ximo em terreno vietnamita. Numa reflex\u00e3o contra a viol\u00eancia do estado b\u00e9lico, o cineasta retrata a guerra e suas conseq\u00fc\u00eancias: a humilha\u00e7\u00e3o, a desumaniza\u00e7\u00e3o, a linha t\u00eanue entre a lucidez e a loucura. Baseado no livro The Short Times, de Gustav Hasford, e nas mem\u00f3rias do correspondente de guerra Michael Herr. (116 min)<\/p>\n<p>&nbsp;<\/p>\n<p><strong>Sinopse da estr\u00e9ia:<\/strong><a name=\"2303\"><\/a><\/p>\n<p><img class=\"alignleft\" src=\"http:\/\/www.ufpel.edu.br\/mercosul\/images\/apocalypse_now-mud3.jpg\" alt=\"\" width=\"350\" height=\"206\" \/><\/p>\n<p><strong>23\/03 &#8211; APOCALYPSE NOW<\/strong><\/p>\n<p><em>Apocalypse Now<\/em>\u00a0, 1979, EUA. Dire\u00e7\u00e3o: Francis Ford Coppola.<br \/>\nCom: Marlon Brando, Martin Sheen, Robert Duvall.<br \/>\nDurante a guerra do Vietn\u00e3, o alto comando militar americano designa o capit\u00e3o Willard para encontrar e eliminar Kurtz, um coronel acusado\u00a0de deser\u00e7\u00e3o e insanidade. Penetrando rio adentro as selvas do Camboja,\u00a0Willard percorrer\u00e1 um caminho de transforma\u00e7\u00e3o ante a irracionalidade da guerra e a ambig\u00fcidade humana. Baseado no livro Cora\u00e7\u00e3o das\u00a0trevas, de Conrad, o filme faz alus\u00f5es \u00e0 poesia de T. S. Eliot, ao cl\u00e1ssico\u00a0O ramo de ouro, de J. Frazer, e traz composi\u00e7\u00f5es de Richard Wagner,\u00a0Rolling Stones e The Doors. (153 min)<\/p>\n<p>&nbsp;<\/p>\n","protected":false},"excerpt":{"rendered":"<p>CICLO DE CINEMA &#8220;A FILOSOFIA E O CINEMA PSICOL\u00d3GICO&#8221; O\u00a0III Ciclo de Cinema\u00a0do Departamento de Filosofia da UFPel, cujo tema \u00e9 &#8220;A Filosofia e o Cinema Psicol\u00f3gico&#8220;, come\u00e7ar\u00e1 no dia 23 de mar\u00e7o de 2012. Ser\u00e3o exibidas 30 obras cinematogr\u00e1ficas, divididas\u00a0em dois blocos tem\u00e1ticos:\u00a0I &#8211; A sociedade e o indiv\u00edduo;\u00a0II &#8211; O indiv\u00edduo e a [&hellip;]<\/p>\n","protected":false},"author":185,"featured_media":0,"parent":0,"menu_order":0,"comment_status":"closed","ping_status":"closed","template":"","meta":{"footnotes":"","_links_to":"","_links_to_target":""},"class_list":["post-874","page","type-page","status-publish","hentry"],"jetpack_sharing_enabled":true,"_links":{"self":[{"href":"https:\/\/wp.ufpel.edu.br\/mercosul\/wp-json\/wp\/v2\/pages\/874","targetHints":{"allow":["GET"]}}],"collection":[{"href":"https:\/\/wp.ufpel.edu.br\/mercosul\/wp-json\/wp\/v2\/pages"}],"about":[{"href":"https:\/\/wp.ufpel.edu.br\/mercosul\/wp-json\/wp\/v2\/types\/page"}],"author":[{"embeddable":true,"href":"https:\/\/wp.ufpel.edu.br\/mercosul\/wp-json\/wp\/v2\/users\/185"}],"replies":[{"embeddable":true,"href":"https:\/\/wp.ufpel.edu.br\/mercosul\/wp-json\/wp\/v2\/comments?post=874"}],"version-history":[{"count":5,"href":"https:\/\/wp.ufpel.edu.br\/mercosul\/wp-json\/wp\/v2\/pages\/874\/revisions"}],"predecessor-version":[{"id":885,"href":"https:\/\/wp.ufpel.edu.br\/mercosul\/wp-json\/wp\/v2\/pages\/874\/revisions\/885"}],"wp:attachment":[{"href":"https:\/\/wp.ufpel.edu.br\/mercosul\/wp-json\/wp\/v2\/media?parent=874"}],"curies":[{"name":"wp","href":"https:\/\/api.w.org\/{rel}","templated":true}]}}