{"id":721,"date":"2012-05-29T08:51:16","date_gmt":"2012-05-29T11:51:16","guid":{"rendered":"https:\/\/wp.ufpel.edu.br\/mercosul\/?page_id=721"},"modified":"2012-05-29T09:07:59","modified_gmt":"2012-05-29T12:07:59","slug":"2009-cim-2","status":"publish","type":"page","link":"https:\/\/wp.ufpel.edu.br\/mercosul\/2009-cim-2\/","title":{"rendered":"2009 &#8211; CIM"},"content":{"rendered":"<p><img src=\"http:\/\/www.ufpel.edu.br\/mercosul\/images\/2exped.jpg\" alt=\"\" width=\"350\" height=\"247\" \/><\/p>\n<p>En conmemoraci\u00f3n a los 14 a\u00f1os de aniversario del Centro de Integraci\u00f3n del MERCOSUR: exposici\u00f3n del fot\u00f3grafo Nauro J\u00fanior intitulada \u201cExpedici\u00f3n Laguna Mirim \u2013 Una Aventura entre dos Patrias\u201d.<\/p>\n<p>&nbsp;<\/p>\n<p>V Seminario de Estudios Urbanos y Regionales \u2013 III Coloquio Internacional sobre Comercio y Consumo Urbano<\/p>\n<p>Lanzamiento del libro \u201cRivera-Livramento \u2013 Una frontera diferente\u201d, de Gladys Betancor. El lanzamiento de la serie \u201cFronteras de la Integraci\u00f3n\u201d constituye una otra importante iniciativa de la Universidad Federal de Pelotas en el momento en que se comemora su 40\u00ba aniversario. Estudiar, investigar y desarrollar las fronteras de Brasil constituyen un atractivo desaf\u00edo para toda la sociedad, sobre todo para nuestras universidades federales.<\/p>\n<p><a title=\"Eventos y Noticias\" href=\"https:\/\/wp.ufpel.edu.br\/mercosul\/eventos-y-noticias\/\">[Volver]<\/a><\/p>\n","protected":false},"excerpt":{"rendered":"<p>En conmemoraci\u00f3n a los 14 a\u00f1os de aniversario del Centro de Integraci\u00f3n del MERCOSUR: exposici\u00f3n del fot\u00f3grafo Nauro J\u00fanior intitulada \u201cExpedici\u00f3n Laguna Mirim \u2013 Una Aventura entre dos Patrias\u201d. &nbsp; V Seminario de Estudios Urbanos y Regionales \u2013 III Coloquio Internacional sobre Comercio y Consumo Urbano Lanzamiento del libro \u201cRivera-Livramento \u2013 Una frontera diferente\u201d, de [&hellip;]<\/p>\n","protected":false},"author":185,"featured_media":0,"parent":0,"menu_order":0,"comment_status":"closed","ping_status":"closed","template":"","meta":{"footnotes":"","_links_to":"","_links_to_target":""},"class_list":["post-721","page","type-page","status-publish","hentry"],"jetpack_sharing_enabled":true,"_links":{"self":[{"href":"https:\/\/wp.ufpel.edu.br\/mercosul\/wp-json\/wp\/v2\/pages\/721","targetHints":{"allow":["GET"]}}],"collection":[{"href":"https:\/\/wp.ufpel.edu.br\/mercosul\/wp-json\/wp\/v2\/pages"}],"about":[{"href":"https:\/\/wp.ufpel.edu.br\/mercosul\/wp-json\/wp\/v2\/types\/page"}],"author":[{"embeddable":true,"href":"https:\/\/wp.ufpel.edu.br\/mercosul\/wp-json\/wp\/v2\/users\/185"}],"replies":[{"embeddable":true,"href":"https:\/\/wp.ufpel.edu.br\/mercosul\/wp-json\/wp\/v2\/comments?post=721"}],"version-history":[{"count":2,"href":"https:\/\/wp.ufpel.edu.br\/mercosul\/wp-json\/wp\/v2\/pages\/721\/revisions"}],"predecessor-version":[{"id":741,"href":"https:\/\/wp.ufpel.edu.br\/mercosul\/wp-json\/wp\/v2\/pages\/721\/revisions\/741"}],"wp:attachment":[{"href":"https:\/\/wp.ufpel.edu.br\/mercosul\/wp-json\/wp\/v2\/media?parent=721"}],"curies":[{"name":"wp","href":"https:\/\/api.w.org\/{rel}","templated":true}]}}