{"id":708,"date":"2012-05-29T08:36:46","date_gmt":"2012-05-29T11:36:46","guid":{"rendered":"https:\/\/wp.ufpel.edu.br\/mercosul\/?page_id=708"},"modified":"2012-06-21T08:26:08","modified_gmt":"2012-06-21T11:26:08","slug":"2007-cim-2","status":"publish","type":"page","link":"https:\/\/wp.ufpel.edu.br\/mercosul\/2007-cim-2\/","title":{"rendered":"2007 &#8211; CIM"},"content":{"rendered":"<h4><strong>ENCUENTRO DE LA COMISI\u00d3N BINACIONAL DEL LAGO MERINO<\/strong><\/h4>\n<p><img src=\"http:\/\/www.ufpel.edu.br\/mercosul\/images\/reitor_encontro.jpg\" alt=\"\" width=\"225\" height=\"137\" \/><\/p>\n<p>Rector C\u00e9sar Borges imparti\u00f3 la conferencia de apertura del Encuentro de la Comisi\u00f3n Binacional del Lago Merino el lunes (22) al lado del Ministro Juan Lu\u00eds Pereira Pinto (MRE\/Brasil) y de la Ministra Laura Dupy, Miembro de la Direcci\u00f3n General de la Am\u00e9rica (MRE\/Uruguay).<\/p>\n<p>&nbsp;<\/p>\n<h4><strong>CENTRO DE INTEGRACI\u00d3N DEL MERCOSUR SEDE DEL ENCUENTRO DE RECTORES DE UNIVERSIDADES DE AM\u00c9RICA LATINA Y DEL CARIBE<\/strong><\/h4>\n<p><img src=\"http:\/\/www.ufpel.edu.br\/mercosul\/images\/aualcpi.jpg\" alt=\"\" width=\"126\" height=\"151\" \/><\/p>\n<p>La Universidad Nacional de la ciudad de Pelotas (UFPEL) fue sede, la pasada semana, de importante encuentro de rectores de las universidades de Am\u00e9rica Latina y del Caribe. La IX Asamblea General del Consejo Pleno de la Asociaci\u00f3n de Universidades de Am\u00e9rica y del Caribe para la Integraci\u00f3n (AUALCPI) se realiz\u00f3 en los d\u00edas 17, 18 y 19, en el Centro de Integraci\u00f3n del MERCOSUR, en la ciudad de Pelotas, RS, Brasil.<\/p>\n<p>&nbsp;<\/p>\n<h4><strong>III SEMINARIO DE ESTUDIOS URBANOS Y REGIONALES Y<\/strong><br \/>\n<strong> II COLOQUIO SOBRE COMERCIO Y CONSUMO URBANO<\/strong><\/h4>\n<p><img src=\"http:\/\/www.ufpel.edu.br\/mercosul\/images\/cartaz_seur2007.jpg\" alt=\"\" width=\"184\" height=\"151\" \/><\/p>\n<p>En el d\u00eda 12 de septiembre se realiz\u00f3 el III SEUR y el II Coloquio sobre Comercio y Consumo Urbano. El evento promovido por el Laboratorio de Estudios Urbanos y Regionales \u201cLEUR &#8211; ICH &#8211; UFPEL\u201d trata de cuestiones de planeamiento urbano y desarrollo del comercio y bien as\u00ed se han presentado los resultados preliminares de investigaci\u00f3n desarrollada por el Laboratorio sobre el desplazamiento de la centralidad para la zona norte de la ciudad de Pelotas.<\/p>\n<p><a title=\"Eventos y Noticias\" href=\"https:\/\/wp.ufpel.edu.br\/mercosul\/eventos-y-noticias\/\">[Volver]<\/a><\/p>\n","protected":false},"excerpt":{"rendered":"<p>ENCUENTRO DE LA COMISI\u00d3N BINACIONAL DEL LAGO MERINO Rector C\u00e9sar Borges imparti\u00f3 la conferencia de apertura del Encuentro de la Comisi\u00f3n Binacional del Lago Merino el lunes (22) al lado del Ministro Juan Lu\u00eds Pereira Pinto (MRE\/Brasil) y de la Ministra Laura Dupy, Miembro de la Direcci\u00f3n General de la Am\u00e9rica (MRE\/Uruguay). &nbsp; CENTRO DE [&hellip;]<\/p>\n","protected":false},"author":185,"featured_media":0,"parent":0,"menu_order":0,"comment_status":"closed","ping_status":"closed","template":"","meta":{"footnotes":"","_links_to":"","_links_to_target":""},"class_list":["post-708","page","type-page","status-publish","hentry"],"jetpack_sharing_enabled":true,"_links":{"self":[{"href":"https:\/\/wp.ufpel.edu.br\/mercosul\/wp-json\/wp\/v2\/pages\/708","targetHints":{"allow":["GET"]}}],"collection":[{"href":"https:\/\/wp.ufpel.edu.br\/mercosul\/wp-json\/wp\/v2\/pages"}],"about":[{"href":"https:\/\/wp.ufpel.edu.br\/mercosul\/wp-json\/wp\/v2\/types\/page"}],"author":[{"embeddable":true,"href":"https:\/\/wp.ufpel.edu.br\/mercosul\/wp-json\/wp\/v2\/users\/185"}],"replies":[{"embeddable":true,"href":"https:\/\/wp.ufpel.edu.br\/mercosul\/wp-json\/wp\/v2\/comments?post=708"}],"version-history":[{"count":6,"href":"https:\/\/wp.ufpel.edu.br\/mercosul\/wp-json\/wp\/v2\/pages\/708\/revisions"}],"predecessor-version":[{"id":972,"href":"https:\/\/wp.ufpel.edu.br\/mercosul\/wp-json\/wp\/v2\/pages\/708\/revisions\/972"}],"wp:attachment":[{"href":"https:\/\/wp.ufpel.edu.br\/mercosul\/wp-json\/wp\/v2\/media?parent=708"}],"curies":[{"name":"wp","href":"https:\/\/api.w.org\/{rel}","templated":true}]}}