{"id":503,"date":"2012-05-17T09:10:08","date_gmt":"2012-05-17T12:10:08","guid":{"rendered":"https:\/\/wp.ufpel.edu.br\/mercosul\/?page_id=503"},"modified":"2012-05-17T09:10:08","modified_gmt":"2012-05-17T12:10:08","slug":"primera-turma-del-proerd-binacional-en-nivel-mundial-recibe-diplomas","status":"publish","type":"page","link":"https:\/\/wp.ufpel.edu.br\/mercosul\/primera-turma-del-proerd-binacional-en-nivel-mundial-recibe-diplomas\/","title":{"rendered":"Primera turma del PROERD BINACIONAL en nivel mundial recibe diplomas"},"content":{"rendered":"<p><img src=\"http:\/\/www.ufpel.edu.br\/mercosul\/images\/formatura-proerd.jpg\" alt=\"\" width=\"350\" height=\"234\" \/><\/p>\n<p>Autoridades policiales y civiles de Brasil y de Uruguay estuvieron reunidas en la tarde de este mi\u00e9rcoles (27), en Santana del Livramento, para la ceremonia de clausura de la primera turma del Programa Educacional de Resistencia a las Drogas y a la Violencia-PROERD Binacional Curr\u00edculo para Adultos. La ceremonia ocurri\u00f3 en el Centro de Integraci\u00f3n del Mercosur\/N\u00facleo de Estudios Fronterizos de la UFPel, y cont\u00f3 con la presencia del Rector Cesar Borges.<\/p>\n<p>Esta iniciativa pionera sirve para fortalecer la acci\u00f3n de la instituci\u00f3n Brigada Militar, frente al Mercosur y aumentar la red de protecci\u00f3n a las drogas y \u00a0la prevenci\u00f3n de la violencia en la Frontera. El Proerd para adultos fue realizado en cinco encuentros semanales, donde fueron aplicadas diversas lecciones, en colaboraci\u00f3n con los establecimientos de ense\u00f1anza y con las familias de los alumnos. Participaron de la primera turma 31 integrantes, entre brasile\u00f1os y uruguayos.<\/p>\n<p><img src=\"http:\/\/www.ufpel.edu.br\/mercosul\/images\/formatura-proerd-ii.jpg\" alt=\"\" width=\"350\" height=\"234\" \/><\/p>\n<p>En la ceremonia participaron, adem\u00e1s del Comandante-general de la Brigada Militar, Coronel S\u00e9rgio Roberto de Abreu, el Alcalde de Livramento, Wainer Machado; el Embajador Vitor Candido Paim Gobato, C\u00f4nsul-general del Brasil en Rivera; el Jefe del Estado-Mayor de la Brigada Militar, Coronel Valmor Ara\u00fajo de Mello; el Oficial Principal de la polic\u00eda Uruguaya, Santiago Ara\u00fajo; el Comisario de la Polic\u00eda Civil, Othelo Saldanha Caiaffo, entre otras autoridades invitadas. Los formandos recibieron sus certificados y un regalo de las manos de las autoridades, que en sus discursos destacaron la importancia de la prevenci\u00f3n del uso de drogas en \u00e1reas de frontera.<\/p>\n<p>El Programa Educacional de Resistencia a las Drogas (PROERD) fue creado bajo la chancela del Programa Norteamericano\u00a0<em>DARE &#8211; Drug Abuse Resistance Education<\/em>, surgido en 1983. Fue implantado en Brasil en 1992 y cuenta con cuatro cursos: PROERD para Educaci\u00f3n Infantil, 4\u00aa y 6\u00aa series de la Ense\u00f1anza Fundamental y Curso PROERD para padres.\u00a0 El PROERD consiste en una acci\u00f3n conjunta entre el polic\u00eda militar debidamente capacitado &#8211; llamado de Polic\u00eda PROERD &#8211;\u00a0 profesores, estudiantes, padres y comunidad, en el sentido de prevenir y reducir el uso indebido de drogas y la violencia entre los estudiantes, as\u00ed como ayudar los estudiantes a reconocer y resistir a las presiones y la influencia diaria para el uso de drogas y la practica de \u00a0violencia.<\/p>\n<p>Para el Rector Cesar Borges \u201ceste es el primer paso para otras acciones que ir\u00e1n a ampliar la participaci\u00f3n de la UFPel en la lucha contra la droga y la violencia ya iniciada con la implantaci\u00f3n del Centro Regional de Referencia, coordinado por la Facultad de Enfermer\u00eda. Se est\u00e1n haciendo tratativas con el Comandante-general de la Brigada Militar para la realizaci\u00f3n de cursos de especializaci\u00f3n vinculados a este tema en la modalidad de educaci\u00f3n a distancia, vali\u00e9ndose de los 40 polos de EAD\/UFPel distribuidos en el Estado de RS.<\/p>\n<p>A partir de la idea expuesta por el comandante-general de la Brigada Militar en ampliar estas acciones para el Mercosur, llevaremos a las autoridades federales en Brasilia un proyecto que contemple las actividades de extensi\u00f3n e investigaci\u00f3n de la UFPel con el apoyo decisivo de los \u00f3rganos de seguridad, defensa y justicia\u201d.<\/p>\n","protected":false},"excerpt":{"rendered":"<p>Autoridades policiales y civiles de Brasil y de Uruguay estuvieron reunidas en la tarde de este mi\u00e9rcoles (27), en Santana del Livramento, para la ceremonia de clausura de la primera turma del Programa Educacional de Resistencia a las Drogas y a la Violencia-PROERD Binacional Curr\u00edculo para Adultos. La ceremonia ocurri\u00f3 en el Centro de Integraci\u00f3n [&hellip;]<\/p>\n","protected":false},"author":185,"featured_media":0,"parent":0,"menu_order":0,"comment_status":"closed","ping_status":"closed","template":"","meta":{"footnotes":"","_links_to":"","_links_to_target":""},"class_list":["post-503","page","type-page","status-publish","hentry"],"jetpack_sharing_enabled":true,"_links":{"self":[{"href":"https:\/\/wp.ufpel.edu.br\/mercosul\/wp-json\/wp\/v2\/pages\/503","targetHints":{"allow":["GET"]}}],"collection":[{"href":"https:\/\/wp.ufpel.edu.br\/mercosul\/wp-json\/wp\/v2\/pages"}],"about":[{"href":"https:\/\/wp.ufpel.edu.br\/mercosul\/wp-json\/wp\/v2\/types\/page"}],"author":[{"embeddable":true,"href":"https:\/\/wp.ufpel.edu.br\/mercosul\/wp-json\/wp\/v2\/users\/185"}],"replies":[{"embeddable":true,"href":"https:\/\/wp.ufpel.edu.br\/mercosul\/wp-json\/wp\/v2\/comments?post=503"}],"version-history":[{"count":1,"href":"https:\/\/wp.ufpel.edu.br\/mercosul\/wp-json\/wp\/v2\/pages\/503\/revisions"}],"predecessor-version":[{"id":504,"href":"https:\/\/wp.ufpel.edu.br\/mercosul\/wp-json\/wp\/v2\/pages\/503\/revisions\/504"}],"wp:attachment":[{"href":"https:\/\/wp.ufpel.edu.br\/mercosul\/wp-json\/wp\/v2\/media?parent=503"}],"curies":[{"name":"wp","href":"https:\/\/api.w.org\/{rel}","templated":true}]}}