{"id":492,"date":"2012-05-17T08:48:30","date_gmt":"2012-05-17T11:48:30","guid":{"rendered":"https:\/\/wp.ufpel.edu.br\/mercosul\/?page_id=492"},"modified":"2012-05-29T09:17:18","modified_gmt":"2012-05-29T12:17:18","slug":"2010-cef","status":"publish","type":"page","link":"https:\/\/wp.ufpel.edu.br\/mercosul\/centro-de-estudios-fronterizos\/actividades-del-centro-de-estudios-fronterizos\/2010-cef\/","title":{"rendered":"2010 &#8211; Centro de Estudios Fronterizos"},"content":{"rendered":"<p>Coral Binacional &#8220;Madrigal Santa Ana&#8221;<\/p>\n<p><img src=\"http:\/\/www.ufpel.edu.br\/mercosul\/images\/coral-madrigal-santa-ana--nef2010.jpg\" alt=\"\" width=\"350\" height=\"263\" \/><\/p>\n<p>Creaci\u00f3n del coral binacional &#8220;Madrigal Santa Ana&#8221; que posee mitad de los integrantes brasile\u00f1os y<br \/>\nla otra mitad uruguayos.<\/p>\n<p>&nbsp;<\/p>\n<p><strong>1\u00aa Jornada Binacional \u201cLa Ci\u00eancia y el Humanismo\u201d<\/strong><\/p>\n<p><img src=\"http:\/\/www.ufpel.edu.br\/mercosul\/images\/nucl_f02.jpg\" alt=\"\" width=\"350\" height=\"263\" \/><\/p>\n<p>El N\u00facleo de Estudios Fronterizos de la UFPel, en Santana do Livramento, por estar conectado al Centro de Integraci\u00f3n del MERCOSUR, no podr\u00eda tener otra finalidad que no fuera la de fomentar la integraci\u00f3n. Para tanto, act\u00faa como facilitador y mediador a trav\u00e9s de conferencias, debates, cursos, exposiciones, entre otros, en las diversas \u00c1reas, como: Salud, Cultura, Deporte, Educaci\u00f3n, etc. Con ese objetivo, ocurri\u00f3 en su sede, el d\u00eda 30 de octubre, la 1\u00aa Jornada Binacional \u201cLa Ciencia y el Humanismo\u201d. La jornada tuvo como temas: C\u00e9lulas tronco, Biotecnologia m\u00e9dica, Bio\u00e9tica y Bio\u00e9tica del medioambiente. Las conferencias estuvieron a cargo de: Dr. Luis Barbeito\/Instituto Pasteur \u2013 Montevideo,Uruguay, doctorando en Biotecnologia; Vinicius Har\u00edas Campos \u2013 UFPel; Dr. M\u00e1rio Clara\/Centro Universitario \u2013 Rivera, Uruguay; y Carlos Herguy\/Rivera, Uruguay.<\/p>\n<p>&nbsp;<\/p>\n<p>&nbsp;<\/p>\n<p>Taller Binacional de Cine<\/p>\n<p><img src=\"http:\/\/www.ufpel.edu.br\/mercosul\/images\/nucl_f01.jpg\" alt=\"\" width=\"350\" height=\"263\" \/><\/p>\n<p>Fue realizado los d\u00edas 23 y 24 de octubre, en las dependencias del N\u00facleo de Estudios Fronterizos de la UFPel, en Santana do Livramento, un taller binacional de cine. Las clases fueron impartidas por los cineastas Anna Jancs\u00f3 (Hungria) y Cristian Denevi (Argentina). El evento cont\u00f3 con la participaci\u00f3n de alumnos de Brasil, Uruguay y Argentina.<\/p>\n<p>&nbsp;<\/p>\n<p>1\u00aa Feria Binacional del Libro<\/p>\n<p><img src=\"http:\/\/www.ufpel.edu.br\/mercosul\/images\/cartaz_l-feira_binacional_livro.jpg\" alt=\"\" width=\"350\" height=\"247\" \/><\/p>\n<p>Ocurrieron el d\u00eda 16 de diciembre, en el N\u00facleo de Estudios Fronterizos de la UFPel en Santana do Livramento, el lanzamiento del libro \u201cNadie nos Creer\u00eda\u201d del autor uruguayo Gustavo Gabriel Aguilera, y de la revista de cine \u201cArte XXI\u201d. El evento cont\u00f3 con la presencia de artistas, escritores y p\u00fablico en general. Tras los lanzamientos, hubo un c\u00f3ctel de integraci\u00f3n.<\/p>\n<p><a href=\"https:\/\/wp.ufpel.edu.br\/mercosul\/centro-de-estudios-fronterizos\/actividades-del-centro-de-estudios-fronterizos\/\">[Volver]<\/a><\/p>\n","protected":false},"excerpt":{"rendered":"<p>Coral Binacional &#8220;Madrigal Santa Ana&#8221; Creaci\u00f3n del coral binacional &#8220;Madrigal Santa Ana&#8221; que posee mitad de los integrantes brasile\u00f1os y la otra mitad uruguayos. &nbsp; 1\u00aa Jornada Binacional \u201cLa Ci\u00eancia y el Humanismo\u201d El N\u00facleo de Estudios Fronterizos de la UFPel, en Santana do Livramento, por estar conectado al Centro de Integraci\u00f3n del MERCOSUR, no [&hellip;]<\/p>\n","protected":false},"author":185,"featured_media":0,"parent":491,"menu_order":0,"comment_status":"closed","ping_status":"closed","template":"","meta":{"footnotes":"","_links_to":"","_links_to_target":""},"class_list":["post-492","page","type-page","status-publish","hentry"],"jetpack_sharing_enabled":true,"_links":{"self":[{"href":"https:\/\/wp.ufpel.edu.br\/mercosul\/wp-json\/wp\/v2\/pages\/492","targetHints":{"allow":["GET"]}}],"collection":[{"href":"https:\/\/wp.ufpel.edu.br\/mercosul\/wp-json\/wp\/v2\/pages"}],"about":[{"href":"https:\/\/wp.ufpel.edu.br\/mercosul\/wp-json\/wp\/v2\/types\/page"}],"author":[{"embeddable":true,"href":"https:\/\/wp.ufpel.edu.br\/mercosul\/wp-json\/wp\/v2\/users\/185"}],"replies":[{"embeddable":true,"href":"https:\/\/wp.ufpel.edu.br\/mercosul\/wp-json\/wp\/v2\/comments?post=492"}],"version-history":[{"count":6,"href":"https:\/\/wp.ufpel.edu.br\/mercosul\/wp-json\/wp\/v2\/pages\/492\/revisions"}],"predecessor-version":[{"id":495,"href":"https:\/\/wp.ufpel.edu.br\/mercosul\/wp-json\/wp\/v2\/pages\/492\/revisions\/495"}],"up":[{"embeddable":true,"href":"https:\/\/wp.ufpel.edu.br\/mercosul\/wp-json\/wp\/v2\/pages\/491"}],"wp:attachment":[{"href":"https:\/\/wp.ufpel.edu.br\/mercosul\/wp-json\/wp\/v2\/media?parent=492"}],"curies":[{"name":"wp","href":"https:\/\/api.w.org\/{rel}","templated":true}]}}