{"id":347,"date":"2012-05-07T19:18:49","date_gmt":"2012-05-07T22:18:49","guid":{"rendered":"https:\/\/wp.ufpel.edu.br\/mercosul\/?page_id=347"},"modified":"2012-05-07T19:18:49","modified_gmt":"2012-05-07T22:18:49","slug":"2008-cim","status":"publish","type":"page","link":"https:\/\/wp.ufpel.edu.br\/mercosul\/2008-cim\/","title":{"rendered":"2008 &#8211; CIM"},"content":{"rendered":"<p><img src=\"http:\/\/www.ufpel.edu.br\/mercosul\/images\/cartazvtaller.jpg\" alt=\"\" width=\"350\" height=\"252\" \/><\/p>\n<p>V Taller Did\u00e1ctico de Espa\u00f1ol. Lengua y Cultura frente a las Tecnologias de la Informaci\u00f3n y de la Comunicaci\u00f3n. El trabajo se desarrolla en forma de talleres impartidos por profesores de espa\u00f1ol. Primeramente se presentan los aspectos te\u00f3ricos que fundamentan las propuestas y enseguida los mismos talleres, o sea, el momento en que se comparte la experi\u00eancia pr\u00e1ctica.<\/p>\n<p><a title=\"Eventos e Not\u00edcias\" href=\"https:\/\/wp.ufpel.edu.br\/mercosul\/eventos\/eventos-e-noticias\/\">[Voltar]<\/a><\/p>\n","protected":false},"excerpt":{"rendered":"<p>V Taller Did\u00e1ctico de Espa\u00f1ol. Lengua y Cultura frente a las Tecnologias de la Informaci\u00f3n y de la Comunicaci\u00f3n. El trabajo se desarrolla en forma de talleres impartidos por profesores de espa\u00f1ol. Primeramente se presentan los aspectos te\u00f3ricos que fundamentan las propuestas y enseguida los mismos talleres, o sea, el momento en que se comparte [&hellip;]<\/p>\n","protected":false},"author":185,"featured_media":0,"parent":0,"menu_order":0,"comment_status":"closed","ping_status":"closed","template":"","meta":{"footnotes":"","_links_to":"","_links_to_target":""},"class_list":["post-347","page","type-page","status-publish","hentry"],"jetpack_sharing_enabled":true,"_links":{"self":[{"href":"https:\/\/wp.ufpel.edu.br\/mercosul\/wp-json\/wp\/v2\/pages\/347","targetHints":{"allow":["GET"]}}],"collection":[{"href":"https:\/\/wp.ufpel.edu.br\/mercosul\/wp-json\/wp\/v2\/pages"}],"about":[{"href":"https:\/\/wp.ufpel.edu.br\/mercosul\/wp-json\/wp\/v2\/types\/page"}],"author":[{"embeddable":true,"href":"https:\/\/wp.ufpel.edu.br\/mercosul\/wp-json\/wp\/v2\/users\/185"}],"replies":[{"embeddable":true,"href":"https:\/\/wp.ufpel.edu.br\/mercosul\/wp-json\/wp\/v2\/comments?post=347"}],"version-history":[{"count":2,"href":"https:\/\/wp.ufpel.edu.br\/mercosul\/wp-json\/wp\/v2\/pages\/347\/revisions"}],"predecessor-version":[{"id":351,"href":"https:\/\/wp.ufpel.edu.br\/mercosul\/wp-json\/wp\/v2\/pages\/347\/revisions\/351"}],"wp:attachment":[{"href":"https:\/\/wp.ufpel.edu.br\/mercosul\/wp-json\/wp\/v2\/media?parent=347"}],"curies":[{"name":"wp","href":"https:\/\/api.w.org\/{rel}","templated":true}]}}

<p><img src="http://www.ufpel.edu.br/mercosul/images/cartazvtaller.jpg" alt="" width="350" height="252" /></p>
<p>V Taller Didáctico de Español. Lengua y Cultura frente a las Tecnologias de la Información y de la Comunicación. El trabajo se desarrolla en forma de talleres impartidos por profesores de español. Primeramente se presentan los aspectos teóricos que fundamentan las propuestas y enseguida los mismos talleres, o sea, el momento en que se comparte la experiência práctica.</p>
<p><a title="Eventos e Notícias" href="https://wp.ufpel.edu.br/mercosul/eventos/eventos-e-noticias/">[Voltar]</a></p>

<p>V Taller Didáctico de Español. Lengua y Cultura frente a las Tecnologias de la Información y de la Comunicación. El trabajo se desarrolla en forma de talleres impartidos por profesores de español. Primeramente se presentan los aspectos teóricos que fundamentan las propuestas y enseguida los mismos talleres, o sea, el momento en que se comparte [&hellip;]</p>
