{"id":340,"date":"2012-05-07T19:11:47","date_gmt":"2012-05-07T22:11:47","guid":{"rendered":"https:\/\/wp.ufpel.edu.br\/mercosul\/?page_id=340"},"modified":"2019-08-21T12:01:02","modified_gmt":"2019-08-21T15:01:02","slug":"2006-cim","status":"publish","type":"page","link":"https:\/\/wp.ufpel.edu.br\/mercosul\/2006-cim\/","title":{"rendered":"2006 &#8211; CIM"},"content":{"rendered":"<h4><strong>I F\u00d3RUM PARA DISCUTIR USO DE ANIMAIS NO ENSINO E NA PESQUISA<\/strong><\/h4>\n<p><img src=\"http:\/\/www.ufpel.edu.br\/mercosul\/images\/evento_crmv.jpg\" alt=\"\" width=\"250\" height=\"188\" \/><\/p>\n<p>O Conselho de Medicina Veterin\u00e1ria do Rio Grande do Sul (CRMV) realizou dia 1\u00ba de dezembro do ano passado no Audit\u00f3rio Sim\u00f3n Bol\u00edvar, o I F\u00f3rum para discutir uso de animais no ensino e na pesquisa com a presen\u00e7a do Presidente do CRMV-RS Air Fagundes dos Santos e do presidente da Comiss\u00e3o de \u00c9tica e Experimenta\u00e7\u00e3o Animal da UFPel Prof\u00ba Wladimir Padilha da Silva entre autoridades da Furg e UFSM.<br \/>\nOs Temas abordados foram: Concep\u00e7\u00f5es \u00c9ticas no Contexto da Medicina Veterin\u00e1ria, Aspectos Hist\u00f3ricos da utiliza\u00e7\u00e3o de animais no ensino e pesquisa, Alternativas a utiliza\u00e7\u00e3o de animais sadios em disciplinas de cirurgia de experimenta\u00e7\u00e3o na biologia, e Modelos animais e pesquisa, e controle de zoonoses:<br \/>\no que? e como fazer?.<\/p>\n<h4><strong>VISITA DO MINISTRO DA EDUCA\u00c7\u00c3O AO CENTRO DE INTEGRA\u00c7\u00c3O<\/strong><br \/>\n<strong> DO MERCOSUL<\/strong><\/h4>\n<p><img src=\"http:\/\/www.ufpel.edu.br\/mercosul\/images\/reitor_ministro.jpg\" alt=\"\" width=\"250\" height=\"159\" \/><br \/>\nReitor C\u00e9sar Borges e o Ministro Fernando Haddad<\/p>\n<p>Em visita a Pelotas, em setembro do ano passado, o Ministro da Educa\u00e7\u00e3o Fernando Haddad cumpre extensa agenda na Zona Sul. Visita \u00e0s obras do futuro Campus Porto, na \u00e1rea do antigo frigor\u00edfico Anglo; o pr\u00e9dio do Pronto-Atendimento 24 horas da UFPel; na Faculdade de Medicina, inaugura as novas instala\u00e7\u00f5es do Diret\u00f3rio Acad\u00eamico Naum Kaisermann e preside a inaugura\u00e7\u00e3o do pr\u00e9dio hist\u00f3rico do Curso de Turismo, na esquina da rua F\u00e9lix da Cunha com a pra\u00e7a Coronel Pedro Os\u00f3rio. Ap\u00f3s participar da inaugura\u00e7\u00e3o do casar\u00e3o hist\u00f3rico situado na Pra\u00e7a Coronel Pedro Os\u00f3rio esquina Felix da Cunha, se dirigiu ao CIM onde concedeu entrevista para uma rede de tev\u00ea e participou de audi\u00eancia com prefeitos da zona sul,logo ap\u00f3s retornando a Bras\u00edlia.<\/p>\n<p>&nbsp;<\/p>\n<h4><strong>LAN\u00c7AMENTO DO PROJETO &#8220;INTERA\u00c7\u00d5ES URBANAS&#8221;<\/strong><\/h4>\n<p><img src=\"http:\/\/www.ufpel.edu.br\/mercosul\/images\/interacoes-1.jpg\" alt=\"\" width=\"254\" height=\"158\" \/><br \/>\nAbertura do projeto Intera\u00e7\u00f5es Urbanas<\/p>\n<p>Intera\u00e7\u00f5es Urbanas &#8211; Interven\u00e7\u00f5es art\u00edsticas no entorno da Pra\u00e7a Cel. Pedro Os\u00f3rio \u00e9 um evento de arte e cultura que tem como palco a cidade de Pelotas. Conta com mostra de obras de artistas nacionais no entorno da Pra\u00e7a Coronel Pedro Os\u00f3rio, bem como exposi\u00e7\u00e3o documental ilustrando a trajet\u00f3ria dos artistas convidados e ciclo de palestras sobre arte e cultura realizadas no CIM\/UFPel. O objetivo \u00e9 possibilitar uma experi\u00eancia enriquecedora capaz de despertar reflex\u00f5es acerca das rela\u00e7\u00f5es existentes entre arte, cidade e patrim\u00f4nio hist\u00f3rico arquitet\u00f4nico. O evento \u00e9 uma realiza\u00e7\u00e3o da Funda\u00e7\u00e3o de Apoio Universit\u00e1rio (FAU) em parceria com a Universidade Federal de Pelotas e Prefeitura Municipal de Pelotas com patroc\u00ednio do Programa Monumenta, Unesco, Banco Interamericano de Desenvolvimento, Iphan, Minist\u00e9rio da Cultura e da Funda\u00e7\u00e3o Sim\u00f3n Bol\u00edvar.<\/p>\n<p><a href=\"https:\/\/wp.ufpel.edu.br\/mercosul\/eventos\/eventos-e-noticias\/\">[Voltar]<\/a><\/p>\n","protected":false},"excerpt":{"rendered":"<p>I F\u00d3RUM PARA DISCUTIR USO DE ANIMAIS NO ENSINO E NA PESQUISA O Conselho de Medicina Veterin\u00e1ria do Rio Grande do Sul (CRMV) realizou dia 1\u00ba de dezembro do ano passado no Audit\u00f3rio Sim\u00f3n Bol\u00edvar, o I F\u00f3rum para discutir uso de animais no ensino e na pesquisa com a presen\u00e7a do Presidente do CRMV-RS [&hellip;]<\/p>\n","protected":false},"author":185,"featured_media":0,"parent":0,"menu_order":0,"comment_status":"closed","ping_status":"closed","template":"","meta":{"footnotes":"","_links_to":"","_links_to_target":""},"class_list":["post-340","page","type-page","status-publish","hentry"],"jetpack_sharing_enabled":true,"_links":{"self":[{"href":"https:\/\/wp.ufpel.edu.br\/mercosul\/wp-json\/wp\/v2\/pages\/340","targetHints":{"allow":["GET"]}}],"collection":[{"href":"https:\/\/wp.ufpel.edu.br\/mercosul\/wp-json\/wp\/v2\/pages"}],"about":[{"href":"https:\/\/wp.ufpel.edu.br\/mercosul\/wp-json\/wp\/v2\/types\/page"}],"author":[{"embeddable":true,"href":"https:\/\/wp.ufpel.edu.br\/mercosul\/wp-json\/wp\/v2\/users\/185"}],"replies":[{"embeddable":true,"href":"https:\/\/wp.ufpel.edu.br\/mercosul\/wp-json\/wp\/v2\/comments?post=340"}],"version-history":[{"count":4,"href":"https:\/\/wp.ufpel.edu.br\/mercosul\/wp-json\/wp\/v2\/pages\/340\/revisions"}],"predecessor-version":[{"id":2709,"href":"https:\/\/wp.ufpel.edu.br\/mercosul\/wp-json\/wp\/v2\/pages\/340\/revisions\/2709"}],"wp:attachment":[{"href":"https:\/\/wp.ufpel.edu.br\/mercosul\/wp-json\/wp\/v2\/media?parent=340"}],"curies":[{"name":"wp","href":"https:\/\/api.w.org\/{rel}","templated":true}]}}

<h4><strong>I FÓRUM PARA DISCUTIR USO DE ANIMAIS NO ENSINO E NA PESQUISA</strong></h4>
<p><img src="http://www.ufpel.edu.br/mercosul/images/evento_crmv.jpg" alt="" width="250" height="188" /></p>
<p>O Conselho de Medicina Veterinária do Rio Grande do Sul (CRMV) realizou dia 1º de dezembro do ano passado no Auditório Simón Bolívar, o I Fórum para discutir uso de animais no ensino e na pesquisa com a presença do Presidente do CRMV-RS Air Fagundes dos Santos e do presidente da Comissão de Ética e Experimentação Animal da UFPel Profº Wladimir Padilha da Silva entre autoridades da Furg e UFSM.<br />
Os Temas abordados foram: Concepções Éticas no Contexto da Medicina Veterinária, Aspectos Históricos da utilização de animais no ensino e pesquisa, Alternativas a utilização de animais sadios em disciplinas de cirurgia de experimentação na biologia, e Modelos animais e pesquisa, e controle de zoonoses:<br />
o que? e como fazer?.</p>
<h4><strong>VISITA DO MINISTRO DA EDUCAÇÃO AO CENTRO DE INTEGRAÇÃO</strong><br />
<strong> DO MERCOSUL</strong></h4>
<p><img src="http://www.ufpel.edu.br/mercosul/images/reitor_ministro.jpg" alt="" width="250" height="159" /><br />
Reitor César Borges e o Ministro Fernando Haddad</p>
<p>Em visita a Pelotas, em setembro do ano passado, o Ministro da Educação Fernando Haddad cumpre extensa agenda na Zona Sul. Visita às obras do futuro Campus Porto, na área do antigo frigorífico Anglo; o prédio do Pronto-Atendimento 24 horas da UFPel; na Faculdade de Medicina, inaugura as novas instalações do Diretório Acadêmico Naum Kaisermann e preside a inauguração do prédio histórico do Curso de Turismo, na esquina da rua Félix da Cunha com a praça Coronel Pedro Osório. Após participar da inauguração do casarão histórico situado na Praça Coronel Pedro Osório esquina Felix da Cunha, se dirigiu ao CIM onde concedeu entrevista para uma rede de tevê e participou de audiência com prefeitos da zona sul,logo após retornando a Brasília.</p>
<p>&nbsp;</p>
<h4><strong>LANÇAMENTO DO PROJETO &#8220;INTERAÇÕES URBANAS&#8221;</strong></h4>
<p><img src="http://www.ufpel.edu.br/mercosul/images/interacoes-1.jpg" alt="" width="254" height="158" /><br />
Abertura do projeto Interações Urbanas</p>
<p>Interações Urbanas &#8211; Intervenções artísticas no entorno da Praça Cel. Pedro Osório é um evento de arte e cultura que tem como palco a cidade de Pelotas. Conta com mostra de obras de artistas nacionais no entorno da Praça Coronel Pedro Osório, bem como exposição documental ilustrando a trajetória dos artistas convidados e ciclo de palestras sobre arte e cultura realizadas no CIM/UFPel. O objetivo é possibilitar uma experiência enriquecedora capaz de despertar reflexões acerca das relações existentes entre arte, cidade e patrimônio histórico arquitetônico. O evento é uma realização da Fundação de Apoio Universitário (FAU) em parceria com a Universidade Federal de Pelotas e Prefeitura Municipal de Pelotas com patrocínio do Programa Monumenta, Unesco, Banco Interamericano de Desenvolvimento, Iphan, Ministério da Cultura e da Fundação Simón Bolívar.</p>
<p><a href="https://wp.ufpel.edu.br/mercosul/eventos/eventos-e-noticias/">[Voltar]</a></p>

<p>I FÓRUM PARA DISCUTIR USO DE ANIMAIS NO ENSINO E NA PESQUISA O Conselho de Medicina Veterinária do Rio Grande do Sul (CRMV) realizou dia 1º de dezembro do ano passado no Auditório Simón Bolívar, o I Fórum para discutir uso de animais no ensino e na pesquisa com a presença do Presidente do CRMV-RS [&hellip;]</p>
