{"id":3311,"date":"2025-06-18T10:27:09","date_gmt":"2025-06-18T13:27:09","guid":{"rendered":"https:\/\/wp.ufpel.edu.br\/mercosul\/?page_id=3311"},"modified":"2025-06-18T10:27:10","modified_gmt":"2025-06-18T13:27:10","slug":"aberta-selecao-de-alunos-regulares-para-o-curso-de-especializacao-em-gestao-para-a-sustentabilidade-ead","status":"publish","type":"page","link":"https:\/\/wp.ufpel.edu.br\/mercosul\/aberta-selecao-de-alunos-regulares-para-o-curso-de-especializacao-em-gestao-para-a-sustentabilidade-ead\/","title":{"rendered":"Aberta sele\u00e7\u00e3o de alunos regulares para o Curso de Especializa\u00e7\u00e3o em Gest\u00e3o para a Sustentabilidade EAD"},"content":{"rendered":"<p>O Centro de Integra\u00e7\u00e3o do Mercosul lan\u00e7a nesta quarta-feira o edital de sele\u00e7\u00e3o de alunos para o Curso de Especializa\u00e7\u00e3o Lato Sensu em Gesao para a Sustentabilidade na modalidade EAD pela Universidade Aberta do Brasil (UAB). As inscri\u00e7\u00f5es ocorrem de 18 de junho a 22 de julho de 2025 e podem ser realizadas pelo link <a href=\"https:\/\/forms.gle\/HyM4wKPPmXYFGM1L6\">https:\/\/forms.gle\/HyM4wKPPmXYFGM1L6<\/a>.<\/p>\n<p>S\u00e3o 150 vagas distribu\u00eddas em cinco polos da Regi\u00e3o Metropolitana de Porto Alegre:<\/p>\n<ol>\n<li>Sobradinho<\/li>\n<li>Picada Caf\u00e9<\/li>\n<li>Sapiranga<\/li>\n<li>Novo Hamburgo<\/li>\n<li>Esteio<\/li>\n<\/ol>\n<p>Interessados acessar o Edital de Sele\u00e7\u00e3o abaixo e qualquer d\u00favida\u00a0entrar em contato pelo e-mail: <span style=\"text-align: justify; color: var(--cor-texto); font-family: var(--fonte-corpo);\">pos.cim.egps.ead@gmail.com<\/span><\/p>\n<p><a href=\"https:\/\/wp.ufpel.edu.br\/mercosul\/pt\/aberta-selecao-de-alunos-regulares-para-o-curso-de-especializacao-em-gestao-para-a-sustentabilidade-ead\/sei_3117247_edital_de_selecao_prppg_91\/\" rel=\"attachment wp-att-3312\">SEI_3117247_Edital_de_selecao_PRPPG_91<\/a><\/p>\n<p><a href=\"https:\/\/wp.ufpel.edu.br\/mercosul\/pt\/aberta-selecao-de-alunos-regulares-para-o-curso-de-especializacao-em-gestao-para-a-sustentabilidade-ead\/anexo-iv\/\" rel=\"attachment wp-att-3314\">Anexo IV &#8211; Quadro de T\u00edtulos<\/a><\/p>\n","protected":false},"excerpt":{"rendered":"<p>O Centro de Integra\u00e7\u00e3o do Mercosul lan\u00e7a nesta quarta-feira o edital de sele\u00e7\u00e3o de alunos para o Curso de Especializa\u00e7\u00e3o Lato Sensu em Gesao para a Sustentabilidade na modalidade EAD pela Universidade Aberta do Brasil (UAB). As inscri\u00e7\u00f5es ocorrem de 18 de junho a 22 de julho de 2025 e podem ser realizadas pelo link [&hellip;]<\/p>\n","protected":false},"author":185,"featured_media":0,"parent":0,"menu_order":0,"comment_status":"closed","ping_status":"closed","template":"","meta":{"footnotes":"","_links_to":"","_links_to_target":""},"class_list":["post-3311","page","type-page","status-publish","hentry"],"jetpack_sharing_enabled":true,"_links":{"self":[{"href":"https:\/\/wp.ufpel.edu.br\/mercosul\/wp-json\/wp\/v2\/pages\/3311","targetHints":{"allow":["GET"]}}],"collection":[{"href":"https:\/\/wp.ufpel.edu.br\/mercosul\/wp-json\/wp\/v2\/pages"}],"about":[{"href":"https:\/\/wp.ufpel.edu.br\/mercosul\/wp-json\/wp\/v2\/types\/page"}],"author":[{"embeddable":true,"href":"https:\/\/wp.ufpel.edu.br\/mercosul\/wp-json\/wp\/v2\/users\/185"}],"replies":[{"embeddable":true,"href":"https:\/\/wp.ufpel.edu.br\/mercosul\/wp-json\/wp\/v2\/comments?post=3311"}],"version-history":[{"count":6,"href":"https:\/\/wp.ufpel.edu.br\/mercosul\/wp-json\/wp\/v2\/pages\/3311\/revisions"}],"predecessor-version":[{"id":3319,"href":"https:\/\/wp.ufpel.edu.br\/mercosul\/wp-json\/wp\/v2\/pages\/3311\/revisions\/3319"}],"wp:attachment":[{"href":"https:\/\/wp.ufpel.edu.br\/mercosul\/wp-json\/wp\/v2\/media?parent=3311"}],"curies":[{"name":"wp","href":"https:\/\/api.w.org\/{rel}","templated":true}]}}