{"id":327,"date":"2012-05-07T13:59:53","date_gmt":"2012-05-07T16:59:53","guid":{"rendered":"https:\/\/wp.ufpel.edu.br\/mercosul\/?page_id=327"},"modified":"2012-05-07T13:59:53","modified_gmt":"2012-05-07T16:59:53","slug":"grade-curricular-curso-superior-de-tecnologia-em-transporte-terrestre","status":"publish","type":"page","link":"https:\/\/wp.ufpel.edu.br\/mercosul\/grade-curricular-curso-superior-de-tecnologia-em-transporte-terrestre\/","title":{"rendered":"Grade Curricular &#8211; Curso Superior de Tecnologia em Transporte Terrestre"},"content":{"rendered":"<table style=\"width: 574px\" border=\"1\" cellspacing=\"0\" cellpadding=\"0\">\n<tbody>\n<tr>\n<td width=\"329\"><strong>DISCIPLINA\/SEMESTRE<\/strong><\/td>\n<td width=\"113\">\n<p align=\"center\"><strong>CR\u00c9DITOS<\/strong><\/p>\n<\/td>\n<td width=\"132\">\n<p align=\"center\"><strong>CARGA HOR\u00c1RIA<\/strong><\/p>\n<\/td>\n<\/tr>\n<tr>\n<td colspan=\"3\" valign=\"top\" width=\"574\"><strong>1\u00ba SEMESTRE<\/strong><\/td>\n<\/tr>\n<tr>\n<td width=\"329\">1.\u00a0\u00a0\u00a0\u00a0\u00a0\u00a0\u00a0Introdu\u00e7\u00e3o aos Sistemas de Transportes<\/td>\n<td width=\"113\">\n<p align=\"center\">02<\/p>\n<\/td>\n<td width=\"132\">\n<p align=\"center\">34<\/p>\n<\/td>\n<\/tr>\n<tr>\n<td width=\"329\">2.\u00a0\u00a0\u00a0\u00a0\u00a0\u00a0\u00a0Modelos de Gest\u00e3o<\/td>\n<td width=\"113\">\n<p align=\"center\">04<\/p>\n<\/td>\n<td width=\"132\">\n<p align=\"center\">68<\/p>\n<\/td>\n<\/tr>\n<tr>\n<td width=\"329\">3.\u00a0\u00a0\u00a0\u00a0\u00a0\u00a0\u00a0Fundamentos de Marketing<\/td>\n<td width=\"113\">\n<p align=\"center\">02<\/p>\n<\/td>\n<td width=\"132\">\n<p align=\"center\">34<\/p>\n<\/td>\n<\/tr>\n<tr>\n<td width=\"329\">4.\u00a0\u00a0\u00a0\u00a0\u00a0\u00a0\u00a0Inform\u00e1tica B\u00e1sica<\/td>\n<td width=\"113\">\n<p align=\"center\">04<\/p>\n<\/td>\n<td width=\"132\">\n<p align=\"center\">68<\/p>\n<\/td>\n<\/tr>\n<tr>\n<td width=\"329\">5.\u00a0\u00a0\u00a0\u00a0\u00a0\u00a0\u00a0T\u00e9cnicas de Comunica\u00e7\u00e3o Cient\u00edfica e Empresarial<\/td>\n<td width=\"113\">\n<p align=\"center\">02<\/p>\n<\/td>\n<td width=\"132\">\n<p align=\"center\">34<\/p>\n<\/td>\n<\/tr>\n<tr>\n<td width=\"329\">6.\u00a0\u00a0\u00a0\u00a0\u00a0\u00a0\u00a0C\u00e1lculo e Estat\u00edstica Aplicada<\/td>\n<td width=\"113\">\n<p align=\"center\">04<\/p>\n<\/td>\n<td width=\"132\">\n<p align=\"center\">68<\/p>\n<\/td>\n<\/tr>\n<tr>\n<td width=\"329\">7.\u00a0\u00a0\u00a0\u00a0\u00a0\u00a0\u00a0\u00c9tica e Cidadania<\/td>\n<td width=\"113\">\n<p align=\"center\">02<\/p>\n<\/td>\n<td width=\"132\">\n<p align=\"center\">34<\/p>\n<\/td>\n<\/tr>\n<tr>\n<td width=\"329\">\n<p align=\"center\"><strong>Total do semestre<\/strong><\/p>\n<\/td>\n<td width=\"113\">\n<p align=\"center\"><strong>20<\/strong><\/p>\n<\/td>\n<td width=\"132\">\n<p align=\"center\"><strong>340<\/strong><\/p>\n<\/td>\n<\/tr>\n<tr>\n<td colspan=\"3\" valign=\"top\" width=\"574\"><strong>2\u00ba SEMESTRE<\/strong><\/td>\n<\/tr>\n<tr>\n<td width=\"329\">1.\u00a0\u00a0\u00a0\u00a0\u00a0\u00a0\u00a0Engenharia de Tr\u00e1fego<\/td>\n<td width=\"113\">\n<p align=\"center\">04<\/p>\n<\/td>\n<td width=\"132\">\n<p align=\"center\">68<\/p>\n<\/td>\n<\/tr>\n<tr>\n<td width=\"329\">2.\u00a0\u00a0\u00a0\u00a0\u00a0\u00a0\u00a0Log\u00edstica I<\/td>\n<td width=\"113\">\n<p align=\"center\">04<\/p>\n<\/td>\n<td width=\"132\">\n<p align=\"center\">68<\/p>\n<\/td>\n<\/tr>\n<tr>\n<td width=\"329\">3.\u00a0\u00a0\u00a0\u00a0\u00a0\u00a0\u00a0Infraestrutura dos Transportes Terrestres I<\/td>\n<td width=\"113\">\n<p align=\"center\">04<\/p>\n<\/td>\n<td width=\"132\">\n<p align=\"center\">68<\/p>\n<\/td>\n<\/tr>\n<tr>\n<td width=\"329\">4.\u00a0\u00a0\u00a0\u00a0\u00a0\u00a0\u00a0Gest\u00e3o da Qualidade<\/td>\n<td width=\"113\">\n<p align=\"center\">02<\/p>\n<\/td>\n<td width=\"132\">\n<p align=\"center\">34<\/p>\n<\/td>\n<\/tr>\n<tr>\n<td width=\"329\">5.\u00a0\u00a0\u00a0\u00a0\u00a0\u00a0\u00a0Planejamento Estrat\u00e9gico<\/td>\n<td width=\"113\">\n<p align=\"center\">02<\/p>\n<\/td>\n<td width=\"132\">\n<p align=\"center\">34<\/p>\n<\/td>\n<\/tr>\n<tr>\n<td width=\"329\">6.\u00a0\u00a0\u00a0\u00a0\u00a0\u00a0\u00a0Legisla\u00e7\u00e3o do Tr\u00e2nsito<\/td>\n<td width=\"113\">\n<p align=\"center\">04<\/p>\n<\/td>\n<td width=\"132\">\n<p align=\"center\">68<\/p>\n<\/td>\n<\/tr>\n<tr>\n<td width=\"329\">\n<p align=\"center\"><strong>Total do semestre<\/strong><\/p>\n<\/td>\n<td width=\"113\">\n<p align=\"center\"><strong>20<\/strong><\/p>\n<\/td>\n<td width=\"132\">\n<p align=\"center\"><strong>340<\/strong><\/p>\n<\/td>\n<\/tr>\n<tr>\n<td colspan=\"3\" valign=\"top\" width=\"574\"><strong>3\u00ba SEMESTRE<\/strong><\/td>\n<\/tr>\n<tr>\n<td width=\"329\">1.\u00a0\u00a0\u00a0\u00a0\u00a0\u00a0\u00a0Planejamento dos Transportes<\/td>\n<td width=\"113\">\n<p align=\"center\">04<\/p>\n<\/td>\n<td valign=\"top\" width=\"132\">\n<p align=\"center\">68<\/p>\n<\/td>\n<\/tr>\n<tr>\n<td width=\"329\">2.\u00a0\u00a0\u00a0\u00a0\u00a0\u00a0\u00a0Log\u00edstica II<\/td>\n<td width=\"113\">\n<p align=\"center\">04<\/p>\n<\/td>\n<td valign=\"top\" width=\"132\">\n<p align=\"center\">68<\/p>\n<\/td>\n<\/tr>\n<tr>\n<td width=\"329\">3.\u00a0\u00a0\u00a0\u00a0\u00a0\u00a0\u00a0Gest\u00e3o de Custos<\/td>\n<td width=\"113\">\n<p align=\"center\">03<\/p>\n<\/td>\n<td valign=\"top\" width=\"132\">\n<p align=\"center\">51<\/p>\n<\/td>\n<\/tr>\n<tr>\n<td width=\"329\">4.\u00a0\u00a0\u00a0\u00a0\u00a0\u00a0\u00a0Transportes I &#8211; Carga<\/td>\n<td width=\"113\">\n<p align=\"center\">03<\/p>\n<\/td>\n<td valign=\"top\" width=\"132\">\n<p align=\"center\">51<\/p>\n<\/td>\n<\/tr>\n<tr>\n<td width=\"329\">5.\u00a0\u00a0\u00a0\u00a0\u00a0\u00a0\u00a0Metodologia de Pesquisa<\/td>\n<td width=\"113\">\n<p align=\"center\">02<\/p>\n<\/td>\n<td valign=\"top\" width=\"132\">\n<p align=\"center\">34<\/p>\n<\/td>\n<\/tr>\n<tr>\n<td width=\"329\">6.\u00a0\u00a0\u00a0\u00a0\u00a0\u00a0\u00a0Infraestrutura dos Transportes Terrestres II<\/td>\n<td width=\"113\">\n<p align=\"center\">04<\/p>\n<\/td>\n<td width=\"132\">\n<p align=\"center\">68<\/p>\n<\/td>\n<\/tr>\n<tr>\n<td width=\"329\">\n<p align=\"center\"><strong>Total do semestre<\/strong><\/p>\n<\/td>\n<td width=\"113\">\n<p align=\"center\"><strong>20<\/strong><\/p>\n<\/td>\n<td width=\"132\">\n<p align=\"center\"><strong>340<\/strong><\/p>\n<\/td>\n<\/tr>\n<tr>\n<td colspan=\"3\" valign=\"top\" width=\"574\"><strong>4\u00ba SEMESTRE<\/strong><\/td>\n<\/tr>\n<tr>\n<td width=\"329\">1.\u00a0\u00a0\u00a0\u00a0\u00a0\u00a0\u00a0Seguran\u00e7a Vi\u00e1ria<\/td>\n<td width=\"113\">\n<p align=\"center\">04<\/p>\n<\/td>\n<td width=\"132\">\n<p align=\"center\">68<\/p>\n<\/td>\n<\/tr>\n<tr>\n<td width=\"329\">2.\u00a0\u00a0\u00a0\u00a0\u00a0\u00a0\u00a0Transportes II &#8211; Passageiros<\/td>\n<td width=\"113\">\n<p align=\"center\">03<\/p>\n<\/td>\n<td width=\"132\">\n<p align=\"center\">51<\/p>\n<\/td>\n<\/tr>\n<tr>\n<td width=\"329\">3.\u00a0\u00a0\u00a0\u00a0\u00a0\u00a0\u00a0Tecnologia dos Transportes Terrestres<\/td>\n<td width=\"113\">\n<p align=\"center\">02<\/p>\n<\/td>\n<td width=\"132\">\n<p align=\"center\">34<\/p>\n<\/td>\n<\/tr>\n<tr>\n<td width=\"329\">4.\u00a0\u00a0\u00a0\u00a0\u00a0\u00a0\u00a0Mobilidade Urbana<\/td>\n<td width=\"113\">\n<p align=\"center\">02<\/p>\n<\/td>\n<td width=\"132\">\n<p align=\"center\">34<\/p>\n<\/td>\n<\/tr>\n<tr>\n<td width=\"329\">5.\u00a0\u00a0\u00a0\u00a0\u00a0\u00a0\u00a0Transporte n\u00e3o motorizado<\/td>\n<td width=\"113\">\n<p align=\"center\">03<\/p>\n<\/td>\n<td width=\"132\">\n<p align=\"center\">51<\/p>\n<\/td>\n<\/tr>\n<tr>\n<td width=\"329\">6.\u00a0\u00a0\u00a0\u00a0\u00a0\u00a0\u00a0Transportes e Meio Ambiente<\/td>\n<td width=\"113\">\n<p align=\"center\">04<\/p>\n<\/td>\n<td width=\"132\">\n<p align=\"center\">68<\/p>\n<\/td>\n<\/tr>\n<tr>\n<td width=\"329\">7.\u00a0\u00a0\u00a0\u00a0\u00a0\u00a0\u00a0Orienta\u00e7\u00e3o para o Projeto Interdisciplinar<\/td>\n<td width=\"113\">\n<p align=\"center\">02<\/p>\n<\/td>\n<td width=\"132\">\n<p align=\"center\">34<\/p>\n<\/td>\n<\/tr>\n<tr>\n<td width=\"329\">\n<p align=\"center\"><strong>Total do semestre<\/strong><\/p>\n<\/td>\n<td width=\"113\">\n<p align=\"center\"><strong>20<\/strong><\/p>\n<\/td>\n<td width=\"132\">\n<p align=\"center\"><strong>340<\/strong><\/p>\n<\/td>\n<\/tr>\n<\/tbody>\n<\/table>\n<p>&nbsp;<\/p>\n<table style=\"width: 574px\" border=\"1\" cellspacing=\"0\" cellpadding=\"0\">\n<tbody>\n<tr>\n<td colspan=\"3\" valign=\"top\" width=\"574\"><strong>5\u00ba SEMESTRE<\/strong><\/td>\n<\/tr>\n<tr>\n<td width=\"329\">1.\u00a0\u00a0\u00a0\u00a0\u00a0\u00a0\u00a0Economia de Transportes.<\/td>\n<td width=\"113\">\n<p align=\"center\">03<\/p>\n<\/td>\n<td width=\"132\">\n<p align=\"center\">51<\/p>\n<\/td>\n<\/tr>\n<tr>\n<td width=\"329\">2.\u00a0\u00a0\u00a0\u00a0\u00a0\u00a0\u00a0Transporte III \u2013 T\u00f3picos especiais.<\/td>\n<td width=\"113\">\n<p align=\"center\">03<\/p>\n<\/td>\n<td width=\"132\">\n<p align=\"center\">51<\/p>\n<\/td>\n<\/tr>\n<tr>\n<td width=\"329\">3.\u00a0\u00a0\u00a0\u00a0\u00a0\u00a0\u00a0Educa\u00e7\u00e3o para o Tr\u00e2nsito.<\/td>\n<td width=\"113\">\n<p align=\"center\">04<\/p>\n<\/td>\n<td width=\"132\">\n<p align=\"center\">68<\/p>\n<\/td>\n<\/tr>\n<tr>\n<td width=\"329\">4.\u00a0\u00a0\u00a0\u00a0\u00a0\u00a0\u00a0Legisla\u00e7\u00e3o Ambiental e o Transporte Terrestre.<\/td>\n<td width=\"113\">\n<p align=\"center\">04<\/p>\n<\/td>\n<td width=\"132\">\n<p align=\"center\">68<\/p>\n<\/td>\n<\/tr>\n<tr>\n<td width=\"329\">5.\u00a0\u00a0\u00a0\u00a0\u00a0\u00a0\u00a0T\u00f3picos Avan\u00e7ados em Transportes Terrestres.<\/td>\n<td width=\"113\">\n<p align=\"center\">04<\/p>\n<\/td>\n<td width=\"132\">\n<p align=\"center\">68<\/p>\n<\/td>\n<\/tr>\n<tr>\n<td width=\"329\">6.\u00a0\u00a0\u00a0\u00a0\u00a0\u00a0\u00a0Trabalho de Conclus\u00e3o de Curso<\/td>\n<td width=\"113\">\n<p align=\"center\">02<\/p>\n<\/td>\n<td width=\"132\">\n<p align=\"center\">34<\/p>\n<\/td>\n<\/tr>\n<tr>\n<td width=\"329\">\n<p align=\"center\"><strong>Total do semestre<\/strong><\/p>\n<\/td>\n<td width=\"113\">\n<p align=\"center\"><strong>20<\/strong><\/p>\n<\/td>\n<td width=\"132\">\n<p align=\"center\"><strong>340<\/strong><\/p>\n<\/td>\n<\/tr>\n<\/tbody>\n<\/table>\n<p>&nbsp;<\/p>\n","protected":false},"excerpt":{"rendered":"<p>DISCIPLINA\/SEMESTRE CR\u00c9DITOS CARGA HOR\u00c1RIA 1\u00ba SEMESTRE 1.\u00a0\u00a0\u00a0\u00a0\u00a0\u00a0\u00a0Introdu\u00e7\u00e3o aos Sistemas de Transportes 02 34 2.\u00a0\u00a0\u00a0\u00a0\u00a0\u00a0\u00a0Modelos de Gest\u00e3o 04 68 3.\u00a0\u00a0\u00a0\u00a0\u00a0\u00a0\u00a0Fundamentos de Marketing 02 34 4.\u00a0\u00a0\u00a0\u00a0\u00a0\u00a0\u00a0Inform\u00e1tica B\u00e1sica 04 68 5.\u00a0\u00a0\u00a0\u00a0\u00a0\u00a0\u00a0T\u00e9cnicas de Comunica\u00e7\u00e3o Cient\u00edfica e Empresarial 02 34 6.\u00a0\u00a0\u00a0\u00a0\u00a0\u00a0\u00a0C\u00e1lculo e Estat\u00edstica Aplicada 04 68 7.\u00a0\u00a0\u00a0\u00a0\u00a0\u00a0\u00a0\u00c9tica e Cidadania 02 34 Total do semestre 20 340 2\u00ba SEMESTRE 1.\u00a0\u00a0\u00a0\u00a0\u00a0\u00a0\u00a0Engenharia de [&hellip;]<\/p>\n","protected":false},"author":185,"featured_media":0,"parent":0,"menu_order":0,"comment_status":"closed","ping_status":"closed","template":"","meta":{"footnotes":"","_links_to":"","_links_to_target":""},"class_list":["post-327","page","type-page","status-publish","hentry"],"jetpack_sharing_enabled":true,"_links":{"self":[{"href":"https:\/\/wp.ufpel.edu.br\/mercosul\/wp-json\/wp\/v2\/pages\/327","targetHints":{"allow":["GET"]}}],"collection":[{"href":"https:\/\/wp.ufpel.edu.br\/mercosul\/wp-json\/wp\/v2\/pages"}],"about":[{"href":"https:\/\/wp.ufpel.edu.br\/mercosul\/wp-json\/wp\/v2\/types\/page"}],"author":[{"embeddable":true,"href":"https:\/\/wp.ufpel.edu.br\/mercosul\/wp-json\/wp\/v2\/users\/185"}],"replies":[{"embeddable":true,"href":"https:\/\/wp.ufpel.edu.br\/mercosul\/wp-json\/wp\/v2\/comments?post=327"}],"version-history":[{"count":1,"href":"https:\/\/wp.ufpel.edu.br\/mercosul\/wp-json\/wp\/v2\/pages\/327\/revisions"}],"predecessor-version":[{"id":328,"href":"https:\/\/wp.ufpel.edu.br\/mercosul\/wp-json\/wp\/v2\/pages\/327\/revisions\/328"}],"wp:attachment":[{"href":"https:\/\/wp.ufpel.edu.br\/mercosul\/wp-json\/wp\/v2\/media?parent=327"}],"curies":[{"name":"wp","href":"https:\/\/api.w.org\/{rel}","templated":true}]}}