{"id":3040,"date":"2023-04-04T07:36:03","date_gmt":"2023-04-04T10:36:03","guid":{"rendered":"https:\/\/wp.ufpel.edu.br\/mercosul\/?page_id=3040"},"modified":"2023-04-04T07:36:03","modified_gmt":"2023-04-04T10:36:03","slug":"corpo-docente","status":"publish","type":"page","link":"https:\/\/wp.ufpel.edu.br\/mercosul\/corpo-docente\/","title":{"rendered":"Corpo Docente"},"content":{"rendered":"<p style=\"text-align: justify;\"><b>CORPO DOCENTE DO CURSO\u00a0<\/b><b><\/b><\/p>\n<ul style=\"text-align: justify;\">\n<li aria-level=\"1\"><b>Prof\u00aa. Dr\u00aa. Clara Natalia Steigleder Walter (Coordenadora)<\/b><\/li>\n<\/ul>\n<p style=\"text-align: justify;\"><span style=\"font-weight: 400;\">Bacharel e licenciada em Ci\u00eancias Sociais pela Universidade Federal do Rio Grande do Sul. Mestrado em Sociologia na UFRGS, pesquisando sobre conflitos pol\u00edticos e segrega\u00e7\u00e3o na circula\u00e7\u00e3o urbana; Doutora em Planejamento Urbano e Regional tamb\u00e9m pela UFRGS pesquisando sobre as sociabilidades p\u00fablicas e a constitui\u00e7\u00e3o do indiv\u00edduo na cidade moderna a partir dos transportes. <\/span><span style=\"font-weight: 400;\">Professora Adjunta na Universidade Federal de Pelotas desde 2013, na \u00e1rea de Tecnologia em Transporte Terrestre e, h\u00e1 dois anos, professora colaboradora na Universidade Estadual do Rio Grande do Sul na \u00e1rea de Administra\u00e7\u00e3o e Gest\u00e3o P\u00fablica. De 2001 a 2014 foi assessora na Prefeitura de Porto Alegre, na Empresa P\u00fablica de Transporte e Circula\u00e7\u00e3o, trabalhando na \u00e1rea de educa\u00e7\u00e3o para o tr\u00e2nsito e, de 2015 a 2018, na C\u00e2mara Municipal de Porto Alegre. <\/span><span style=\"font-weight: 400;\">Membro do Grupo de Pesquisa Urbanismo no Brasil, do GPTrans &#8211; Grupo de Pesquisa em Tr\u00e2nsito e Transportes e do Grupo de Pesquisa Pol\u00edticas, Gest\u00e3o P\u00fablica e Desenvolvimento da UERGS. \u00c9 membro do Laborat\u00f3rio de Estudos Avan\u00e7ados Multidisciplinar (UERGS), no qual coordena o N\u00facleo Tem\u00e1tico Planejamento e Mobilidade Urbana. Pesquisa na \u00e1rea de Sociologia Urbana, nos temas: mobilidade, sociabilidades p\u00fablicas e conflitos no uso do espa\u00e7o de circula\u00e7\u00e3o. \u00c9 coordenadora do Projeto de Pesquisa \u201cDos Bondes ao BRT: mudan\u00e7as no desenvolvimento da sociabilidade, um olhar a partir do transporte coletivo\u201d desde 2015. E desde 2020 \u00e9 coordenadora adjunta do projeto de pesquisa \u201cImpactos do Covid- 19 nos deslocamentos dos alunos universit\u00e1rios do RS\u201d.<\/span><b><\/b><\/p>\n<ul style=\"text-align: justify;\">\n<li aria-level=\"1\"><b>Prof\u00aa. Dr\u00aa. Raquel da Fonseca Holz (Coordenadora Adjunta)<\/b><\/li>\n<\/ul>\n<p style=\"text-align: justify;\"><span style=\"font-weight: 400;\">Doutora em Engenharia de Produ\u00e7\u00e3o e Transportes pela Universidade Federal do Rio Grande do Sul (UFRGS &#8211; 2014). Possui mestrado em Engenharia Oce\u00e2nica pela Universidade Federal do Rio Grande (FURG &#8211; 2008) com a linha de pesquisa na \u00e1rea de Transporte Aquavi\u00e1rio. Gradua\u00e7\u00e3o em Engenharia Civil pela Universidade Cat\u00f3lica de Pelotas (UCPel &#8211; 2001).\u00a0<\/span><span style=\"font-weight: 400;\">Professora Adjunta da Universidade Federal de Pelotas (UFPel) lotada no Centro de Integra\u00e7\u00e3o do Mercosul (CIM) e professora colaboradora da Universidade Estadual do Rio Grande do Sul (UERGS), atrav\u00e9s de um conv\u00eanio UFPel\/UERGS, atuando nos cursos da Administra\u00e7\u00e3o. L\u00edder do Grupo de Pesquisa em Tr\u00e2nsito e Transportes &#8211; GPTrans\/CNPq. Membro do Grupo de Pesquisa em Estudos, Pesquisas e Interven\u00e7\u00f5es em Sa\u00fade Coletiva e Pol\u00edticas; e do Grupo de Gest\u00e3o P\u00fablica e Desenvolvimento; ambos da UERGS. Pesquisadora do Laborat\u00f3rio de Estudos Avan\u00e7ados &#8211;\u00a0 LEAM\/Gramado (<\/span><span style=\"font-weight: 400;\">UERGS, UFRGS, UFPel e UFSM)<\/span><span style=\"font-weight: 400;\">. Pesquisadora do Projeto Ponto de Partida (UFRGS, UFSM, UFPel, UNIVATES). Coordenadora dos projetos de pesquisas \u201cConflitos f\u00edsicos e pol\u00edticos na circula\u00e7\u00e3o de tr\u00e2nsito&#8221;; \u201cMotocicletas no ambiente urbano: uma realidade em expans\u00e3o\u201d; \u201cImpactos do Covid- 19 nos deslocamentos dos alunos universit\u00e1rios do RS\u201d. Coordena a Comiss\u00e3o CIM: Objetivos de Desenvolvimento Sustent\u00e1vel &#8211; ODS e a agenda 2030. <\/span><span style=\"font-weight: 400;\">Atualmente ocupa o cargo de Diretora Adjunta do Centro de Integra\u00e7\u00e3o do Mercosul. Tem experi\u00eancia na \u00e1rea de Transportes, pesquisando principalmente temas relacionados aos conflitos vi\u00e1rios, a seguran\u00e7a e o uso da motocicleta, os ODS e a Agenda 2030. Atuando principalmente nos seguintes temas: Seguran\u00e7a Vi\u00e1ria, Mobilidade Urbana, Log\u00edstica e Infraestrutura dos Transportes.<\/span><\/p>\n<ul style=\"text-align: justify;\">\n<li aria-level=\"1\"><b>Prof. Me. Celso Elias Corradi<\/b><\/li>\n<\/ul>\n<p style=\"text-align: justify;\"><span style=\"font-weight: 400;\">Doutorando do Programa de P\u00f3s Gradua\u00e7\u00e3o em Manejo e Conserva\u00e7\u00e3o do Solo e da \u00c1gua da Universidade Federal de Pelotas &#8211; UFPEL. Mestre em Oceanografia Biol\u00f3gica pela Universidade Federal de Rio Grande FURG (2002), Gradua\u00e7\u00e3o em Ci\u00eancias Licenciatura Plena Habilita\u00e7\u00e3o Biologia pela Universidade Federal do Rio Grande FURG (1984). Atualmente \u00e9 professor da Universidade Federal de Pelotas-UFPEL, ministrando disciplinas na \u00e1rea ambiental. Tem experi\u00eancia na \u00e1rea de Ecologia, com \u00eanfase em Gerenciamento Ambiental. Possui ampla viv\u00eancia como Gestor Ambiental na \u00e1rea portu\u00e1ria, atuando ativamente com profissionais dos \u00f3rg\u00e3os ambientais federais, estaduais e municipais.<\/span><b><\/b><\/p>\n<ul style=\"text-align: justify;\">\n<li aria-level=\"1\"><b>Profa. Dr\u00aa. Claure Morrone Parfitt<\/b><\/li>\n<\/ul>\n<p style=\"text-align: justify;\"><span style=\"font-weight: 400;\">Doutora em Planejamento Urbano e Regional pela Universidade Federal do Rio Grande do Sul (UFRGS), graduada em Arquitetura pela Universidade Federal de Pelotas (UFPEL), Professora Associada da Universidade Federal de Pelotas. Diretora Adjunta do Centro de Integra\u00e7\u00e3o do MERCOSUL da UFPEL 2012-2021. Coordenadora do grupo de pesquisa do CNPQ Planejamento e Meio Ambiente. Pesquisa e publica na \u00e1rea de An\u00e1lise Urbana e Regional com \u00eanfase em Meio Ambiente, Gest\u00e3o Urbana e Municipal.<\/span><b><\/b><\/p>\n<ul style=\"text-align: justify;\">\n<li aria-level=\"1\"><b>Prof. Dr. Cleiton Perleberg<\/b><\/li>\n<\/ul>\n<p style=\"text-align: justify;\"><span style=\"font-weight: 400;\">Graduado em Engenharia Agron\u00f4mica pela Universidade Federal de Pelotas (1994), Mestre em Ci\u00eancia e Tecnologia de Sementes pela Universidade Federal de Pelotas (1996) e Doutor em Fitotecnia pela UNIVERSIDADE DE S\u00c3O PAULO \/ ESALQ (2001), com Bolsa Doutorado Sandu\u00edche no Centre for Plant Research International &#8211; Wageningen\/Holanda. Atualmente \u00e9 Professor Associado III da Universidade Federal de Pelotas (UFPEL). Tem experi\u00eancia na \u00e1rea de Agronomia, Agroneg\u00f3cio e Gest\u00e3o Ambiental, atuando principalmente nos seguintes temas: integra\u00e7\u00e3o lavoura-pecu\u00e1ria, produ\u00e7\u00e3o e qualidade de sementes, produ\u00e7\u00e3o sustent\u00e1vel, certifica\u00e7\u00e3o e fiscaliza\u00e7\u00e3o; Educa\u00e7\u00e3o: educa\u00e7\u00e3o ambiental.<\/span><b><\/b><\/p>\n<ul style=\"text-align: justify;\">\n<li aria-level=\"1\"><b>Prof. Me. Coriolano Chaves Borges Filho<\/b><\/li>\n<\/ul>\n<p style=\"text-align: justify;\"><span style=\"font-weight: 400;\">Graduado em Tecnologia da Hotelaria pela Universidade de Caxias do Sul (UCS), mestre em Turismo e Hotelaria pela universidade do Vale do Itaja\u00ed (UNIVALI), experi\u00eancia na gest\u00e3o de hot\u00e9is e restaurantes em redes hoteleiras como Deville e Intercity Hot\u00e9is em destinos como BA, PR, SP, RS. <\/span><span style=\"font-weight: 400;\">Desde 2013 atua na doc\u00eancia passando por institui\u00e7\u00f5es de ensino profissionalizante e superior como SENAC, FURG e UFPEL, a partir de 2019 passou a compor o quadro de professores efetivos do curso de Tecnologia em Hotelaria da Universidade Federal de Pelotas (UFPEL) lotado no CIM, onde ministra disciplinas voltadas para \u00e1reas de gastronomia, panifica\u00e7\u00e3o e confeitaria; e gest\u00e3o de meios de hospedagem como compras e gest\u00e3o de estoque, gest\u00e3o de pessoas na hotelaria entre outras.<\/span><b><\/b><\/p>\n<ul style=\"text-align: justify;\">\n<li aria-level=\"1\"><b>Prof. Dr. Eduardo de Oliveira Wilk<\/b><\/li>\n<\/ul>\n<p style=\"text-align: justify;\"><span style=\"font-weight: 400;\">Doutor em Agroneg\u00f3cios pela Universidade Federal do Rio Grande do Sul (UFRGS &#8211; 2007). Possui mestrado em Administra\u00e7\u00e3o pela Universidade Federal do Rio Grande do Sul (UFRGS &#8211; 1995) com a linha de pesquisa na \u00e1rea de ESTRAT\u00c9GIAS EMPRESARIAIS. Gradua\u00e7\u00e3o em Engenharia Mec\u00e2nica pela Pontif\u00edcia Universidade Cat\u00f3lica (PUCRS &#8211; 1991).\u00a0<\/span><span style=\"font-weight: 400;\">Professor Adjunto da Universidade Federal de Pelotas (UFPel) lotado no Centro de Integra\u00e7\u00e3o do Mercosul (CIM) e professor colaborador da Universidade Estadual do Rio Grande do Sul (UERGS), atrav\u00e9s de um conv\u00eanio UFPel\/UERGS, nos cursos da Administra\u00e7\u00e3o. <\/span><span style=\"font-weight: 400;\">Tem experi\u00eancia na \u00e1rea de planejamento estrat\u00e9gico, atuando principalmente nos seguintes temas: Cen\u00e1rios prospectivos, Gest\u00e3o de Projetos e Opera\u00e7\u00f5es.<\/span><b><\/b><\/p>\n<ul style=\"text-align: justify;\">\n<li aria-level=\"1\"><b>Profa. Dra. Fernanda Medeiros Gon\u00e7alves<\/b><\/li>\n<\/ul>\n<p style=\"text-align: justify;\"><span style=\"font-weight: 400;\">Gradua\u00e7\u00e3o em Medicina Veterin\u00e1ria pela UFPel (2006), Mestre em Produ\u00e7\u00e3o Animal com \u00eanfase em nutri\u00e7\u00e3o de n\u00e3o ruminantes (2009) e Doutora em Produ\u00e7\u00e3o Animal com \u00eanfase em nutri\u00e7\u00e3o e reprodu\u00e7\u00e3o de n\u00e3o ruminantes (2013). Foi bolsista de Inicia\u00e7\u00e3o Cient\u00edfica pelo CNPq durante a gradua\u00e7\u00e3o em Medicina Veterin\u00e1ria sob orienta\u00e7\u00e3o do Prof. PhD Fernando Rutz e co-orienta\u00e7\u00e3o do Prof. Dr. Marcos Antonio Anciuti atuando em projetos de pesquisa na \u00e1rea de Nutri\u00e7\u00e3o e Alimenta\u00e7\u00e3o Animal. Realizou est\u00e1gio curricular obrigat\u00f3rio na empresa Perdig\u00e3o Agroindustrial S\/A por um per\u00edodo de oito meses. Graduou-se em Medicina Veterin\u00e1ria, pela Universidade Federal de Pelotas em agosto de 2006, foi bolsista de p\u00f3s-gradua\u00e7\u00e3o do CNPq pelo Programa de P\u00f3s-Gradua\u00e7\u00e3o em Zootecnia (PPGZ) da Universidade Federal de Pelotas, sob orienta\u00e7\u00e3o do Dr. Jerri Teixeira Zanusso e co-orienta\u00e7\u00e3o dos doutores Marcos Antonio Anciuti, Fernando Rutz e Francisco B. Del Pino, obtendo o t\u00edtulo de Mestre em Ci\u00eancias em mar\u00e7o de 2009. Participou do Programa Institucional de Doutorado Sandu\u00edche no Exterior (PDSE\/CAPES) na North Carolina State University (NCSU), sob orienta\u00e7\u00e3o do Prof. PhD Peter Ferket, em pesquisa na \u00e1rea de Nutri\u00e7\u00e3o in ovo. Desenvolveu projeto de doutorado em nutrientes na reprodu\u00e7\u00e3o de galos pesados, sob orienta\u00e7\u00e3o do Prof. Fernando Rutz e co-orienta\u00e7\u00e3o dos Professores Marcos Anciuti e Odir Dellagostin. Doutora em Produ\u00e7\u00e3o Animal pela UFPel, atualmente \u00e9 Professora Associada e Coordenadora no Curso de Gest\u00e3o Ambiental &#8211; Bacharelado da Universidade Federal de Pelotas e coordenadora do N\u00facleo de Gest\u00e3o Ambiental na Produ\u00e7\u00e3o Animal (N\u00facleo GAPA). Principais linhas de pesquisa relacionam-se a utiliza\u00e7\u00e3o de coprodutos da ind\u00fastria na alimenta\u00e7\u00e3o animal e destina\u00e7\u00e3o e tratamento de res\u00edduos de origem animal atrav\u00e9s da compostagem. Na inova\u00e7\u00e3o, atua com a pesquisa de reaproveitamento de res\u00edduos da olivicultura.\u00a0<\/span><b><\/b><\/p>\n<ul style=\"text-align: justify;\">\n<li aria-level=\"1\"><b>Prof. Dr. Giovanni Nachtigall Maur\u00edcio<\/b><\/li>\n<\/ul>\n<p style=\"text-align: justify;\"><span style=\"font-weight: 400;\">Gradua\u00e7\u00e3o em Licenciatura Plena Em Ci\u00eancias Biol\u00f3gicas pela Universidade Cat\u00f3lica de Pelotas (1997), mestrado em Bioci\u00eancias (Zoologia) pela Pontif\u00edcia Universidade Cat\u00f3lica do Rio Grande do Sul (2003) e doutorado em Zoologia pela Pontif\u00edcia Universidade Cat\u00f3lica do Rio Grande do Sul (2010). Foi bolsista Capes de p\u00f3s-doutorado na Universidade Federal do Rio Grande (FURG). Atualmente \u00e9 professor adjunto da Universidade Federal de Pelotas, estando lotado no curso de Gest\u00e3o Ambiental. Foi professor permanente do Programa de P\u00f3s-gradua\u00e7\u00e3o em Biologia Animal, da mesma universidade. Tem experi\u00eancia na \u00e1rea de Zoologia, com \u00eanfase em Ornitologia, atuando principalmente nos seguintes temas: sistem\u00e1tica e taxonomia de aves; gest\u00e3o da biodiversidade e educa\u00e7\u00e3o ambiental.<\/span><b><\/b><\/p>\n<ul style=\"text-align: justify;\">\n<li aria-level=\"1\"><b>Prof. Dr. Javier Eduardo Silveira Luzardo<\/b><\/li>\n<\/ul>\n<p style=\"text-align: justify;\"><span style=\"font-weight: 400;\">Formado em Licenciatura Plena Letras Portugu\u00eas \/ Espanhol e Respectivas Literaturas (FURG); Formado em Gest\u00e3o P\u00fablica (UFPEL); P\u00f3s Graduado em Espanhol (UCPEL), Mestre e Doutor em Ling\u00fc\u00edstica Aplicada (ambos pela UCPel), Professor Adjunto 3 da Universidade Federal de Pelotas (UFPEL), lotado no Centro de Integra\u00e7\u00e3o do Mercosul (CIM &#8211; UFPEL) onde, atualmente, ocupa a fun\u00e7\u00e3o de Diretor da Unidade. Ministra aulas para os cursos de Hotelaria e para o curso de Letras Espanhol EAD vinculado ao Centro de Letras e Comunica\u00e7\u00e3o (CLC). Estudante de Direito (Anhanguera). Atuou como bolsista do N\u00facleo de Produ\u00e7\u00e3o Tecnol\u00f3gica e Educacional (NPTE) do IFSUL\/RS como designer instrucional &#8211; revisor do programa e-tec idiomas (2013) e, tamb\u00e9m, como autor de material did\u00e1tico (2014-2016). Foi Diretor e Diretor Adjunto do CEAD (2011 e 2012). Fez parte do curso de Forma\u00e7\u00e3o de Professores de Espanhol como L\u00edngua Estrangeira (FPELE\/Cead\/UAB\/UFPEL). Professor tempor\u00e1rio da FURG (ILA, entre 2008 e 2009) e professor substituto no curso de Letras Espanhol (de 2004 a 2006) na UFPEL. Possui experi\u00eancia docente no Ensino Fundamental e M\u00e9dio atuando em escolas p\u00fablicas Municipais, Estaduais e escolas particulares (desde 2000 a 2009) na cidade de Pelotas\/RS. Examinador dos Diplomas DELE (Instituto Cervantes).<\/span><b><\/b><\/p>\n<ul style=\"text-align: justify;\">\n<li aria-level=\"1\"><b>Prof. Dr. Jo\u00e3o Carlos de Oliveira Koglin<\/b><\/li>\n<\/ul>\n<p style=\"text-align: justify;\"><span style=\"font-weight: 400;\">Doutor em Pol\u00edtica Social e Direitos Humanos, Mestre em Pol\u00edtica Social, Especialista em Gest\u00e3o Empresarial e Bacharel em An\u00e1lise de Sistemas pela Universidade Cat\u00f3lica de Pelotas. Especialista em Gest\u00e3o e Lideran\u00e7a Universit\u00e1ria &#8211; turma IGLU Brasil &#8211; pela Universidade de Caxias do Sul, em parceria com a Organiza\u00e7\u00e3o Universit\u00e1ria Interamericana. Professor Adjunto III da Universidade Federal de Pelotas, atuando nos Cursos de Gest\u00e3o Ambiental &#8211; Bacharelado e Tecn\u00f3logo. Com experi\u00eancia na \u00e1rea de Administra\u00e7\u00e3o, com \u00eanfase em Administra\u00e7\u00e3o P\u00fablica. Tem investiga\u00e7\u00f5es na \u00e1rea de Pol\u00edticas P\u00fablicas, com \u00eanfase em elabora\u00e7\u00e3o, an\u00e1lise e avalia\u00e7\u00e3o de pol\u00edticas ambientais. Desenvolve atividades relacionadas \u00e0 pesquisa cient\u00edfica na \u00e1rea de Pol\u00edtica Ambiental &#8211; Brasileira e Internacional. \u00c9 coordenador do grupo de pesquisa Gest\u00e3o e Pol\u00edtica Ambienta<\/span><span style=\"font-weight: 400;\">l.<\/span><b><\/b><\/p>\n<ul style=\"text-align: justify;\">\n<li aria-level=\"1\"><b>Prof. Dr. Maur\u00edcio Pinto da Silva<\/b><\/li>\n<\/ul>\n<p style=\"text-align: justify;\"><span style=\"font-weight: 400;\">Bacharel em Administra\u00e7\u00e3o; Especializa\u00e7\u00e3o em Administra\u00e7\u00e3o e Dire\u00e7\u00e3o Hospitalar; Especializa\u00e7\u00e3o em Gest\u00e3o Empresarial; Especializa\u00e7\u00e3o em Projetos de Investimentos em Sa\u00fade; Mestre em Pol\u00edtica Social\/ Desenvolvimento, Territ\u00f3rio e Inova\u00e7\u00e3o Social; Doutor em Desenvolvimento Regional\/Territ\u00f3rio, Planejamento e Sustentabilidade; Estudos p\u00f3s-doutoramento em Sa\u00fade P\u00fablica e Meio Ambiente no Programa de P\u00f3s-gradua\u00e7\u00e3o em Sa\u00fade P\u00fablica e Meio Ambiente da Escola Nacional de Sa\u00fade P\u00fablica da Funda\u00e7\u00e3o Oswaldo Cruz\/MS. Professor da Universidade Federal de Pelotas\/Centro de Integra\u00e7\u00e3o do Mercosul\/Curso de Gest\u00e3o Ambiental. Estudos e pesquisas relacionados a pol\u00edticas de sa\u00fade, meio ambiente, saneamento ambiental, fronteira; governan\u00e7a ambiental internacional e desenvolvimento regional; coopera\u00e7\u00e3o e integra\u00e7\u00e3o fronteiri\u00e7a; planejamento estrat\u00e9gico e desenvolvimento regional. Membro da Diretoria Executiva do Conselho Regional de Desenvolvimento da Regi\u00e3o Sul\/COREDE-SUL, no Estado do Rio Grande do Sul. Membro do Comit\u00ea Executivo Regional Sul (RGS) dos Objetivos de Desenvolvimento Sustent\u00e1vel PNUD\/ONU.<\/span><b><\/b><\/p>\n<ul style=\"text-align: justify;\">\n<li aria-level=\"1\"><b>Profa. Dr\u00aa. Rosa Elena Noal\u00a0<\/b><\/li>\n<\/ul>\n<p style=\"text-align: justify;\"><span style=\"font-weight: 400;\">Professora Titular do Centro de Integra\u00e7\u00e3o do Mercosul (CIM) da Universidade Federal de Pelotas (UFPel). Possui Gradua\u00e7\u00e3o em Geografia pela Universidade Federal de Santa Maria (1987), Especializa\u00e7\u00e3o em Desenvolvimento Rural pela Universidade Estadual Paulista &#8211; UNESP &#8211; Rio Claro (1992), Mestrado em Planejamento Regional pela Universidade Estadual Paulista J\u00falio de Mesquita Filho (1996), Doutorado em Geografia pela Universidade de S\u00e3o Paulo &#8211; USP (2002) e P\u00f3s-Doutorado\u00a0 pelo Programa de P\u00f3s-Gradua\u00e7\u00e3o em Educa\u00e7\u00e3o da Universidade Federal de Juiz de Fora &#8211; UFJF(2014). \u00c9 pesquisadora do Grupo Educa\u00e7\u00e3o e Pesquisa na Am\u00e9rica Latina: converg\u00eancias te\u00f3ricas e metodol\u00f3gicas. Tem experi\u00eancia nas \u00e1reas de metodologia da pesquisa, estudos socioambientais, Cartografia e Inclus\u00e3o.<\/span><b><\/b><\/p>\n<ul style=\"text-align: justify;\">\n<li aria-level=\"1\"><b>\u00a0Prof. Me. Pedro Mascarenhas de Souza Pinheiro<\/b><\/li>\n<\/ul>\n<p style=\"text-align: justify;\"><span style=\"font-weight: 400;\">Doutorando do Programa de P\u00f3s Gradua\u00e7\u00e3o em Artes dos Media da Universidade Lus\u00f3fona do Porto &#8211; Portugal. Mestre em Turismo e Hotelaria pela Universidade do Vale do Itaja\u00ed &#8211; UNIVALI (2012). Tecn\u00f3logo em Hotelaria pela Universidade de Caxias do Sul &#8211; UCS (2007). Professor do curso superior de tecnologia em hotelaria da Universidade Federal de Pelotas desde 2012. <\/span><span style=\"font-weight: 400;\">Pesquisa nas \u00e1reas de hist\u00f3rias e mem\u00f3rias urbanas, nas rela\u00e7\u00f5es entre a mem\u00f3ria, o turismo e a autenticidade. Na hospitalidade urbana, nas rela\u00e7\u00f5es entre a cidade, seus moradores e visitantes. Na hospitalidade comercial, gest\u00e3o de servi\u00e7os e hoteleira.<\/span><\/p>\n<ul style=\"text-align: justify;\">\n<li aria-level=\"1\"><b>Profa. Dra. Thais Antolini Ve\u00e7ozzi<\/b><\/li>\n<\/ul>\n<p style=\"text-align: justify;\"><span style=\"font-weight: 400;\">Graduada no curso de Tecnologia em Gest\u00e3o Ambiental (2012) do Instituto de Oceanografia da Universidade Federal do Rio Grande. Mestra (2015) e Doutora em Ci\u00eancias (2019) pelo Programa de P\u00f3s-Gradua\u00e7\u00e3o em Manejo e Conserva\u00e7\u00e3o do Solo e da \u00c1gua da Universidade Federal de Pelotas. Como forma\u00e7\u00e3o complementar \u00e9 especialista em Educa\u00e7\u00e3o pelo Instituto Federal Sul-Rio-Grandense, com \u00eanfase em educa\u00e7\u00e3o ambiental e possui Forma\u00e7\u00e3o Pedag\u00f3gica em Ci\u00eancias Biol\u00f3gicas. Atualmente \u00e9 professora substituta nos cursos Gest\u00e3o Ambiental Bacharelado e Curso Superior de Tecnologia em Gest\u00e3o Ambiental na Universidade Federal de Pelotas.<\/span><\/p>\n<p style=\"text-align: justify;\">\n<p style=\"text-align: justify;\"><strong>Docentes externos:<\/strong><\/p>\n<ul style=\"text-align: justify;\">\n<li aria-level=\"1\"><b>Profa. Dra. Aline Reis Calvo Hernandez<\/b><\/li>\n<\/ul>\n<p style=\"text-align: justify;\"><span style=\"font-weight: 400;\">Psic\u00f3loga. Dra. em Psicologia Social e Metodologia pela <\/span><i><span style=\"font-weight: 400;\">Universidad Aut\u00f3noma de Madrid<\/span><\/i><span style=\"font-weight: 400;\">. P\u00f3s-Dra. em Psicologia Social e Pol\u00edtica pela PUCRS. Professora da FACED da UFRGS. Professora do PPG em Desenvolvimento Rural da UFRGS e professora colaboradora do PPG em Ambiente e Sustentabilidade da UERGS. Pesquisadora do LEAM\/Gramado. L\u00edder do grupo de pesquisa POLEMHIS Psicolog\u00eda Pol\u00edtica, Educa\u00e7\u00e3o, Mem\u00f3rias e Hist\u00f3rias do Presente (CNPq).<\/span><b><\/b><\/p>\n<ul style=\"text-align: justify;\">\n<li aria-level=\"1\"><b>Profa. Dra. D\u00e9bora Peter<\/b><\/li>\n<\/ul>\n<p style=\"text-align: justify;\"><span style=\"font-weight: 400;\">Doutora em Direito na Universidade de Santa Cruz do Sul (UNISC). Mestre (Mestrado Acad\u00eamico stricto sensu) em Desenvolvimento e Meio Ambiente (PRODEMA) junto \u00e0 Universidade Federal da Para\u00edba, onde tamb\u00e9m foi aluna especial do Curso de Mestrado em Direito Econ\u00f4mico. MBA (Mestrado Profissionalizante em n\u00edvel de especializa\u00e7\u00e3o) em Gest\u00e3o Empresarial pela Funda\u00e7\u00e3o Get\u00falio Vargas. Especialista em Gest\u00e3o Ambiental e em Direito e Tecnologia pela Anhanguera Educacional. Graduada em Direito pela Universidade Cat\u00f3lica de Pelotas. Professora Universit\u00e1ria. Membro da Comiss\u00e3o de Direito Ambiental da OAB\/RS, subse\u00e7\u00e3o Pelotas. E, como Advogada e pesquisadora, atua, principalmente, desde 1998, nos temas de Direito Ambiental.<\/span><b><\/b><\/p>\n<ul style=\"text-align: justify;\">\n<li aria-level=\"1\"><b>Prof. Me. Matheus Lemos Nogueira<\/b><\/li>\n<\/ul>\n<p style=\"text-align: justify;\"><span style=\"font-weight: 400;\">Graduado em Engenharia Civil pela Universidade Federal do Rio Grande (2008) e Mestre em Engenharia Civil pela Universidade Federal do Rio Grande do Sul (2011). Atualmente est\u00e1 cursando o doutorado em Engenharia Civil, tamb\u00e9m na UFRGS, onde desenvolve uma pesquisa sobre Mobilidade Urbana Sustent\u00e1vel e Acessibilidade. \u00c9 professor na Universidade de Caxias do Sul desde 2013, onde ministra disciplinas nos cursos de Engenharia Civil, Engenharia Automotiva e Arquitetura e Urbanismo, al\u00e9m de orienta\u00e7\u00f5es em trabalhos de conclus\u00e3o de curso. Atua na \u00e1rea de transportes, abordando principalmente os seguintes temas: projeto geom\u00e9trico de rodovias, log\u00edstica e infraestrutura de transportes, mobilidade urbana, acessibilidade, pavimenta\u00e7\u00e3o, misturas asf\u00e1lticas, controle tecnol\u00f3gico e de qualidade.<\/span><b><\/b><\/p>\n<ul style=\"text-align: justify;\">\n<li aria-level=\"1\"><b>Prof. Dr. Rafael Haag<\/b><\/li>\n<\/ul>\n<p style=\"text-align: justify;\"><span style=\"font-weight: 400;\">Graduado em F\u00edsica pela Universidade Federal do Rio Grande do Sul (UFRGS). Mestre e Doutor em Engenharia (\u00e1rea de concentra\u00e7\u00e3o: Energia) pela UFRGS. Professor adjunto da Universidade Estadual do Rio Grande do Sul (UERGS). Professor do Mestrado Profissional em Ambiente e Sustentabilidade da UERGS. Coordenador do n\u00facleo tem\u00e1tico \u201cTecnologias Sustent\u00e1veis\u201d do Laborat\u00f3rio de Estudos Avan\u00e7ados Multidisciplinares (LEAM). Atualmente \u00e9 Pr\u00f3-reitor de Pesquisa e P\u00f3s-gradua\u00e7\u00e3o da UERGS.<\/span><b><\/b><\/p>\n","protected":false},"excerpt":{"rendered":"<p>CORPO DOCENTE DO CURSO\u00a0 Prof\u00aa. Dr\u00aa. Clara Natalia Steigleder Walter (Coordenadora) Bacharel e licenciada em Ci\u00eancias Sociais pela Universidade Federal do Rio Grande do Sul. Mestrado em Sociologia na UFRGS, pesquisando sobre conflitos pol\u00edticos e segrega\u00e7\u00e3o na circula\u00e7\u00e3o urbana; Doutora em Planejamento Urbano e Regional tamb\u00e9m pela UFRGS pesquisando sobre as sociabilidades p\u00fablicas e a [&hellip;]<\/p>\n","protected":false},"author":185,"featured_media":0,"parent":0,"menu_order":0,"comment_status":"closed","ping_status":"closed","template":"","meta":{"footnotes":"","_links_to":"","_links_to_target":""},"class_list":["post-3040","page","type-page","status-publish","hentry"],"jetpack_sharing_enabled":true,"_links":{"self":[{"href":"https:\/\/wp.ufpel.edu.br\/mercosul\/wp-json\/wp\/v2\/pages\/3040","targetHints":{"allow":["GET"]}}],"collection":[{"href":"https:\/\/wp.ufpel.edu.br\/mercosul\/wp-json\/wp\/v2\/pages"}],"about":[{"href":"https:\/\/wp.ufpel.edu.br\/mercosul\/wp-json\/wp\/v2\/types\/page"}],"author":[{"embeddable":true,"href":"https:\/\/wp.ufpel.edu.br\/mercosul\/wp-json\/wp\/v2\/users\/185"}],"replies":[{"embeddable":true,"href":"https:\/\/wp.ufpel.edu.br\/mercosul\/wp-json\/wp\/v2\/comments?post=3040"}],"version-history":[{"count":1,"href":"https:\/\/wp.ufpel.edu.br\/mercosul\/wp-json\/wp\/v2\/pages\/3040\/revisions"}],"predecessor-version":[{"id":3041,"href":"https:\/\/wp.ufpel.edu.br\/mercosul\/wp-json\/wp\/v2\/pages\/3040\/revisions\/3041"}],"wp:attachment":[{"href":"https:\/\/wp.ufpel.edu.br\/mercosul\/wp-json\/wp\/v2\/media?parent=3040"}],"curies":[{"name":"wp","href":"https:\/\/api.w.org\/{rel}","templated":true}]}}