{"id":3023,"date":"2023-04-04T07:15:19","date_gmt":"2023-04-04T10:15:19","guid":{"rendered":"https:\/\/wp.ufpel.edu.br\/mercosul\/?page_id=3023"},"modified":"2023-04-04T08:07:54","modified_gmt":"2023-04-04T11:07:54","slug":"abertas-inscricoes-para-selecao-de-alunos-2023-1","status":"publish","type":"page","link":"https:\/\/wp.ufpel.edu.br\/mercosul\/especializacao-lato-sensu-em-gestao-para-a-sustentabilidade\/abertas-inscricoes-para-selecao-de-alunos-2023-1\/","title":{"rendered":"Abertas inscri\u00e7\u00f5es para Sele\u00e7\u00e3o de alunos 2023\/1"},"content":{"rendered":"<p><a href=\"https:\/\/wp.ufpel.edu.br\/mercosul\/pt\/especializacao-lato-sensu-em-gestao-para-a-sustentabilidade\/abertas-inscricoes-para-selecao-de-alunos-2023-1\/sei_ufpel-2105547-edital-de-selecao-prppg\/\" rel=\"attachment wp-att-3024\">SEI_UFPel &#8211; 2105547 &#8211; Edital de Sele\u00e7\u00e3o PRPPG<\/a><\/p>\n<p><a href=\"https:\/\/wp.ufpel.edu.br\/mercosul\/pt\/especializacao-lato-sensu-em-gestao-para-a-sustentabilidade\/abertas-inscricoes-para-selecao-de-alunos-2023-1\/anexo-i_formulario-de-inscricao\/\" rel=\"attachment wp-att-3025\">ANEXO I_Formul\u00e1rio de Inscri\u00e7\u00e3o<\/a><\/p>\n<p><a href=\"https:\/\/wp.ufpel.edu.br\/mercosul\/pt\/especializacao-lato-sensu-em-gestao-para-a-sustentabilidade\/abertas-inscricoes-para-selecao-de-alunos-2023-1\/anexo-ii_carta-de-intencao\/\" rel=\"attachment wp-att-3026\">ANEXO II_Carta de Inten\u00e7\u00e3o<\/a><\/p>\n<p><a href=\"https:\/\/wp.ufpel.edu.br\/mercosul\/pt\/especializacao-lato-sensu-em-gestao-para-a-sustentabilidade\/abertas-inscricoes-para-selecao-de-alunos-2023-1\/anexo-iii_quadro-de-titulos\/\" rel=\"attachment wp-att-3027\">ANEXO III_Quadro de T\u00edtulos<\/a><\/p>\n<p><a href=\"https:\/\/wp.ufpel.edu.br\/mercosul\/pt\/especializacao-lato-sensu-em-gestao-para-a-sustentabilidade\/abertas-inscricoes-para-selecao-de-alunos-2023-1\/anexo-iv_avaliacao-da-carta-de-intencao\/\" rel=\"attachment wp-att-3028\">ANEXO IV_Avalia\u00e7\u00e3o da Carta de Inten\u00e7\u00e3o<\/a><\/p>\n<p><span style=\"background-color: #993300;\"><strong><span style=\"color: #ffffff;\">Link de pagamento da Taxa de Inscri\u00e7\u00e3o:<\/span><\/strong><\/span><\/p>\n<p>http:\/\/consulta.tesouro.fazenda.gov.br\/gru_novosite\/gru_simples.asp<\/p>\n<p>Informa\u00e7\u00f5es que devem constar:<\/p>\n<p><b>Unidade Gestora (UG):<\/b><span style=\"font-weight: 400;\"> 154047\u00a0<\/span><\/p>\n<p><b>Gest\u00e3o:<\/b><span style=\"font-weight: 400;\"> 15264\u00a0<\/span><\/p>\n<p><b>C\u00f3digo de recolhimento: <\/b><span style=\"font-weight: 400;\">28900-0 <\/span><\/p>\n<p>&nbsp;<\/p>\n<p>&nbsp;<\/p>\n","protected":false},"excerpt":{"rendered":"<p>SEI_UFPel &#8211; 2105547 &#8211; Edital de Sele\u00e7\u00e3o PRPPG ANEXO I_Formul\u00e1rio de Inscri\u00e7\u00e3o ANEXO II_Carta de Inten\u00e7\u00e3o ANEXO III_Quadro de T\u00edtulos ANEXO IV_Avalia\u00e7\u00e3o da Carta de Inten\u00e7\u00e3o Link de pagamento da Taxa de Inscri\u00e7\u00e3o: http:\/\/consulta.tesouro.fazenda.gov.br\/gru_novosite\/gru_simples.asp Informa\u00e7\u00f5es que devem constar: Unidade Gestora (UG): 154047\u00a0 Gest\u00e3o: 15264\u00a0 C\u00f3digo de recolhimento: 28900-0 &nbsp; &nbsp;<\/p>\n","protected":false},"author":185,"featured_media":0,"parent":2960,"menu_order":0,"comment_status":"closed","ping_status":"closed","template":"","meta":{"footnotes":"","_links_to":"","_links_to_target":""},"class_list":["post-3023","page","type-page","status-publish","hentry"],"jetpack_sharing_enabled":true,"_links":{"self":[{"href":"https:\/\/wp.ufpel.edu.br\/mercosul\/wp-json\/wp\/v2\/pages\/3023","targetHints":{"allow":["GET"]}}],"collection":[{"href":"https:\/\/wp.ufpel.edu.br\/mercosul\/wp-json\/wp\/v2\/pages"}],"about":[{"href":"https:\/\/wp.ufpel.edu.br\/mercosul\/wp-json\/wp\/v2\/types\/page"}],"author":[{"embeddable":true,"href":"https:\/\/wp.ufpel.edu.br\/mercosul\/wp-json\/wp\/v2\/users\/185"}],"replies":[{"embeddable":true,"href":"https:\/\/wp.ufpel.edu.br\/mercosul\/wp-json\/wp\/v2\/comments?post=3023"}],"version-history":[{"count":8,"href":"https:\/\/wp.ufpel.edu.br\/mercosul\/wp-json\/wp\/v2\/pages\/3023\/revisions"}],"predecessor-version":[{"id":3053,"href":"https:\/\/wp.ufpel.edu.br\/mercosul\/wp-json\/wp\/v2\/pages\/3023\/revisions\/3053"}],"up":[{"embeddable":true,"href":"https:\/\/wp.ufpel.edu.br\/mercosul\/wp-json\/wp\/v2\/pages\/2960"}],"wp:attachment":[{"href":"https:\/\/wp.ufpel.edu.br\/mercosul\/wp-json\/wp\/v2\/media?parent=3023"}],"curies":[{"name":"wp","href":"https:\/\/api.w.org\/{rel}","templated":true}]}}