{"id":259,"date":"2012-05-07T11:01:00","date_gmt":"2012-05-07T14:01:00","guid":{"rendered":"https:\/\/wp.ufpel.edu.br\/mercosul\/?page_id=259"},"modified":"2012-06-20T21:33:34","modified_gmt":"2012-06-21T00:33:34","slug":"2012-2","status":"publish","type":"page","link":"https:\/\/wp.ufpel.edu.br\/mercosul\/cursos-vinculados-ao-cim\/atividades-do-curso-superior-de-tecnologia-em-transporte-terrestre\/2012-2\/","title":{"rendered":"2012 &#8211; Atividades do Curso Superior de Tecnologia em Transporte Terrestre"},"content":{"rendered":"<p><span style=\"text-decoration: underline\"><strong><a title=\"Grade Curricular \u2013 Curso Superior de Tecnologia em Transporte Terrestre\" href=\"https:\/\/wp.ufpel.edu.br\/mercosul\/grade-curricular-curso-superior-de-tecnologia-em-transporte-terrestre\/\">Grade Curricular<\/a><\/strong><\/span><\/p>\n<p><strong><span style=\"text-decoration: underline\"><a title=\"Hor\u00e1rio do 2\u00ba semestre (1\/2012)\" href=\"https:\/\/wp.ufpel.edu.br\/mercosul\/horario-do-2o-semestre-12012\/\">HOR\u00c1RIO do 2\u00ba semestre (1\/2012)<\/a><\/span><\/strong><\/p>\n<p>&nbsp;<\/p>\n<h4><span style=\"color: #000000\"><strong><span style=\"font-family: 'Comic Sans MS'\">Os professores do curso de Tecnologia em Transporte Terrestre participaram do semin\u00e1rio &#8216;A Fronteira em Debate&#8217;\u00a0realizado no dia 25 de maio do presente ano no Centro de Integra\u00e7\u00e3o do Mercosul, Pelotas. Evento este realizado pelo N\u00facleo de Estudos Fronteiri\u00e7os da Universidade.\u00a0<\/span><\/strong><\/span><\/h4>\n<h4><span style=\"color: #000000\"><strong><span style=\"font-family: 'Comic Sans MS'\">Dois dos professores foram palestrantes do semin\u00e1rio. A\u00a0professora Raquel Holz\u00a0apresentou a palestra: &#8216;O Uso do Modal Hidrovi\u00e1rio para o Transporte de Arroz atrav\u00e9s da Lagoa Mirim na fronteira Brasil &#8211; Uruguai&#8217;.\u00a0Logo ap\u00f3s,\u00a0a professora Francine Joseph apresentou a sua palestra intitulada &#8216;Afro-brasileiros e Afro-uruguaios: integra\u00e7\u00e3o \u00e9tnica na fronteira Acegu\u00e1\/BR &#8211; Acegu\u00e1\/UY&#8217;.<\/span><\/strong><\/span><\/h4>\n<p><a href=\"https:\/\/wp.ufpel.edu.br\/mercosul\/files\/2012\/05\/IMG_0185.jpg\"><img class=\"alignleft size-large wp-image-845\" src=\"https:\/\/wp.ufpel.edu.br\/mercosul\/files\/2012\/05\/IMG_0185-1024x682.jpg\" alt=\"\" width=\"645\" height=\"429\" srcset=\"https:\/\/wp.ufpel.edu.br\/mercosul\/files\/2012\/05\/IMG_0185-1024x682.jpg 1024w, https:\/\/wp.ufpel.edu.br\/mercosul\/files\/2012\/05\/IMG_0185-300x200.jpg 300w\" sizes=\"(max-width: 645px) 100vw, 645px\" \/><\/a><\/p>\n<p>&nbsp;<\/p>\n<h4><strong>Programa de Bolsas de Gradua\u00e7\u00e3o &#8211; PBG<\/strong><\/h4>\n<h4><strong> EDITAL PARA SELE\u00c7\u00c3O DE BOLSISTAS<\/strong><\/h4>\n<p>O Curso Superior de Tecnologia em Transporte Terrestre da Unidade \u2013 Centro de Integra\u00e7\u00e3o do Mercosul da Universidade Federal de Pelotas torna p\u00fablico que realizar\u00e1 Concurso Seletivo para o preenchimento de vaga no Programa Bolsas de Gradua\u00e7\u00e3o, de acordo com as diretrizes do mesmo Programa, conforme edital no link abaixo:<\/p>\n<p><a href=\"https:\/\/wp.ufpel.edu.br\/mercosul\/files\/2012\/05\/edital-bosa-graduacao.pdf\">Edital para sele\u00e7\u00e3o de bolsistas<\/a><\/p>\n<p>&nbsp;<\/p>\n<p>Em visita a unidade UFPel em Eldorado do Sul no dia 11\/04\/2012, o sr. Frank Woodhead, presidente da CTIL Log\u00edstica e Vice Presidente de Log\u00edstica do SETCERGS proferiu a palestra &#8216;Desafios Log\u00edsticos no Rio Grande do Sul&#8217;. Palestra esta que teve como tema principal os desafios enfrentados pelas empresas da \u00e1rea, focalizada no\u00a0Estado.\u00a0Foi abordado alguns conceitos de log\u00edstica, a situa\u00e7\u00e3o atual fazendo uma compara\u00e7\u00e3o com a realidade mundial, os problemas\u00a0e\u00a0solu\u00e7\u00f5es para a reforma do setor no Estado. Um dos pontos mais enfatizados pelo palestrante \u00e9 a falta de m\u00e3o de obra qualificada no setor log\u00edstico<\/p>\n<p><a href=\"https:\/\/wp.ufpel.edu.br\/mercosul\/files\/2012\/05\/PALESTRA-010.jpg\"><img class=\"size-medium wp-image-312 aligncenter\" src=\"https:\/\/wp.ufpel.edu.br\/mercosul\/files\/2012\/05\/PALESTRA-010-300x225.jpg\" alt=\"\" width=\"300\" height=\"225\" srcset=\"https:\/\/wp.ufpel.edu.br\/mercosul\/files\/2012\/05\/PALESTRA-010-300x225.jpg 300w, https:\/\/wp.ufpel.edu.br\/mercosul\/files\/2012\/05\/PALESTRA-010.jpg 640w\" sizes=\"(max-width: 300px) 100vw, 300px\" \/><\/a><a href=\"https:\/\/wp.ufpel.edu.br\/mercosul\/files\/2012\/05\/PALESTRA-004.jpg\"><img class=\"size-medium wp-image-314 aligncenter\" src=\"https:\/\/wp.ufpel.edu.br\/mercosul\/files\/2012\/05\/PALESTRA-004-300x225.jpg\" alt=\"\" width=\"300\" height=\"225\" srcset=\"https:\/\/wp.ufpel.edu.br\/mercosul\/files\/2012\/05\/PALESTRA-004-300x225.jpg 300w, https:\/\/wp.ufpel.edu.br\/mercosul\/files\/2012\/05\/PALESTRA-004.jpg 640w\" sizes=\"(max-width: 300px) 100vw, 300px\" \/><\/a><\/p>\n<p>&nbsp;<\/p>\n<p>&nbsp;<\/p>\n<p>Palestra<\/p>\n<p>Titulo da Palestra &#8211;<strong>\u00a0&#8220;Os desafios log\u00edsticos do Rio Grande do Sul<\/strong>&#8221; tendo como palestrante o Sr. Frank Edward Cranston Woodhead, Presidente da Ctil Log\u00edstica e Vice-Presidente de Log\u00edstica do Setcergs &#8211; Sindicato Estadual das Empresas de Transporte e Log\u00edstica do RGS.<\/p>\n<p>Dia 11\/04\/2012 \u00e0s 19 horas no local Rua Francisca da Silva, 319, bairro Ch\u00e1cara, Eldorado do Sul &#8211; junto as depend\u00eancias da Escola Municipal C\u00f4nego E. Mees<\/p>\n","protected":false},"excerpt":{"rendered":"<p>Grade Curricular HOR\u00c1RIO do 2\u00ba semestre (1\/2012) &nbsp; Os professores do curso de Tecnologia em Transporte Terrestre participaram do semin\u00e1rio &#8216;A Fronteira em Debate&#8217;\u00a0realizado no dia 25 de maio do presente ano no Centro de Integra\u00e7\u00e3o do Mercosul, Pelotas. Evento este realizado pelo N\u00facleo de Estudos Fronteiri\u00e7os da Universidade.\u00a0 Dois dos professores foram palestrantes do [&hellip;]<\/p>\n","protected":false},"author":185,"featured_media":0,"parent":257,"menu_order":0,"comment_status":"closed","ping_status":"closed","template":"","meta":{"footnotes":"","_links_to":"","_links_to_target":""},"class_list":["post-259","page","type-page","status-publish","hentry"],"jetpack_sharing_enabled":true,"_links":{"self":[{"href":"https:\/\/wp.ufpel.edu.br\/mercosul\/wp-json\/wp\/v2\/pages\/259","targetHints":{"allow":["GET"]}}],"collection":[{"href":"https:\/\/wp.ufpel.edu.br\/mercosul\/wp-json\/wp\/v2\/pages"}],"about":[{"href":"https:\/\/wp.ufpel.edu.br\/mercosul\/wp-json\/wp\/v2\/types\/page"}],"author":[{"embeddable":true,"href":"https:\/\/wp.ufpel.edu.br\/mercosul\/wp-json\/wp\/v2\/users\/185"}],"replies":[{"embeddable":true,"href":"https:\/\/wp.ufpel.edu.br\/mercosul\/wp-json\/wp\/v2\/comments?post=259"}],"version-history":[{"count":14,"href":"https:\/\/wp.ufpel.edu.br\/mercosul\/wp-json\/wp\/v2\/pages\/259\/revisions"}],"predecessor-version":[{"id":263,"href":"https:\/\/wp.ufpel.edu.br\/mercosul\/wp-json\/wp\/v2\/pages\/259\/revisions\/263"}],"up":[{"embeddable":true,"href":"https:\/\/wp.ufpel.edu.br\/mercosul\/wp-json\/wp\/v2\/pages\/257"}],"wp:attachment":[{"href":"https:\/\/wp.ufpel.edu.br\/mercosul\/wp-json\/wp\/v2\/media?parent=259"}],"curies":[{"name":"wp","href":"https:\/\/api.w.org\/{rel}","templated":true}]}}