{"id":2495,"date":"2019-07-19T16:03:11","date_gmt":"2019-07-19T19:03:11","guid":{"rendered":"https:\/\/wp.ufpel.edu.br\/mercosul\/?page_id=2495"},"modified":"2019-07-19T16:03:11","modified_gmt":"2019-07-19T19:03:11","slug":"curso-superior-de-relacoes-internacionais","status":"publish","type":"page","link":"https:\/\/wp.ufpel.edu.br\/mercosul\/curso-superior-de-relacoes-internacionais\/","title":{"rendered":"Curso Superior de Rela\u00e7\u00f5es Internacionais"},"content":{"rendered":"<p style=\"text-align: justify\">O Curso de Rela\u00e7\u00f5es Internacionais da Universidade Federal de Pelotas foi criado em 2010. Com ingresso atrav\u00e9s do Sistema SISU\/ MEC e com dura\u00e7\u00e3o de quatro anos, tem como objetivo habilitar o profissional, para atuar em diversos segmentos, governamentais ou n\u00e3o, enfatizando \u00e1reas das ci\u00eancias humanas que se fundamentam as diferentes formas de organiza\u00e7\u00e3o pol\u00edtica, econ\u00f4mica e social, tornando o Bacharel em Rela\u00e7\u00f5es Internacionais um profissional \u201cm\u00faltiplo\u201d que conduz de forma coerente rela\u00e7\u00f5es e negocia\u00e7\u00f5es que seguem as tend\u00eancias da sociedade contempor\u00e2nea.<\/p>\n<div>\n<p style=\"text-align: justify\">Atualmente, est\u00e1 ambientado no Centro de Integra\u00e7\u00e3o do Mercosul (CIM) e atravessa o processo de reconhecimento junto ao Minist\u00e9rio da Educa\u00e7\u00e3o (MEC). Possui \u00eanfase no entendimento dos processos de integra\u00e7\u00e3o regional latino-americana, particularmente, do Mercosul.<\/p>\n<p><a href=\"https:\/\/wp.ufpel.edu.br\/ri\/\">Site Oficial do Curso<\/a><\/p>\n<\/div>\n","protected":false},"excerpt":{"rendered":"<p>O Curso de Rela\u00e7\u00f5es Internacionais da Universidade Federal de Pelotas foi criado em 2010. Com ingresso atrav\u00e9s do Sistema SISU\/ MEC e com dura\u00e7\u00e3o de quatro anos, tem como objetivo habilitar o profissional, para atuar em diversos segmentos, governamentais ou n\u00e3o, enfatizando \u00e1reas das ci\u00eancias humanas que se fundamentam as diferentes formas de organiza\u00e7\u00e3o pol\u00edtica, [&hellip;]<\/p>\n","protected":false},"author":185,"featured_media":0,"parent":0,"menu_order":0,"comment_status":"closed","ping_status":"closed","template":"","meta":{"footnotes":"","_links_to":"","_links_to_target":""},"class_list":["post-2495","page","type-page","status-publish","hentry"],"jetpack_sharing_enabled":true,"_links":{"self":[{"href":"https:\/\/wp.ufpel.edu.br\/mercosul\/wp-json\/wp\/v2\/pages\/2495","targetHints":{"allow":["GET"]}}],"collection":[{"href":"https:\/\/wp.ufpel.edu.br\/mercosul\/wp-json\/wp\/v2\/pages"}],"about":[{"href":"https:\/\/wp.ufpel.edu.br\/mercosul\/wp-json\/wp\/v2\/types\/page"}],"author":[{"embeddable":true,"href":"https:\/\/wp.ufpel.edu.br\/mercosul\/wp-json\/wp\/v2\/users\/185"}],"replies":[{"embeddable":true,"href":"https:\/\/wp.ufpel.edu.br\/mercosul\/wp-json\/wp\/v2\/comments?post=2495"}],"version-history":[{"count":1,"href":"https:\/\/wp.ufpel.edu.br\/mercosul\/wp-json\/wp\/v2\/pages\/2495\/revisions"}],"predecessor-version":[{"id":2496,"href":"https:\/\/wp.ufpel.edu.br\/mercosul\/wp-json\/wp\/v2\/pages\/2495\/revisions\/2496"}],"wp:attachment":[{"href":"https:\/\/wp.ufpel.edu.br\/mercosul\/wp-json\/wp\/v2\/media?parent=2495"}],"curies":[{"name":"wp","href":"https:\/\/api.w.org\/{rel}","templated":true}]}}