{"id":246,"date":"2012-05-07T10:48:09","date_gmt":"2012-05-07T13:48:09","guid":{"rendered":"https:\/\/wp.ufpel.edu.br\/mercosul\/?page_id=246"},"modified":"2012-06-21T08:15:59","modified_gmt":"2012-06-21T11:15:59","slug":"2010-2","status":"publish","type":"page","link":"https:\/\/wp.ufpel.edu.br\/mercosul\/cursos-relacionados-con-el-cim\/carrera-de-relaciones-internacionales\/actividades-de-la-carrera-de-relaciones-internacionales\/2010-2\/","title":{"rendered":"2010 &#8211;  Actividades de la Carrera de Relaciones Internacionales"},"content":{"rendered":"<h4 align=\"left\"><strong>Alumnos del Curso de RI participan del EERRI 2010<\/strong><\/h4>\n<p>Los alumnos del Curso de Relaciones Internacionales de UFPel participaron en septiembre de 2010 del I Encuentro Estudiantil Regional de Relaciones Internacionales \u2013 EERRI. El encuentro se celebr\u00f3 en la Facultad de Ciencias Econ\u00f3micas de la Universidade Federal do Rio Grande do Sul (UFRGS).<\/p>\n<p align=\"left\"><img src=\"http:\/\/www.ufpel.edu.br\/mercosul\/images\/convite-eerri.jpg\" alt=\"\" width=\"400\" height=\"209\" \/><\/p>\n<p>El evento, que fue organizado por primera vez por los alumnos de Relaciones Internacionales de UFRGS, tuvo como objetivo principal el desarrollo acad\u00e9mico y profesional de los futuros internacionalistas. El evento busc\u00f3 reunir a estudiantes de Relaciones Internacionales de las diferentes universidades de la regi\u00f3n sur.<\/p>\n<p>El EERRI proporcion\u00f3 a los alumnos la participaci\u00f3n en diversos cursos y conferencias que complementan la formaci\u00f3n acad\u00e9mica. La participaci\u00f3n en el EERRI 2010 posibilit\u00f3 una mejor forma de evaluar el mercado de trabajo y una nueva forma de pensar acerca de las Relaciones Internacionales.<\/p>\n<p>La primera clase de estudiantes de Relaciones Internacionales de UFPel estuvo presente.<\/p>\n<p><img src=\"http:\/\/www.ufpel.edu.br\/mercosul\/images\/turma-eerri010-2.jpg\" alt=\"\" width=\"400\" height=\"301\" \/><\/p>\n<p align=\"left\">X C\u00fapula Social del Mercosur<\/p>\n<p align=\"left\"><img src=\"http:\/\/www.ufpel.edu.br\/mercosul\/images\/cupula2.JPG\" alt=\"\" width=\"350\" height=\"251\" \/><\/p>\n<p align=\"left\">La Universidad Federal de Pelotas particip\u00f3 de la X C\u00fapula Social del Mercosur. El evento, que reuni\u00f3 representantes de diversos segmentos de la sociedad, sucedi\u00f3 entre los d\u00edas 14 y 16 de diciembre en el Parque Tecnol\u00f3gico de la Itaipu Binacional en Foz do Igua\u00e7u y tuvo la presencia del presidente Luiz In\u00e1cio Lula da Silva.<\/p>\n<p align=\"left\"><img src=\"http:\/\/www.ufpel.edu.br\/mercosul\/images\/cupula.JPG\" alt=\"\" width=\"350\" height=\"223\" \/><\/p>\n<p>El rector Cesar Borges particip\u00f3 del panel \u201cAcciones coordinadas en las fronteras\u201d junto a la reitora de la Unipampa, Maria Beatriz Luce, y representantes de instituciones federales de ense\u00f1anza de Paran\u00e1, Santa Catarina, Mato Groso y Roraima. El panel destac\u00f3 el papel social de las universidades en la construcci\u00f3n de pol\u00edticas p\u00fablicas en zonas fronterizas.<\/p>\n<p style=\"text-align: left\"><span style=\"font-size: small\"><span style=\"line-height: normal\"><a href=\"https:\/\/wp.ufpel.edu.br\/mercosul\/cursos-relacionados-con-el-cim\/carrera-de-relaciones-internacionales\/actividades-de-la-carrera-de-relaciones-internacionales\/\">[Volver]<\/a> <\/span><\/span><\/p>\n","protected":false},"excerpt":{"rendered":"<p>Alumnos del Curso de RI participan del EERRI 2010 Los alumnos del Curso de Relaciones Internacionales de UFPel participaron en septiembre de 2010 del I Encuentro Estudiantil Regional de Relaciones Internacionales \u2013 EERRI. El encuentro se celebr\u00f3 en la Facultad de Ciencias Econ\u00f3micas de la Universidade Federal do Rio Grande do Sul (UFRGS). El evento, [&hellip;]<\/p>\n","protected":false},"author":185,"featured_media":0,"parent":244,"menu_order":0,"comment_status":"closed","ping_status":"closed","template":"","meta":{"footnotes":"","_links_to":"","_links_to_target":""},"class_list":["post-246","page","type-page","status-publish","hentry"],"jetpack_sharing_enabled":true,"_links":{"self":[{"href":"https:\/\/wp.ufpel.edu.br\/mercosul\/wp-json\/wp\/v2\/pages\/246","targetHints":{"allow":["GET"]}}],"collection":[{"href":"https:\/\/wp.ufpel.edu.br\/mercosul\/wp-json\/wp\/v2\/pages"}],"about":[{"href":"https:\/\/wp.ufpel.edu.br\/mercosul\/wp-json\/wp\/v2\/types\/page"}],"author":[{"embeddable":true,"href":"https:\/\/wp.ufpel.edu.br\/mercosul\/wp-json\/wp\/v2\/users\/185"}],"replies":[{"embeddable":true,"href":"https:\/\/wp.ufpel.edu.br\/mercosul\/wp-json\/wp\/v2\/comments?post=246"}],"version-history":[{"count":6,"href":"https:\/\/wp.ufpel.edu.br\/mercosul\/wp-json\/wp\/v2\/pages\/246\/revisions"}],"predecessor-version":[{"id":966,"href":"https:\/\/wp.ufpel.edu.br\/mercosul\/wp-json\/wp\/v2\/pages\/246\/revisions\/966"}],"up":[{"embeddable":true,"href":"https:\/\/wp.ufpel.edu.br\/mercosul\/wp-json\/wp\/v2\/pages\/244"}],"wp:attachment":[{"href":"https:\/\/wp.ufpel.edu.br\/mercosul\/wp-json\/wp\/v2\/media?parent=246"}],"curies":[{"name":"wp","href":"https:\/\/api.w.org\/{rel}","templated":true}]}}

<h4 align="left"><strong>Alumnos del Curso de RI participan del EERRI 2010</strong></h4>
<p>Los alumnos del Curso de Relaciones Internacionales de UFPel participaron en septiembre de 2010 del I Encuentro Estudiantil Regional de Relaciones Internacionales – EERRI. El encuentro se celebró en la Facultad de Ciencias Económicas de la Universidade Federal do Rio Grande do Sul (UFRGS).</p>
<p align="left"><img src="http://www.ufpel.edu.br/mercosul/images/convite-eerri.jpg" alt="" width="400" height="209" /></p>
<p>El evento, que fue organizado por primera vez por los alumnos de Relaciones Internacionales de UFRGS, tuvo como objetivo principal el desarrollo académico y profesional de los futuros internacionalistas. El evento buscó reunir a estudiantes de Relaciones Internacionales de las diferentes universidades de la región sur.</p>
<p>El EERRI proporcionó a los alumnos la participación en diversos cursos y conferencias que complementan la formación académica. La participación en el EERRI 2010 posibilitó una mejor forma de evaluar el mercado de trabajo y una nueva forma de pensar acerca de las Relaciones Internacionales.</p>
<p>La primera clase de estudiantes de Relaciones Internacionales de UFPel estuvo presente.</p>
<p><img src="http://www.ufpel.edu.br/mercosul/images/turma-eerri010-2.jpg" alt="" width="400" height="301" /></p>
<p align="left">X Cúpula Social del Mercosur</p>
<p align="left"><img src="http://www.ufpel.edu.br/mercosul/images/cupula2.JPG" alt="" width="350" height="251" /></p>
<p align="left">La Universidad Federal de Pelotas participó de la X Cúpula Social del Mercosur. El evento, que reunió representantes de diversos segmentos de la sociedad, sucedió entre los días 14 y 16 de diciembre en el Parque Tecnológico de la Itaipu Binacional en Foz do Iguaçu y tuvo la presencia del presidente Luiz Inácio Lula da Silva.</p>
<p align="left"><img src="http://www.ufpel.edu.br/mercosul/images/cupula.JPG" alt="" width="350" height="223" /></p>
<p>El rector Cesar Borges participó del panel “Acciones coordinadas en las fronteras” junto a la reitora de la Unipampa, Maria Beatriz Luce, y representantes de instituciones federales de enseñanza de Paraná, Santa Catarina, Mato Groso y Roraima. El panel destacó el papel social de las universidades en la construcción de políticas públicas en zonas fronterizas.</p>
<p style="text-align: left"><span style="font-size: small"><span style="line-height: normal"><a href="https://wp.ufpel.edu.br/mercosul/cursos-relacionados-con-el-cim/carrera-de-relaciones-internacionales/actividades-de-la-carrera-de-relaciones-internacionales/">[Volver]</a> </span></span></p>

<p>Alumnos del Curso de RI participan del EERRI 2010 Los alumnos del Curso de Relaciones Internacionales de UFPel participaron en septiembre de 2010 del I Encuentro Estudiantil Regional de Relaciones Internacionales – EERRI. El encuentro se celebró en la Facultad de Ciencias Económicas de la Universidade Federal do Rio Grande do Sul (UFRGS). El evento, [&hellip;]</p>
