{"id":221,"date":"2012-05-07T09:55:27","date_gmt":"2012-05-07T12:55:27","guid":{"rendered":"https:\/\/wp.ufpel.edu.br\/mercosul\/?page_id=221"},"modified":"2012-05-07T11:12:57","modified_gmt":"2012-05-07T14:12:57","slug":"2010-2","status":"publish","type":"page","link":"https:\/\/wp.ufpel.edu.br\/mercosul\/curso-de-relacoes-internacionais\/atividades-do-curso-de-relacoes-internacionais\/2010-2\/","title":{"rendered":"2010 &#8211; Atividades do curso de Rela\u00e7\u00f5es Internacionais"},"content":{"rendered":"<p align=\"left\"><strong>Alunos do Curso de RI participam do EERRI 2010<\/strong><\/p>\n<p>Os alunos do Curso de Rela\u00e7\u00f5es Internacionais da UFPel participaram em setembro de 2010 do I Encontro Estudantil Regional de Rela\u00e7\u00f5es Internacionais \u2013 EERRI. O encontro foi realizado na Faculdade de Ci\u00eancias Econ\u00f4micas da Universidade Federal do Rio Grande do Sul.<\/p>\n<p align=\"left\"><img src=\"http:\/\/www.ufpel.edu.br\/mercosul\/images\/convite-eerri.jpg\" alt=\"\" width=\"400\" height=\"209\" \/><\/p>\n<p>O evento que foi, primeiramente, planejado pelos alunos de Rela\u00e7\u00f5es Internacionais da UFRGS teve como principal objetivo o desenvolvimento acad\u00eamico e profissional dos futuros internacionalistas. O evento buscou reunir os estudantes de Rela\u00e7\u00f5es Internacionais das diversas universidades da regi\u00e3o sul.<\/p>\n<p>O EERRI proporcionou aos alunos a participa\u00e7\u00e3o de diversos cursos e palestras que complementam a forma\u00e7\u00e3o acad\u00eamica. A participa\u00e7\u00e3o no EERRI 2010 possibilitou uma melhor forma de avaliar o mercado de trabalho e uma nova forma de pensar as Rela\u00e7\u00f5es Internacionais.<\/p>\n<p>A primeira turma de alunos do curso de Rela\u00e7\u00f5es Internacionais da UFPel esteve presente.<\/p>\n<p align=\"left\"><img src=\"http:\/\/www.ufpel.edu.br\/mercosul\/images\/turma-eerri010-2.jpg\" alt=\"\" width=\"400\" height=\"301\" \/><\/p>\n<p align=\"left\">X C\u00fapula Social do Mercosul<\/p>\n<p align=\"left\"><img src=\"http:\/\/www.ufpel.edu.br\/mercosul\/images\/cupula.JPG\" alt=\"\" width=\"300\" height=\"169\" \/><\/p>\n<p>\u00a0A Universidade Federal de Pelotas participou da X C\u00fapula Social do Mercosul. O evento, que reuniu representantes de diversos segmentos da sociedade, aconteceu entre os dias 14 e 16 de dezembro no Parque Tecnol\u00f3gico da Itaipu Binacional em Foz do Igua\u00e7u e teve a presen\u00e7a do presidente Luiz In\u00e1cio Lula da Silva.<\/p>\n<p><img src=\"http:\/\/www.ufpel.edu.br\/mercosul\/images\/cupula2.JPG\" alt=\"\" width=\"300\" height=\"193\" \/><\/p>\n<p>O reitor Cesar Borges participou do painel \u201cA\u00e7\u00f5es coordenadas nas fronteiras\u201d juntamente com a reitora da Unipampa, Maria Beatriz Luce, e representantes de institui\u00e7\u00f5es federais de ensino do Paran\u00e1, Santa Catarina, Mato Grosso e Roraima. O painel destacou o papel social das universidades na constru\u00e7\u00e3o de pol\u00edticas p\u00fablicas em zonas fronteiri\u00e7as.<\/p>\n<p style=\"text-align: left\"><span><span style=\"line-height: normal\"><strong><br \/>\n<\/strong><\/span><\/span><\/p>\n","protected":false},"excerpt":{"rendered":"<p>Alunos do Curso de RI participam do EERRI 2010 Os alunos do Curso de Rela\u00e7\u00f5es Internacionais da UFPel participaram em setembro de 2010 do I Encontro Estudantil Regional de Rela\u00e7\u00f5es Internacionais \u2013 EERRI. O encontro foi realizado na Faculdade de Ci\u00eancias Econ\u00f4micas da Universidade Federal do Rio Grande do Sul. O evento que foi, primeiramente, [&hellip;]<\/p>\n","protected":false},"author":185,"featured_media":0,"parent":214,"menu_order":0,"comment_status":"closed","ping_status":"closed","template":"","meta":{"footnotes":"","_links_to":"","_links_to_target":""},"class_list":["post-221","page","type-page","status-publish","hentry"],"jetpack_sharing_enabled":true,"_links":{"self":[{"href":"https:\/\/wp.ufpel.edu.br\/mercosul\/wp-json\/wp\/v2\/pages\/221","targetHints":{"allow":["GET"]}}],"collection":[{"href":"https:\/\/wp.ufpel.edu.br\/mercosul\/wp-json\/wp\/v2\/pages"}],"about":[{"href":"https:\/\/wp.ufpel.edu.br\/mercosul\/wp-json\/wp\/v2\/types\/page"}],"author":[{"embeddable":true,"href":"https:\/\/wp.ufpel.edu.br\/mercosul\/wp-json\/wp\/v2\/users\/185"}],"replies":[{"embeddable":true,"href":"https:\/\/wp.ufpel.edu.br\/mercosul\/wp-json\/wp\/v2\/comments?post=221"}],"version-history":[{"count":5,"href":"https:\/\/wp.ufpel.edu.br\/mercosul\/wp-json\/wp\/v2\/pages\/221\/revisions"}],"predecessor-version":[{"id":268,"href":"https:\/\/wp.ufpel.edu.br\/mercosul\/wp-json\/wp\/v2\/pages\/221\/revisions\/268"}],"up":[{"embeddable":true,"href":"https:\/\/wp.ufpel.edu.br\/mercosul\/wp-json\/wp\/v2\/pages\/214"}],"wp:attachment":[{"href":"https:\/\/wp.ufpel.edu.br\/mercosul\/wp-json\/wp\/v2\/media?parent=221"}],"curies":[{"name":"wp","href":"https:\/\/api.w.org\/{rel}","templated":true}]}}

2010 &#8211; Atividades do curso de Relações Internacionais

<p align="left"><strong>Alunos do Curso de RI participam do EERRI 2010</strong></p>
<p>Os alunos do Curso de Relações Internacionais da UFPel participaram em setembro de 2010 do I Encontro Estudantil Regional de Relações Internacionais – EERRI. O encontro foi realizado na Faculdade de Ciências Econômicas da Universidade Federal do Rio Grande do Sul.</p>
<p align="left"><img src="http://www.ufpel.edu.br/mercosul/images/convite-eerri.jpg" alt="" width="400" height="209" /></p>
<p>O evento que foi, primeiramente, planejado pelos alunos de Relações Internacionais da UFRGS teve como principal objetivo o desenvolvimento acadêmico e profissional dos futuros internacionalistas. O evento buscou reunir os estudantes de Relações Internacionais das diversas universidades da região sul.</p>
<p>O EERRI proporcionou aos alunos a participação de diversos cursos e palestras que complementam a formação acadêmica. A participação no EERRI 2010 possibilitou uma melhor forma de avaliar o mercado de trabalho e uma nova forma de pensar as Relações Internacionais.</p>
<p>A primeira turma de alunos do curso de Relações Internacionais da UFPel esteve presente.</p>
<p align="left"><img src="http://www.ufpel.edu.br/mercosul/images/turma-eerri010-2.jpg" alt="" width="400" height="301" /></p>
<p align="left">X Cúpula Social do Mercosul</p>
<p align="left"><img src="http://www.ufpel.edu.br/mercosul/images/cupula.JPG" alt="" width="300" height="169" /></p>
<p> A Universidade Federal de Pelotas participou da X Cúpula Social do Mercosul. O evento, que reuniu representantes de diversos segmentos da sociedade, aconteceu entre os dias 14 e 16 de dezembro no Parque Tecnológico da Itaipu Binacional em Foz do Iguaçu e teve a presença do presidente Luiz Inácio Lula da Silva.</p>
<p><img src="http://www.ufpel.edu.br/mercosul/images/cupula2.JPG" alt="" width="300" height="193" /></p>
<p>O reitor Cesar Borges participou do painel “Ações coordenadas nas fronteiras” juntamente com a reitora da Unipampa, Maria Beatriz Luce, e representantes de instituições federais de ensino do Paraná, Santa Catarina, Mato Grosso e Roraima. O painel destacou o papel social das universidades na construção de políticas públicas em zonas fronteiriças.</p>
<p style="text-align: left"><span><span style="line-height: normal"><strong><br />
</strong></span></span></p>

<p>Alunos do Curso de RI participam do EERRI 2010 Os alunos do Curso de Relações Internacionais da UFPel participaram em setembro de 2010 do I Encontro Estudantil Regional de Relações Internacionais – EERRI. O encontro foi realizado na Faculdade de Ciências Econômicas da Universidade Federal do Rio Grande do Sul. O evento que foi, primeiramente, [&hellip;]</p>
