{"id":158,"date":"2012-04-19T10:53:51","date_gmt":"2012-04-19T13:53:51","guid":{"rendered":"https:\/\/wp.ufpel.edu.br\/mercosul\/?page_id=158"},"modified":"2012-06-25T18:14:06","modified_gmt":"2012-06-25T21:14:06","slug":"hable-con-nosotros","status":"publish","type":"page","link":"https:\/\/wp.ufpel.edu.br\/mercosul\/hable-con-nosotros\/","title":{"rendered":"Hable con nosotros"},"content":{"rendered":"<h4><strong>Universidad Nacional de la ciudad de Pelotas<\/strong><\/h4>\n<h4><strong>CENTRO DE INTEGRACI\u00d3N DEL MERCOSUR<\/strong><\/h4>\n<p>Calle Andrade Neves, 1529 &#8211; Pelotas, R\u00edo Grande del Sur &#8211; Brasil<br \/>\nCEP 96020-080 &#8211; FAX: 55.53.3229 23 22<br \/>\nTel\u00e9fonos: 55.53.3222 03 54 \/ 3222 04 04<br \/>\nwww.ufpel.edu.br\/mercosul correo-e: mercosul@ufpel.edu.br<\/p>\n<h4><strong>Coordinaci\u00f3n del Centro de Integraci\u00f3n del Mercosul:<\/strong><\/h4>\n<p>Maeve Vieira de Faria<br \/>\n<span style=\"color: #999999\">maeve.faria@ufpel.edu.br<\/span><\/p>\n<h4><strong>Funcionaria:<\/strong><\/h4>\n<p>Joice Madeira dos Reis<br \/>\n<span style=\"color: #999999\">joice.reis@ufpel.edu.br<\/span><\/p>\n<p>&nbsp;<\/p>\n<p>&#8230;&#8230;&#8230;&#8230;&#8230;&#8230;&#8230;&#8230;&#8230;&#8230;&#8230;&#8230;&#8230;&#8230;&#8230;&#8230;&#8230;&#8230;&#8230;&#8230;&#8230;&#8230;&#8230;&#8230;&#8230;&#8230;&#8230;&#8230;&#8230;&#8230;&#8230;&#8230;&#8230;&#8230;&#8230;&#8230;&#8230;&#8230;.<\/p>\n<h4><strong><br \/>\n<\/strong><\/h4>\n","protected":false},"excerpt":{"rendered":"<p>Universidad Nacional de la ciudad de Pelotas CENTRO DE INTEGRACI\u00d3N DEL MERCOSUR Calle Andrade Neves, 1529 &#8211; Pelotas, R\u00edo Grande del Sur &#8211; Brasil CEP 96020-080 &#8211; FAX: 55.53.3229 23 22 Tel\u00e9fonos: 55.53.3222 03 54 \/ 3222 04 04 www.ufpel.edu.br\/mercosul correo-e: mercosul@ufpel.edu.br Coordinaci\u00f3n del Centro de Integraci\u00f3n del Mercosul: Maeve Vieira de Faria maeve.faria@ufpel.edu.br Funcionaria: [&hellip;]<\/p>\n","protected":false},"author":145,"featured_media":0,"parent":0,"menu_order":0,"comment_status":"closed","ping_status":"closed","template":"","meta":{"footnotes":"","_links_to":"","_links_to_target":""},"class_list":["post-158","page","type-page","status-publish","hentry"],"jetpack_sharing_enabled":true,"_links":{"self":[{"href":"https:\/\/wp.ufpel.edu.br\/mercosul\/wp-json\/wp\/v2\/pages\/158","targetHints":{"allow":["GET"]}}],"collection":[{"href":"https:\/\/wp.ufpel.edu.br\/mercosul\/wp-json\/wp\/v2\/pages"}],"about":[{"href":"https:\/\/wp.ufpel.edu.br\/mercosul\/wp-json\/wp\/v2\/types\/page"}],"author":[{"embeddable":true,"href":"https:\/\/wp.ufpel.edu.br\/mercosul\/wp-json\/wp\/v2\/users\/145"}],"replies":[{"embeddable":true,"href":"https:\/\/wp.ufpel.edu.br\/mercosul\/wp-json\/wp\/v2\/comments?post=158"}],"version-history":[{"count":5,"href":"https:\/\/wp.ufpel.edu.br\/mercosul\/wp-json\/wp\/v2\/pages\/158\/revisions"}],"predecessor-version":[{"id":979,"href":"https:\/\/wp.ufpel.edu.br\/mercosul\/wp-json\/wp\/v2\/pages\/158\/revisions\/979"}],"wp:attachment":[{"href":"https:\/\/wp.ufpel.edu.br\/mercosul\/wp-json\/wp\/v2\/media?parent=158"}],"curies":[{"name":"wp","href":"https:\/\/api.w.org\/{rel}","templated":true}]}}