{"id":151,"date":"2012-04-19T10:53:00","date_gmt":"2012-04-19T13:53:00","guid":{"rendered":"https:\/\/wp.ufpel.edu.br\/mercosul\/?page_id=151"},"modified":"2012-06-21T08:33:01","modified_gmt":"2012-06-21T11:33:01","slug":"informaciones","status":"publish","type":"page","link":"https:\/\/wp.ufpel.edu.br\/mercosul\/informaciones\/","title":{"rendered":"Informaciones"},"content":{"rendered":"<p><a href=\"https:\/\/wp.ufpel.edu.br\/mercosul\/files\/2012\/04\/fls-12.jpg\"><img class=\"aligncenter size-full wp-image-591\" src=\"https:\/\/wp.ufpel.edu.br\/mercosul\/files\/2012\/04\/fls-12.jpg\" alt=\"\" width=\"601\" height=\"300\" srcset=\"https:\/\/wp.ufpel.edu.br\/mercosul\/files\/2012\/04\/fls-12.jpg 601w, https:\/\/wp.ufpel.edu.br\/mercosul\/files\/2012\/04\/fls-12-300x149.jpg 300w\" sizes=\"(max-width: 601px) 100vw, 601px\" \/><\/a><\/p>\n<h4><strong>TEL\u00c9FONOS \u00daTILES<\/strong><\/h4>\n<p>Prefijo: (53)<\/p>\n<p>Terminal de Autobuses de la ciudad de Pelotas\u00a0|\u00a03284.6700<br \/>\nHospital Santa Casa\u00a0|\u00a03284.4700<br \/>\nHospital Beneficencia Portuguesa\u00a0|\u00a03026.9333<br \/>\nHospital San Francisco de Paula\u00a0|\u00a02128.8305<br \/>\nUrgencias\u00a0|\u00a02128.8305<br \/>\nBomberos\u00a0|\u00a0193<br \/>\nPolic\u00eda Militar\u00a0|\u00a0190<br \/>\nPolic\u00eda Civil\u00a0|\u00a03227-7533<br \/>\nPolic\u00eda Nacional de Carreteras\u00a0|\u00a0191<br \/>\nPolic\u00eda Provincial de Carreteras\u00a0|\u00a0(51) 3339.6799<br \/>\nComisar\u00eda de Polic\u00eda Nacional\u00a0|\u00a03309.9000<br \/>\nHacienda P\u00fablica Nacional\u00a0|\u00a03225.2955<br \/>\nComisar\u00eda de la Mujer\u00a0|\u00a03225.6888<br \/>\nDepartamento Nacional de Tr\u00e1fico\u00a0|\u00a00800510331<br \/>\nAyuntamiento de la Ciudad de Pelotas\u00a0|\u00a03921.6000<br \/>\nAeropuerto Internacional de la ciudad de Pelotas\u00a0|\u00a03223.1227 &#8211;\u00a0<a href=\"http:\/\/www.voenht.com.br\/\" target=\"_blank\">www.voenht.com.br<\/a><br \/>\nJuzgados de la ciudad de Pelotas\u00a0|\u00a03279.4900<br \/>\nAgua y Alcantarillas\u00a0|\u00a03026.1144<\/p>\n<p>Venta de Pasajes: Ciudad de Pelotas\/Argentina\/Uruguay<\/p>\n<p>Empresa TTL-Terminal de Autobuses. Tel.: 3281.1990 = 3281.2990<br \/>\nCISPLATUR &#8211; (Centro ciudad). Tel.: 3225.5944<br \/>\nPERLATUR &#8211; (Centro ciudad) Galer\u00eda Central, tienda 104, tel.: 3225.8140<br \/>\nOtras Empresas: en la Terminal de Autobuses. Tel.: 3284.6700<\/p>\n<p>TAM Pelotas &#8211; Andrade Neves, 1991 &#8211; Tel.: 3028-8268 &#8211;\u00a0<a href=\"http:\/\/www.tamviagens.com.br\/\" target=\"_blank\">www.tamviagens.com.br<\/a><\/p>\n<p>Terrasul Turismo &#8211; General Neto, 627 &#8211; Tel.: 3227-9973 &#8211;\u00a0<a href=\"http:\/\/www.terrasulpelotas.com.br\/\" target=\"_blank\">www.terrasulpelotas.com.br<\/a><\/p>\n<h4><strong>SEGURO CARTA VERDE<\/strong><\/h4>\n<p>Este seguro es un documento de responsabilidad civil que cubre da\u00f1os materiales (U$$ 20 mil, por veh\u00edculo y hasta U$$ 40 mil cuando involucrados m\u00e1s de un veh\u00edculo) y personales (hasta U$$ 40 mil en caso de muerte, con l\u00edmite total de U$$ 200 mil). El pago se debe hacer en agencias bancarias, teniendo en cuenta que no se puede hacer el respectivo pago en fines de semana. Sin embargo, se puede pagar en las agencias de Corredur\u00eda de Seguro, con un cargo en los precios, que son cotados en d\u00f3lar.<\/p>\n<p>\u00bfD\u00f3nde se puede hacer?: La Carta Verde, Seguro Internacional para Autom\u00f3viles, se puede hacer en Corredur\u00edas de Seguros, en los Consulados o en las fronteras.<br \/>\nDocumentos: Adem\u00e1s del pago de una tasa referente al n\u00famero de d\u00edas del seguro, se tiene que presentar los documentos del veh\u00edculo y del propietario.<br \/>\nPrecios: Var\u00edan de acuerdo con la empresa que presta el seguro, para quien viaja por siete d\u00edas paga un promedio de R$ 35. Para quien viaja por 15 d\u00edas el valor medio es de R$ 60.<br \/>\nPago: Se hace directamente en las Corredur\u00edas de Seguros o en los bancos. \u00a1Atenci\u00f3n! fines de semana: no se puede pagar en los bancos.<br \/>\nValidez: El seguro puede valer de tres d\u00edas a un a\u00f1o, variando conforme el valor de la p\u00f3liza.<\/p>\n<h4><strong>PASAPORTE<\/strong><\/h4>\n<p>El nuevo pasaporte com\u00fan del brasile\u00f1o tiene el color azul de acuerdo con el patr\u00f3n establecido por el MERCOSUR y cuenta con diecis\u00e9is nuevos \u00edtems de seguridad. Los cambios siguen las Normas Internacionales de seguridad establecidas por la organizaci\u00f3n de Aviaci\u00f3n Civil Internacional (ICAO), agencia ligada a las Naciones Unidas. En una segunda etapa, adem\u00e1s del pasaporte com\u00fan, ser\u00e1n presentados los otros cinco nuevos tipos de pasaporte que ser\u00e1n emitidos por el gobierno brasile\u00f1o. El de color verde ser\u00e1 el pasaporte oficial de servicio; el rojo, el diplom\u00e1tico; el marr\u00f3n, denominado \u201claissez-passer\u201d, para ciudadanos de pa\u00edses que no mantienen relaciones diplom\u00e1ticas con el Brasil; el amarillo, para extranjeros refugiados, sin nacionalidad o exiliados en el Brasil; y el azul celeste que ser\u00e1 el pasaporte de emergencia.<\/p>\n<p>a) \u00bfCu\u00e1les son los principales cambios del nuevo pasaporte?<br \/>\nEl nuevo pasaporte contiene cambios de formato, color y, principalmente, de seguridad, con nuevas tecnolog\u00edas que dotar\u00e1n el nuevo documento de mayor credibilidad.<br \/>\nb) \u00bfCu\u00e1ndo empieza la emisi\u00f3n de los nuevos pasaportes?<br \/>\nEn el 18.12.2006 el Departamento de Polic\u00eda Nacional (DPF) pas\u00f3 a emitir el nuevo pasaporte com\u00fan brasile\u00f1o en las Unidades de Brasilia y Goiania.<br \/>\nGradualmente el nuevo pasaporte se ir\u00e1 implementando en las otras unidades del Departamento de Polic\u00eda Nacional.<br \/>\nc) \u00bfPor cu\u00e1nto tiempo los antiguos pasaportes, todav\u00eda, podr\u00e1n estar en circulaci\u00f3n?<br \/>\nPor el plazo normal se su emisi\u00f3n, es decir, hasta cinco a\u00f1os tras su expedici\u00f3n.<br \/>\nd) \u00bfTodos tendr\u00e1n que sacar el pasaporte nuevo, cuando est\u00e9 disponible?<br \/>\nNo. Se puede seguir usando el antiguo siempre y cuando est\u00e1 dentro de su per\u00edodo de validez.<br \/>\ne) \u00bfPor qu\u00e9 el nuevo pasaporte com\u00fan ser\u00e1 azul y no verde como el actual?<br \/>\nAtendiendo al acuerdo MERCOSUR, el patr\u00f3n de los pasaportes comunes deber\u00e1 ser azul y debe contener los \u00edtems de seguridad y lectura recomendados por ICAO y debe contener la expresi\u00f3n \u201cMERCOSUR\u201d en el extremo superior de la portada, en el idioma oficial del pa\u00eds.<br \/>\nf) \u00bfEn cu\u00e1nto tiempo se entregar\u00e1 el pasaporte com\u00fan al requirente?<br \/>\nPor determinaci\u00f3n contractual, la Casa de la Moneda del Brasil deber\u00e1 proceder la entrega del pasaporte personalizado en el servicio de atenci\u00f3n al p\u00fablico del Departamento de la Polic\u00eda Nacional en un per\u00edodo no superior a cinco d\u00edas, contados a partir del env\u00edo de los datos por el Departamento de Polic\u00eda Nacional, de manera que se entregar\u00e1 al requirente en el sexto d\u00eda, es decir, el pasaporte se entregar\u00e1 al requirente, como mucho, hasta seis d\u00edas tras su solicitud en el puesto del Departamento de Polic\u00eda Nacional.<\/p>\n<p>M\u00c1S INFORMACIONES:<br \/>\n<a href=\"http:\/\/www.dpf.gov.br\/web\/servicos\/passaporte.htm\" target=\"_blank\">www.dpf.gov.br\/web\/servicos\/passaporte.htm<\/a><\/p>\n<h4 align=\"left\"><strong>CORREOS INAUGURAN SALA DE NEGOCIOS<\/strong><\/h4>\n<p align=\"justify\">Correos central de la ciudad de Pelotas, ha inaugurado una Sala de Negocios Internacionales. La sala est\u00e1 disponible a las exportaciones de productos.<br \/>\nCorreos informa que las Salas de Negocios Internacionales son despachos que est\u00e1n en las principales oficinas para atender a empresarios de las micro, peque\u00f1as y medianas empresas, artesanos, artistas y asemejados que tengan perfil exportador y deseen vender sus productos en el mercado internacional.<br \/>\nLas salas est\u00e1n equipadas con todos los recursos necesarios para atender, adem\u00e1s de ofrecer consultor\u00eda de agentes formados en Comercio Exterior, habilitados a acompa\u00f1ar al exportador en todas las fases del negocio, orient\u00e1ndolo y facilitando sus exportaciones de modo seguro y sin costos. Se trata de un proyecto piloto en la Provincia ya que ser\u00e1 la primera Sala de Negocios Internacionales del R\u00edo Grande del Sur. La iniciativa es para que la Sala de Negocios Internacionales pueda atender y solucionar las dudas del M\u00e9todo Exporta F\u00e1cil, que es la exportaci\u00f3n a trav\u00e9s de los Correos, y bien as\u00ed, dar informaciones tanto en lo que se refiere a la importaci\u00f3n como exportaci\u00f3n. La ciudad de Pelotas ser\u00e1 referencia nacional en lo que respecta a comercio exterior.<br \/>\nEl gran objetivo del proyecto es despertar en el micro y peque\u00f1o empresario el gusto por la exportaci\u00f3n. Con esta iniciativa los Correos visan dar est\u00edmulo a los profesionales de las m\u00e1s diversas \u00e1reas a la exportaci\u00f3n. La ciudad de Pelotas ha sido elegida la primera ciudad sede de la primera Sala de la Provincia.<\/p>\n<p align=\"justify\">M\u00e1s informaciones:<a href=\"http:\/\/www.correios.com.br\/\" target=\"_blank\">http:\/\/www.correios.com.br<\/a><\/p>\n<p>Fuente: Diario Popular (28.02.2008)<\/p>\n<h4><strong>CALENDARIO DE D\u00cdAS FESTIVOS DE LOS PA\u00cdSES DEL MERCOSUR\u00a0<\/strong><\/h4>\n<p><a href=\"http:\/\/mercosul.ufpel.edu.br\/calendario_feriados_mercosul_esp.pdf\" target=\"_blank\">Pincha y accede a un calendario con los principales d\u00edas festivos de los pa\u00edses que pertenecen al MERCOSUR.<\/a><\/p>\n","protected":false},"excerpt":{"rendered":"<p>TEL\u00c9FONOS \u00daTILES Prefijo: (53) Terminal de Autobuses de la ciudad de Pelotas\u00a0|\u00a03284.6700 Hospital Santa Casa\u00a0|\u00a03284.4700 Hospital Beneficencia Portuguesa\u00a0|\u00a03026.9333 Hospital San Francisco de Paula\u00a0|\u00a02128.8305 Urgencias\u00a0|\u00a02128.8305 Bomberos\u00a0|\u00a0193 Polic\u00eda Militar\u00a0|\u00a0190 Polic\u00eda Civil\u00a0|\u00a03227-7533 Polic\u00eda Nacional de Carreteras\u00a0|\u00a0191 Polic\u00eda Provincial de Carreteras\u00a0|\u00a0(51) 3339.6799 Comisar\u00eda de Polic\u00eda Nacional\u00a0|\u00a03309.9000 Hacienda P\u00fablica Nacional\u00a0|\u00a03225.2955 Comisar\u00eda de la Mujer\u00a0|\u00a03225.6888 Departamento Nacional de Tr\u00e1fico\u00a0|\u00a00800510331 Ayuntamiento de [&hellip;]<\/p>\n","protected":false},"author":145,"featured_media":0,"parent":0,"menu_order":0,"comment_status":"closed","ping_status":"closed","template":"","meta":{"footnotes":"","_links_to":"","_links_to_target":""},"class_list":["post-151","page","type-page","status-publish","hentry"],"jetpack_sharing_enabled":true,"_links":{"self":[{"href":"https:\/\/wp.ufpel.edu.br\/mercosul\/wp-json\/wp\/v2\/pages\/151","targetHints":{"allow":["GET"]}}],"collection":[{"href":"https:\/\/wp.ufpel.edu.br\/mercosul\/wp-json\/wp\/v2\/pages"}],"about":[{"href":"https:\/\/wp.ufpel.edu.br\/mercosul\/wp-json\/wp\/v2\/types\/page"}],"author":[{"embeddable":true,"href":"https:\/\/wp.ufpel.edu.br\/mercosul\/wp-json\/wp\/v2\/users\/145"}],"replies":[{"embeddable":true,"href":"https:\/\/wp.ufpel.edu.br\/mercosul\/wp-json\/wp\/v2\/comments?post=151"}],"version-history":[{"count":4,"href":"https:\/\/wp.ufpel.edu.br\/mercosul\/wp-json\/wp\/v2\/pages\/151\/revisions"}],"predecessor-version":[{"id":976,"href":"https:\/\/wp.ufpel.edu.br\/mercosul\/wp-json\/wp\/v2\/pages\/151\/revisions\/976"}],"wp:attachment":[{"href":"https:\/\/wp.ufpel.edu.br\/mercosul\/wp-json\/wp\/v2\/media?parent=151"}],"curies":[{"name":"wp","href":"https:\/\/api.w.org\/{rel}","templated":true}]}}