{"id":139,"date":"2012-04-19T10:46:29","date_gmt":"2012-04-19T13:46:29","guid":{"rendered":"https:\/\/wp.ufpel.edu.br\/mercosul\/?page_id=139"},"modified":"2012-06-25T19:49:57","modified_gmt":"2012-06-25T22:49:57","slug":"centro-de-estudios-fronterizos","status":"publish","type":"page","link":"https:\/\/wp.ufpel.edu.br\/mercosul\/centro-de-estudios-fronterizos\/","title":{"rendered":"Centro de Estudios Fronterizos"},"content":{"rendered":"<p><a href=\"https:\/\/wp.ufpel.edu.br\/mercosul\/files\/2012\/04\/fls-11.jpg\"><img class=\"aligncenter size-full wp-image-589\" src=\"https:\/\/wp.ufpel.edu.br\/mercosul\/files\/2012\/04\/fls-11.jpg\" alt=\"\" width=\"601\" height=\"300\" srcset=\"https:\/\/wp.ufpel.edu.br\/mercosul\/files\/2012\/04\/fls-11.jpg 601w, https:\/\/wp.ufpel.edu.br\/mercosul\/files\/2012\/04\/fls-11-300x149.jpg 300w\" sizes=\"(max-width: 601px) 100vw, 601px\" \/><\/a><\/p>\n<h4><strong>Actividades del Centro de Estudios Fronterizos<\/strong><\/h4>\n<h4><strong>Centro de Estudios Fronterizos &#8211; Santana del Libramiento y Rivera<\/strong><\/h4>\n<p>La UFPel hace 15 a\u00f1os, luego tras la firma del Tratado de Asunci\u00f3n, se fund\u00f3 el Centro de Integraci\u00f3n del Mercosur en la ciudad de Pelotas para actividades de ense\u00f1anza, investigaci\u00f3n y actividades de comunidad sobre integraci\u00f3n regional.<br \/>\nSeg\u00fan decisi\u00f3n de los Ministros de Educaci\u00f3n del MERCOSUR (Buenos Aires, 2006) el Sector Educacional del Mercosur (SEM): promover\u00e1 la educaci\u00f3n de calidad para todos como un factor de inclusi\u00f3n social y desarrollo humano y productivo, y bien asi fortalecer\u00e1 las actividades en las zonas de frontera de los pa\u00edses del bloque&#8221;.<br \/>\nPor ello, la UFPel inaugura el N\u00facleo de Estudios Fronterizos como unidad del Centro de Integraci\u00f3n del Mercosur durante la visita de los presidentes Lula, del Brasil y Mujica, del Uruguay en la ciudad de Santana del Libramiento el 30 de julio de 2010.<br \/>\nEl N\u00facleo de Estudios Fronterizos se constituye en espacio disponible para toda la comunidad y para las universidades brasile\u00f1as, uruguayas y los otros pa\u00edses-miembros del Mercosur que desean dedicarse a las actividades de investigaci\u00f3n y de comunidad en el \u00e1rea de la integraci\u00f3n regional.<\/p>\n<p><img src=\"http:\/\/ufpel.edu.br\/mercosul\/images\/inauguracao_nucleo.jpg\" alt=\"\" width=\"400\" height=\"264\" \/><\/p>\n<p align=\"left\">Las peculiaridades culturales, econ\u00f3micas y sociales en las regiones de frontera han sido tema recurrente en el proceso de integraci\u00f3n de los pa\u00edses del MERCOSUR. Para que las pol\u00edticas p\u00fablicas avancen en este proceso hace falta conocer de modo m\u00e1s profundo las caracter\u00edsticas y especificidades de los sujetos, de los municipios y de las regiones que componen el territorio fronterizo del Brasil y de los otros pa\u00edses latinoamericanos. La implantaci\u00f3n del Centro de Estudios Fronterizos en la frontera Santana del Libramiento en el Brasil y Rivera en el Uruguay tiene como reto estudiar la integraci\u00f3n entre los pa\u00edses a partir del territorio fronterizo, pues de ah\u00ed, emergen de hecho los procesos de integraci\u00f3n social y bien as\u00ed se experimentan en primer plan las decisiones gubernamentales relativas al proceso de integraci\u00f3n.<\/p>\n<p align=\"left\">El proyecto de fundaci\u00f3n del Centro de Estudios Fronterizos del Centro de Integraci\u00f3n del MERCOSUR viene al encuentro de las iniciativas integracionistas y a los objetivos propuestos por la Universidad Nacional de Pelotas. En la esfera educacional, el Centro de Estudios Fronterizos contempla el Plan de Acci\u00f3n del Sector Educacional del MERCOSUR &#8211; SEM (2006-2010), aprobado en junio de 2006, durante la XXX Reuni\u00f3n de Ministros de Educaci\u00f3n del mencionado bloque, en Buenos Aires. De acuerdo con el objetivo 2 del citado plan, el SEM \u201cpromover\u00e1 la educaci\u00f3n de calidad para todos como factor de inclusi\u00f3n social y desarrollo humano y productivo, y bien as\u00ed fortalecer\u00e1 las actividades en las zonas de frontera de los pa\u00edses del bloque\u201d Por el mismo camino va el objetivo 3 que pone de relieve la necesidad de \u201cpromover la cooperaci\u00f3n solidaria y el intercambio, con vistas al fortalecimiento de los sistemas educacionales del bloque y bien as\u00ed el funcionamiento de redes de instituciones universitarias de la regi\u00f3n\u201d. As\u00ed, la fundaci\u00f3n del Centro se coaduna con las acciones del gobierno nacional brasile\u00f1o que visan promover e impulsar el proceso de integraci\u00f3n regional, y bien as\u00ed atienden a la vocaci\u00f3n precipua de la Universidad Nacional de Pelotas.<\/p>\n<p><img src=\"http:\/\/ufpel.edu.br\/mercosul\/images\/nucleo.gif\" alt=\"\" width=\"150\" height=\"65\" border=\"0\" \/><\/p>\n<p>Algunos objetivos del Centro de Estudios Fronterizos:<br \/>\n&#8211; apoyar actividades de ense\u00f1anza, investigaci\u00f3n y de comunidad de la Universidad Nacional de Pelotas;<br \/>\n&#8211; proporcionar actividades de ense\u00f1anza, investigaci\u00f3n y de comunidad de las otras Universidades brasile\u00f1as;<br \/>\n&#8211; mantener programas permanentes de ense\u00f1anza tanto de graduaci\u00f3n como de postgrado relacionados con esta \u00e1rea del conocimiento;<br \/>\n&#8211; promover debates, conferencias y seminarios sobre el MERCOSUR y otros asuntos relevantes a la comunidad y a la sociedad en general;<br \/>\n&#8211; impulsar la relaci\u00f3n sociocultural entre el Brasil y los pa\u00edses del MERCOSUR.<\/p>\n<p><img src=\"http:\/\/ufpel.edu.br\/mercosul\/images\/placa-nef.jpg\" alt=\"Descerramento da placa de inaugura\u00e7\u00e3o\" width=\"400\" height=\"267\" \/><br \/>\nDescerramento da placa de inaugura\u00e7\u00e3o com a presen\u00e7a do prefeito de Santana do<br \/>\nLivramento, Sr. Wainer Viana Machado.<\/p>\n<h4><strong>Contacto<\/strong><\/h4>\n<h4><strong>N\u00daCLEO DE ESTUDOS FRONTERIZOS<\/strong><\/h4>\n<p>Rua Duque de Caxias, 1759 &#8211; Santana do Livramento\/RS, Brasil<br \/>\nFone: (55)3243-6444<\/p>\n<h4><strong>Coordinador:<\/strong><\/h4>\n<p>Mauricio Pinto da Silva<br \/>\nCorreo-e:\u00a0<a href=\"mailto:pintomaur%C3%ADcio@bol.com.br\">pintomaur\u00edcio@bol.com.br<\/a><\/p>\n<h4><strong>Coordinador Local:<\/strong><\/h4>\n<p>Cacildo Machado<br \/>\nCorreo-e:\u00a0<a href=\"mailto:fronteira.ufpel@yahoo.com.br\">fronteira.ufpel@yahoo.com.br<\/a><\/p>\n","protected":false},"excerpt":{"rendered":"<p>Actividades del Centro de Estudios Fronterizos Centro de Estudios Fronterizos &#8211; Santana del Libramiento y Rivera La UFPel hace 15 a\u00f1os, luego tras la firma del Tratado de Asunci\u00f3n, se fund\u00f3 el Centro de Integraci\u00f3n del Mercosur en la ciudad de Pelotas para actividades de ense\u00f1anza, investigaci\u00f3n y actividades de comunidad sobre integraci\u00f3n regional. Seg\u00fan [&hellip;]<\/p>\n","protected":false},"author":145,"featured_media":0,"parent":0,"menu_order":0,"comment_status":"closed","ping_status":"closed","template":"","meta":{"footnotes":"","_links_to":"","_links_to_target":""},"class_list":["post-139","page","type-page","status-publish","hentry"],"jetpack_sharing_enabled":true,"_links":{"self":[{"href":"https:\/\/wp.ufpel.edu.br\/mercosul\/wp-json\/wp\/v2\/pages\/139","targetHints":{"allow":["GET"]}}],"collection":[{"href":"https:\/\/wp.ufpel.edu.br\/mercosul\/wp-json\/wp\/v2\/pages"}],"about":[{"href":"https:\/\/wp.ufpel.edu.br\/mercosul\/wp-json\/wp\/v2\/types\/page"}],"author":[{"embeddable":true,"href":"https:\/\/wp.ufpel.edu.br\/mercosul\/wp-json\/wp\/v2\/users\/145"}],"replies":[{"embeddable":true,"href":"https:\/\/wp.ufpel.edu.br\/mercosul\/wp-json\/wp\/v2\/comments?post=139"}],"version-history":[{"count":8,"href":"https:\/\/wp.ufpel.edu.br\/mercosul\/wp-json\/wp\/v2\/pages\/139\/revisions"}],"predecessor-version":[{"id":1026,"href":"https:\/\/wp.ufpel.edu.br\/mercosul\/wp-json\/wp\/v2\/pages\/139\/revisions\/1026"}],"wp:attachment":[{"href":"https:\/\/wp.ufpel.edu.br\/mercosul\/wp-json\/wp\/v2\/media?parent=139"}],"curies":[{"name":"wp","href":"https:\/\/api.w.org\/{rel}","templated":true}]}}