{"id":268,"date":"2025-12-24T23:53:18","date_gmt":"2025-12-25T02:53:18","guid":{"rendered":"https:\/\/wp.ufpel.edu.br\/mep\/?page_id=268"},"modified":"2026-04-14T18:47:01","modified_gmt":"2026-04-14T21:47:01","slug":"galeria-de-fotos","status":"publish","type":"page","link":"https:\/\/wp.ufpel.edu.br\/mep\/galeria-de-fotos\/","title":{"rendered":"Galeria de fotos"},"content":{"rendered":"<p><strong>Orienta\u00e7\u00f5es:<\/strong><\/p>\n<p><strong>2025<\/strong><\/p>\n<p><img class=\"alignnone size-medium wp-image-271\" src=\"https:\/\/wp.ufpel.edu.br\/mep\/files\/2025\/12\/WhatsApp-Image-2025-12-24-at-23.51.59-1-300x400.jpeg\" alt=\"\" width=\"300\" height=\"400\" srcset=\"https:\/\/wp.ufpel.edu.br\/mep\/files\/2025\/12\/WhatsApp-Image-2025-12-24-at-23.51.59-1-300x400.jpeg 300w, https:\/\/wp.ufpel.edu.br\/mep\/files\/2025\/12\/WhatsApp-Image-2025-12-24-at-23.51.59-1-768x1024.jpeg 768w, https:\/\/wp.ufpel.edu.br\/mep\/files\/2025\/12\/WhatsApp-Image-2025-12-24-at-23.51.59-1-1152x1536.jpeg 1152w, https:\/\/wp.ufpel.edu.br\/mep\/files\/2025\/12\/WhatsApp-Image-2025-12-24-at-23.51.59-1.jpeg 1200w\" sizes=\"(max-width: 300px) 100vw, 300px\" \/> <img class=\"alignnone size-medium wp-image-272\" src=\"https:\/\/wp.ufpel.edu.br\/mep\/files\/2025\/12\/WhatsApp-Image-2025-12-24-at-23.51.59-300x400.jpeg\" alt=\"\" width=\"300\" height=\"400\" srcset=\"https:\/\/wp.ufpel.edu.br\/mep\/files\/2025\/12\/WhatsApp-Image-2025-12-24-at-23.51.59-300x400.jpeg 300w, https:\/\/wp.ufpel.edu.br\/mep\/files\/2025\/12\/WhatsApp-Image-2025-12-24-at-23.51.59-768x1024.jpeg 768w, https:\/\/wp.ufpel.edu.br\/mep\/files\/2025\/12\/WhatsApp-Image-2025-12-24-at-23.51.59-1152x1536.jpeg 1152w, https:\/\/wp.ufpel.edu.br\/mep\/files\/2025\/12\/WhatsApp-Image-2025-12-24-at-23.51.59.jpeg 1200w\" sizes=\"(max-width: 300px) 100vw, 300px\" \/> <img class=\"alignnone size-medium wp-image-273\" src=\"https:\/\/wp.ufpel.edu.br\/mep\/files\/2025\/12\/WhatsApp-Image-2025-12-24-at-23.51.58-3-300x400.jpeg\" alt=\"\" width=\"300\" height=\"400\" srcset=\"https:\/\/wp.ufpel.edu.br\/mep\/files\/2025\/12\/WhatsApp-Image-2025-12-24-at-23.51.58-3-300x400.jpeg 300w, https:\/\/wp.ufpel.edu.br\/mep\/files\/2025\/12\/WhatsApp-Image-2025-12-24-at-23.51.58-3-768x1024.jpeg 768w, https:\/\/wp.ufpel.edu.br\/mep\/files\/2025\/12\/WhatsApp-Image-2025-12-24-at-23.51.58-3-1152x1536.jpeg 1152w, https:\/\/wp.ufpel.edu.br\/mep\/files\/2025\/12\/WhatsApp-Image-2025-12-24-at-23.51.58-3.jpeg 1200w\" sizes=\"(max-width: 300px) 100vw, 300px\" \/><\/p>\n<p><strong>2026<\/strong><\/p>\n<p><img class=\"alignnone size-medium wp-image-290\" src=\"https:\/\/wp.ufpel.edu.br\/mep\/files\/2026\/04\/WhatsApp-Image-2026-04-14-at-15.29.14-300x400.jpeg\" alt=\"\" width=\"300\" height=\"400\" srcset=\"https:\/\/wp.ufpel.edu.br\/mep\/files\/2026\/04\/WhatsApp-Image-2026-04-14-at-15.29.14-300x400.jpeg 300w, https:\/\/wp.ufpel.edu.br\/mep\/files\/2026\/04\/WhatsApp-Image-2026-04-14-at-15.29.14-768x1024.jpeg 768w, https:\/\/wp.ufpel.edu.br\/mep\/files\/2026\/04\/WhatsApp-Image-2026-04-14-at-15.29.14-1152x1536.jpeg 1152w, https:\/\/wp.ufpel.edu.br\/mep\/files\/2026\/04\/WhatsApp-Image-2026-04-14-at-15.29.14.jpeg 1200w\" sizes=\"(max-width: 300px) 100vw, 300px\" \/> <img class=\"alignnone size-medium wp-image-291\" src=\"https:\/\/wp.ufpel.edu.br\/mep\/files\/2026\/04\/WhatsApp-Image-2026-04-10-at-16.08.18-300x400.jpeg\" alt=\"\" width=\"300\" height=\"400\" srcset=\"https:\/\/wp.ufpel.edu.br\/mep\/files\/2026\/04\/WhatsApp-Image-2026-04-10-at-16.08.18-300x400.jpeg 300w, https:\/\/wp.ufpel.edu.br\/mep\/files\/2026\/04\/WhatsApp-Image-2026-04-10-at-16.08.18-768x1024.jpeg 768w, https:\/\/wp.ufpel.edu.br\/mep\/files\/2026\/04\/WhatsApp-Image-2026-04-10-at-16.08.18-1152x1536.jpeg 1152w, https:\/\/wp.ufpel.edu.br\/mep\/files\/2026\/04\/WhatsApp-Image-2026-04-10-at-16.08.18.jpeg 1200w\" sizes=\"(max-width: 300px) 100vw, 300px\" \/><\/p>\n<p>&nbsp;<\/p>\n<p><strong>Defesas online:<\/strong><\/p>\n<p><img class=\"alignnone size-medium wp-image-274\" src=\"https:\/\/wp.ufpel.edu.br\/mep\/files\/2025\/12\/WhatsApp-Image-2025-12-24-at-23.51.58-1-400x258.jpeg\" alt=\"\" width=\"400\" height=\"258\" srcset=\"https:\/\/wp.ufpel.edu.br\/mep\/files\/2025\/12\/WhatsApp-Image-2025-12-24-at-23.51.58-1-400x258.jpeg 400w, https:\/\/wp.ufpel.edu.br\/mep\/files\/2025\/12\/WhatsApp-Image-2025-12-24-at-23.51.58-1-1024x661.jpeg 1024w, https:\/\/wp.ufpel.edu.br\/mep\/files\/2025\/12\/WhatsApp-Image-2025-12-24-at-23.51.58-1-768x496.jpeg 768w, https:\/\/wp.ufpel.edu.br\/mep\/files\/2025\/12\/WhatsApp-Image-2025-12-24-at-23.51.58-1.jpeg 1225w\" sizes=\"(max-width: 400px) 100vw, 400px\" \/><\/p>\n<p><img class=\"alignnone size-medium wp-image-275\" src=\"https:\/\/wp.ufpel.edu.br\/mep\/files\/2025\/12\/WhatsApp-Image-2025-12-24-at-23.51.58-400x289.jpeg\" alt=\"\" width=\"400\" height=\"289\" srcset=\"https:\/\/wp.ufpel.edu.br\/mep\/files\/2025\/12\/WhatsApp-Image-2025-12-24-at-23.51.58-400x289.jpeg 400w, https:\/\/wp.ufpel.edu.br\/mep\/files\/2025\/12\/WhatsApp-Image-2025-12-24-at-23.51.58-1024x739.jpeg 1024w, https:\/\/wp.ufpel.edu.br\/mep\/files\/2025\/12\/WhatsApp-Image-2025-12-24-at-23.51.58-768x554.jpeg 768w, https:\/\/wp.ufpel.edu.br\/mep\/files\/2025\/12\/WhatsApp-Image-2025-12-24-at-23.51.58.jpeg 1208w\" sizes=\"(max-width: 400px) 100vw, 400px\" \/> <img class=\"alignnone size-medium wp-image-276\" src=\"https:\/\/wp.ufpel.edu.br\/mep\/files\/2025\/12\/WhatsApp-Image-2025-12-24-at-23.51.57-2-400x278.jpeg\" alt=\"\" width=\"400\" height=\"278\" srcset=\"https:\/\/wp.ufpel.edu.br\/mep\/files\/2025\/12\/WhatsApp-Image-2025-12-24-at-23.51.57-2-400x278.jpeg 400w, https:\/\/wp.ufpel.edu.br\/mep\/files\/2025\/12\/WhatsApp-Image-2025-12-24-at-23.51.57-2-1024x712.jpeg 1024w, https:\/\/wp.ufpel.edu.br\/mep\/files\/2025\/12\/WhatsApp-Image-2025-12-24-at-23.51.57-2-768x534.jpeg 768w, https:\/\/wp.ufpel.edu.br\/mep\/files\/2025\/12\/WhatsApp-Image-2025-12-24-at-23.51.57-2.jpeg 1238w\" sizes=\"(max-width: 400px) 100vw, 400px\" \/><\/p>\n<p>&nbsp;<\/p>\n<p><strong>Defesas Presenciais:<\/strong><\/p>\n<p><strong><img class=\"alignnone size-medium wp-image-292\" src=\"https:\/\/wp.ufpel.edu.br\/mep\/files\/2026\/04\/WhatsApp-Image-2026-04-14-at-18.43.08-1-300x400.jpeg\" alt=\"\" width=\"300\" height=\"400\" srcset=\"https:\/\/wp.ufpel.edu.br\/mep\/files\/2026\/04\/WhatsApp-Image-2026-04-14-at-18.43.08-1-300x400.jpeg 300w, https:\/\/wp.ufpel.edu.br\/mep\/files\/2026\/04\/WhatsApp-Image-2026-04-14-at-18.43.08-1.jpeg 750w\" sizes=\"(max-width: 300px) 100vw, 300px\" \/> <img class=\"alignnone size-medium wp-image-293\" src=\"https:\/\/wp.ufpel.edu.br\/mep\/files\/2026\/04\/WhatsApp-Image-2026-04-14-at-18.43.08-300x400.jpeg\" alt=\"\" width=\"300\" height=\"400\" srcset=\"https:\/\/wp.ufpel.edu.br\/mep\/files\/2026\/04\/WhatsApp-Image-2026-04-14-at-18.43.08-300x400.jpeg 300w, https:\/\/wp.ufpel.edu.br\/mep\/files\/2026\/04\/WhatsApp-Image-2026-04-14-at-18.43.08-768x1024.jpeg 768w, https:\/\/wp.ufpel.edu.br\/mep\/files\/2026\/04\/WhatsApp-Image-2026-04-14-at-18.43.08-1152x1536.jpeg 1152w, https:\/\/wp.ufpel.edu.br\/mep\/files\/2026\/04\/WhatsApp-Image-2026-04-14-at-18.43.08.jpeg 1200w\" sizes=\"(max-width: 300px) 100vw, 300px\" \/><\/strong><\/p>\n<p>&nbsp;<\/p>\n<p><strong>Participa\u00e7\u00e3o em eventos acad\u00eamicos:<\/strong><\/p>\n<p>2025 &#8211; 8o Congresso da Associa\u00e7\u00e3o nacional de Pesquisadores em Dan\u00e7a (Belo Horizonte, Minas Gerais)<\/p>\n<p><img class=\"alignnone size-medium wp-image-279\" src=\"https:\/\/wp.ufpel.edu.br\/mep\/files\/2025\/12\/WhatsApp-Image-2025-12-25-at-00.05.13-1-400x225.jpeg\" alt=\"\" width=\"400\" height=\"225\" srcset=\"https:\/\/wp.ufpel.edu.br\/mep\/files\/2025\/12\/WhatsApp-Image-2025-12-25-at-00.05.13-1-400x225.jpeg 400w, https:\/\/wp.ufpel.edu.br\/mep\/files\/2025\/12\/WhatsApp-Image-2025-12-25-at-00.05.13-1-1024x576.jpeg 1024w, https:\/\/wp.ufpel.edu.br\/mep\/files\/2025\/12\/WhatsApp-Image-2025-12-25-at-00.05.13-1-768x432.jpeg 768w, https:\/\/wp.ufpel.edu.br\/mep\/files\/2025\/12\/WhatsApp-Image-2025-12-25-at-00.05.13-1-1536x864.jpeg 1536w, https:\/\/wp.ufpel.edu.br\/mep\/files\/2025\/12\/WhatsApp-Image-2025-12-25-at-00.05.13-1.jpeg 1600w\" sizes=\"(max-width: 400px) 100vw, 400px\" \/> <img class=\"alignnone size-medium wp-image-280\" src=\"https:\/\/wp.ufpel.edu.br\/mep\/files\/2025\/12\/WhatsApp-Image-2025-12-25-at-00.05.13-300x400.jpeg\" alt=\"\" width=\"300\" height=\"400\" srcset=\"https:\/\/wp.ufpel.edu.br\/mep\/files\/2025\/12\/WhatsApp-Image-2025-12-25-at-00.05.13-300x400.jpeg 300w, https:\/\/wp.ufpel.edu.br\/mep\/files\/2025\/12\/WhatsApp-Image-2025-12-25-at-00.05.13-768x1024.jpeg 768w, https:\/\/wp.ufpel.edu.br\/mep\/files\/2025\/12\/WhatsApp-Image-2025-12-25-at-00.05.13-1152x1536.jpeg 1152w, https:\/\/wp.ufpel.edu.br\/mep\/files\/2025\/12\/WhatsApp-Image-2025-12-25-at-00.05.13.jpeg 1200w\" sizes=\"(max-width: 300px) 100vw, 300px\" \/><\/p>\n<p>&nbsp;<\/p>\n<p><strong>Participa\u00e7\u00e3o em Eventos Internacionais:<\/strong><\/p>\n<p><img class=\"alignnone size-medium wp-image-294\" src=\"https:\/\/wp.ufpel.edu.br\/mep\/files\/2026\/04\/WhatsApp-Image-2026-04-14-at-18.43.08-2-400x225.jpeg\" alt=\"\" width=\"400\" height=\"225\" srcset=\"https:\/\/wp.ufpel.edu.br\/mep\/files\/2026\/04\/WhatsApp-Image-2026-04-14-at-18.43.08-2-400x225.jpeg 400w, https:\/\/wp.ufpel.edu.br\/mep\/files\/2026\/04\/WhatsApp-Image-2026-04-14-at-18.43.08-2-1024x576.jpeg 1024w, https:\/\/wp.ufpel.edu.br\/mep\/files\/2026\/04\/WhatsApp-Image-2026-04-14-at-18.43.08-2-768x432.jpeg 768w, https:\/\/wp.ufpel.edu.br\/mep\/files\/2026\/04\/WhatsApp-Image-2026-04-14-at-18.43.08-2-1536x864.jpeg 1536w, https:\/\/wp.ufpel.edu.br\/mep\/files\/2026\/04\/WhatsApp-Image-2026-04-14-at-18.43.08-2.jpeg 1600w\" sizes=\"(max-width: 400px) 100vw, 400px\" \/><\/p>\n<p>&nbsp;<\/p>\n<p><strong>Participa\u00e7\u00e3o em eventos art\u00edsticos e culturais:<\/strong><\/p>\n<p>2025 &#8211; Festiival Folcl\u00f3rico de Parintins, com\u00a0 o Boi Bumb\u00e1 Caprichosoo<\/p>\n<p><img class=\"alignnone size-medium wp-image-282\" src=\"https:\/\/wp.ufpel.edu.br\/mep\/files\/2025\/12\/WhatsApp-Image-2025-12-25-at-00.11.44-300x400.jpeg\" alt=\"\" width=\"300\" height=\"400\" srcset=\"https:\/\/wp.ufpel.edu.br\/mep\/files\/2025\/12\/WhatsApp-Image-2025-12-25-at-00.11.44-300x400.jpeg 300w, https:\/\/wp.ufpel.edu.br\/mep\/files\/2025\/12\/WhatsApp-Image-2025-12-25-at-00.11.44-768x1024.jpeg 768w, https:\/\/wp.ufpel.edu.br\/mep\/files\/2025\/12\/WhatsApp-Image-2025-12-25-at-00.11.44-1152x1536.jpeg 1152w, https:\/\/wp.ufpel.edu.br\/mep\/files\/2025\/12\/WhatsApp-Image-2025-12-25-at-00.11.44.jpeg 1200w\" sizes=\"(max-width: 300px) 100vw, 300px\" \/> <img class=\"alignnone size-medium wp-image-283\" src=\"https:\/\/wp.ufpel.edu.br\/mep\/files\/2025\/12\/WhatsApp-Image-2025-12-25-at-00.11.44-1-300x400.jpeg\" alt=\"\" width=\"300\" height=\"400\" srcset=\"https:\/\/wp.ufpel.edu.br\/mep\/files\/2025\/12\/WhatsApp-Image-2025-12-25-at-00.11.44-1-300x400.jpeg 300w, https:\/\/wp.ufpel.edu.br\/mep\/files\/2025\/12\/WhatsApp-Image-2025-12-25-at-00.11.44-1-768x1024.jpeg 768w, https:\/\/wp.ufpel.edu.br\/mep\/files\/2025\/12\/WhatsApp-Image-2025-12-25-at-00.11.44-1-1152x1536.jpeg 1152w, https:\/\/wp.ufpel.edu.br\/mep\/files\/2025\/12\/WhatsApp-Image-2025-12-25-at-00.11.44-1.jpeg 1200w\" sizes=\"(max-width: 300px) 100vw, 300px\" \/> <img class=\"alignnone size-medium wp-image-284\" src=\"https:\/\/wp.ufpel.edu.br\/mep\/files\/2025\/12\/WhatsApp-Image-2025-12-25-at-00.11.43-300x400.jpeg\" alt=\"\" width=\"300\" height=\"400\" srcset=\"https:\/\/wp.ufpel.edu.br\/mep\/files\/2025\/12\/WhatsApp-Image-2025-12-25-at-00.11.43-300x400.jpeg 300w, https:\/\/wp.ufpel.edu.br\/mep\/files\/2025\/12\/WhatsApp-Image-2025-12-25-at-00.11.43-768x1024.jpeg 768w, https:\/\/wp.ufpel.edu.br\/mep\/files\/2025\/12\/WhatsApp-Image-2025-12-25-at-00.11.43-1152x1536.jpeg 1152w, https:\/\/wp.ufpel.edu.br\/mep\/files\/2025\/12\/WhatsApp-Image-2025-12-25-at-00.11.43.jpeg 1200w\" sizes=\"(max-width: 300px) 100vw, 300px\" \/> <img class=\"alignnone size-medium wp-image-285\" src=\"https:\/\/wp.ufpel.edu.br\/mep\/files\/2025\/12\/WhatsApp-Image-2025-12-25-at-00.11.44-2-300x400.jpeg\" alt=\"\" width=\"300\" height=\"400\" srcset=\"https:\/\/wp.ufpel.edu.br\/mep\/files\/2025\/12\/WhatsApp-Image-2025-12-25-at-00.11.44-2-300x400.jpeg 300w, https:\/\/wp.ufpel.edu.br\/mep\/files\/2025\/12\/WhatsApp-Image-2025-12-25-at-00.11.44-2-768x1024.jpeg 768w, https:\/\/wp.ufpel.edu.br\/mep\/files\/2025\/12\/WhatsApp-Image-2025-12-25-at-00.11.44-2-1152x1536.jpeg 1152w, https:\/\/wp.ufpel.edu.br\/mep\/files\/2025\/12\/WhatsApp-Image-2025-12-25-at-00.11.44-2.jpeg 1200w\" sizes=\"(max-width: 300px) 100vw, 300px\" \/> <img class=\"alignnone size-medium wp-image-286\" src=\"https:\/\/wp.ufpel.edu.br\/mep\/files\/2025\/12\/WhatsApp-Image-2025-12-25-at-00.11.43-1-300x400.jpeg\" alt=\"\" width=\"300\" height=\"400\" srcset=\"https:\/\/wp.ufpel.edu.br\/mep\/files\/2025\/12\/WhatsApp-Image-2025-12-25-at-00.11.43-1-300x400.jpeg 300w, https:\/\/wp.ufpel.edu.br\/mep\/files\/2025\/12\/WhatsApp-Image-2025-12-25-at-00.11.43-1-768x1024.jpeg 768w, https:\/\/wp.ufpel.edu.br\/mep\/files\/2025\/12\/WhatsApp-Image-2025-12-25-at-00.11.43-1-1152x1536.jpeg 1152w, https:\/\/wp.ufpel.edu.br\/mep\/files\/2025\/12\/WhatsApp-Image-2025-12-25-at-00.11.43-1.jpeg 1200w\" sizes=\"(max-width: 300px) 100vw, 300px\" \/> <img class=\"alignnone size-medium wp-image-287\" src=\"https:\/\/wp.ufpel.edu.br\/mep\/files\/2025\/12\/WhatsApp-Image-2025-12-25-at-00.11.41-225x400.jpeg\" alt=\"\" width=\"225\" height=\"400\" srcset=\"https:\/\/wp.ufpel.edu.br\/mep\/files\/2025\/12\/WhatsApp-Image-2025-12-25-at-00.11.41-225x400.jpeg 225w, https:\/\/wp.ufpel.edu.br\/mep\/files\/2025\/12\/WhatsApp-Image-2025-12-25-at-00.11.41-576x1024.jpeg 576w, https:\/\/wp.ufpel.edu.br\/mep\/files\/2025\/12\/WhatsApp-Image-2025-12-25-at-00.11.41-768x1366.jpeg 768w, https:\/\/wp.ufpel.edu.br\/mep\/files\/2025\/12\/WhatsApp-Image-2025-12-25-at-00.11.41-864x1536.jpeg 864w, https:\/\/wp.ufpel.edu.br\/mep\/files\/2025\/12\/WhatsApp-Image-2025-12-25-at-00.11.41.jpeg 899w\" sizes=\"(max-width: 225px) 100vw, 225px\" \/><\/p>\n","protected":false},"excerpt":{"rendered":"<p>Orienta\u00e7\u00f5es: 2025 2026 &nbsp; Defesas online: &nbsp; Defesas Presenciais: &nbsp; Participa\u00e7\u00e3o em eventos acad\u00eamicos: 2025 &#8211; 8o Congresso da Associa\u00e7\u00e3o nacional de Pesquisadores em Dan\u00e7a (Belo Horizonte, Minas Gerais) &nbsp; Participa\u00e7\u00e3o em Eventos Internacionais: &nbsp; Participa\u00e7\u00e3o em eventos art\u00edsticos e culturais: 2025 &#8211; Festiival Folcl\u00f3rico de Parintins, com\u00a0 o Boi Bumb\u00e1 Caprichosoo<\/p>\n","protected":false},"author":1361,"featured_media":0,"parent":0,"menu_order":9,"comment_status":"closed","ping_status":"closed","template":"","meta":{"footnotes":""},"class_list":["post-268","page","type-page","status-publish","hentry"],"_links":{"self":[{"href":"https:\/\/wp.ufpel.edu.br\/mep\/wp-json\/wp\/v2\/pages\/268","targetHints":{"allow":["GET"]}}],"collection":[{"href":"https:\/\/wp.ufpel.edu.br\/mep\/wp-json\/wp\/v2\/pages"}],"about":[{"href":"https:\/\/wp.ufpel.edu.br\/mep\/wp-json\/wp\/v2\/types\/page"}],"author":[{"embeddable":true,"href":"https:\/\/wp.ufpel.edu.br\/mep\/wp-json\/wp\/v2\/users\/1361"}],"replies":[{"embeddable":true,"href":"https:\/\/wp.ufpel.edu.br\/mep\/wp-json\/wp\/v2\/comments?post=268"}],"version-history":[{"count":3,"href":"https:\/\/wp.ufpel.edu.br\/mep\/wp-json\/wp\/v2\/pages\/268\/revisions"}],"predecessor-version":[{"id":295,"href":"https:\/\/wp.ufpel.edu.br\/mep\/wp-json\/wp\/v2\/pages\/268\/revisions\/295"}],"wp:attachment":[{"href":"https:\/\/wp.ufpel.edu.br\/mep\/wp-json\/wp\/v2\/media?parent=268"}],"curies":[{"name":"wp","href":"https:\/\/api.w.org\/{rel}","templated":true}]}}