{"id":174,"date":"2024-12-01T20:22:59","date_gmt":"2024-12-01T23:22:59","guid":{"rendered":"https:\/\/wp.ufpel.edu.br\/mep\/?page_id=174"},"modified":"2024-12-01T20:26:47","modified_gmt":"2024-12-01T23:26:47","slug":"seminario-de-pesquisa-em-artes-cenicas-udesc","status":"publish","type":"page","link":"https:\/\/wp.ufpel.edu.br\/mep\/participacao-em-eventos\/seminario-de-pesquisa-em-artes-cenicas-udesc\/","title":{"rendered":"Semin\u00e1rio de Pesquisa em Artes C\u00eanicas UDESC"},"content":{"rendered":"<p><strong>1 -T\u00edtulo:<\/strong> Dan\u00e7a contempor\u00e2nea, cidadania e democracia: na perspectiva da rela\u00e7\u00e3o entre o eu e o outro.<\/p>\n<p><strong>Pessoas autoras:<\/strong> Bianca Mendes Ascari e Marco Aurelio da Cruz Souza<\/p>\n<p><strong>Ano:<\/strong> 2024<\/p>\n","protected":false},"excerpt":{"rendered":"<p>1 -T\u00edtulo: Dan\u00e7a contempor\u00e2nea, cidadania e democracia: na perspectiva da rela\u00e7\u00e3o entre o eu e o outro. Pessoas autoras: Bianca Mendes Ascari e Marco Aurelio da Cruz Souza Ano: 2024<\/p>\n","protected":false},"author":1361,"featured_media":0,"parent":109,"menu_order":3,"comment_status":"closed","ping_status":"closed","template":"","meta":{"footnotes":""},"class_list":["post-174","page","type-page","status-publish","hentry"],"_links":{"self":[{"href":"https:\/\/wp.ufpel.edu.br\/mep\/wp-json\/wp\/v2\/pages\/174","targetHints":{"allow":["GET"]}}],"collection":[{"href":"https:\/\/wp.ufpel.edu.br\/mep\/wp-json\/wp\/v2\/pages"}],"about":[{"href":"https:\/\/wp.ufpel.edu.br\/mep\/wp-json\/wp\/v2\/types\/page"}],"author":[{"embeddable":true,"href":"https:\/\/wp.ufpel.edu.br\/mep\/wp-json\/wp\/v2\/users\/1361"}],"replies":[{"embeddable":true,"href":"https:\/\/wp.ufpel.edu.br\/mep\/wp-json\/wp\/v2\/comments?post=174"}],"version-history":[{"count":3,"href":"https:\/\/wp.ufpel.edu.br\/mep\/wp-json\/wp\/v2\/pages\/174\/revisions"}],"predecessor-version":[{"id":184,"href":"https:\/\/wp.ufpel.edu.br\/mep\/wp-json\/wp\/v2\/pages\/174\/revisions\/184"}],"up":[{"embeddable":true,"href":"https:\/\/wp.ufpel.edu.br\/mep\/wp-json\/wp\/v2\/pages\/109"}],"wp:attachment":[{"href":"https:\/\/wp.ufpel.edu.br\/mep\/wp-json\/wp\/v2\/media?parent=174"}],"curies":[{"name":"wp","href":"https:\/\/api.w.org\/{rel}","templated":true}]}}