{"id":57,"date":"2009-06-30T15:48:32","date_gmt":"2009-06-30T18:48:32","guid":{"rendered":"https:\/\/wp.ufpel.edu.br\/colegiadofvet\/?page_id=57"},"modified":"2025-07-25T13:27:24","modified_gmt":"2025-07-25T16:27:24","slug":"formularios-de-estagio","status":"publish","type":"page","link":"https:\/\/wp.ufpel.edu.br\/medvet\/?page_id=57","title":{"rendered":"Est\u00e1gio Curricular Supervisionado"},"content":{"rendered":"\n<p><strong>SOBRE EST\u00c1GIO CURRICULAR OBRIGAT\u00d3RIO (SUPERVISIONADO)<\/strong><\/p>\n\n\n\n<p>Al\u00e9m das informa\u00e7\u00f5es constantes na se\u00e7\u00e3o EST\u00c1GIOS deste site, seguem algumas informa\u00e7\u00f5es abaixo.<\/p>\n\n\n\n<ul class=\"wp-block-list\">\n<li>Para a realiza\u00e7\u00e3o do est\u00e1gio, o aluno deve ter um&nbsp;<strong>professor orientador acad\u00eamico<\/strong>.<\/li>\n\n\n\n<li>O&nbsp;<a href=\"https:\/\/ufpeledubr-my.sharepoint.com\/:w:\/g\/personal\/coordvet_ufpel_edu_br\/EZUwzjj_vP5ImKGGGPGS3TQBXKnaStrISmMLKS_2WrLChw?e=xbnfVC\">Termo de Compromisso de Est\u00e1gio e o plano de atividades<\/a> devem ser preenchidos de acordo com o estagi\u00e1rio, seu orientador e o supervisor do local de est\u00e1gio.<\/li>\n\n\n\n<li>O Termo de Compromisso de Est\u00e1gio e o plano de atividades devem ser deixados para assinatura no colegiado de curso, ap\u00f3s colher a assinatura de todos os atores, \u00e0 exce\u00e7\u00e3o da coordenadora de curso. Ap\u00f3s, este termo deve ser retirado na coordena\u00e7\u00e3o, digitalizado e enviado por e-mail para a CECS <\/li>\n\n\n\n<li><strong><em>O fluxograma do Est\u00e1gio Curricular Supervisionado \u00e9 de responsabilidade da Comiss\u00e3o de Est\u00e1gio Curricular Supervisionado \u2013 CECS \u2013 cecsmedvet@ufpel.edu.br<\/em><\/strong><\/li>\n<\/ul>\n\n\n\n<p><\/p>\n\n\n\n<p><a href=\"https:\/\/docs.google.com\/document\/d\/1nGbwYsV-gapNfIyMs1TZj-8ey4rxqpSv\/edit?usp=sharing&amp;ouid=111700899710216670782&amp;rtpof=true&amp;sd=truehttps:\/\/docs.google.com\/document\/d\/1nGbwYsV-gapNfIyMs1TZj-8ey4rxqpSv\/edit?usp=sharing&amp;ouid=111700899710216670782&amp;rtpof=true&amp;sd=truehttps:\/\/docs.google.com\/document\/d\/1nGbwYsV-gapNfIyMs1TZj-8ey4rxqpSv\/edit?usp=sharing&amp;ouid=111700899710216670782&amp;rtpof=true&amp;sd=true\">SOLICITA\u00c7\u00c3O DE EST\u00c1GIO<\/a><\/p>\n\n\n<p style=\"text-align: left;\">\u00a0<\/p>\n<p style=\"text-align: left;\"><strong style=\"color: initial; font-family: -apple-system, BlinkMacSystemFont, 'Segoe UI', Roboto, Oxygen-Sans, Ubuntu, Cantarell, 'Helvetica Neue', sans-serif; font-size: 18px;\"><a href=\"https:\/\/wp.ufpel.edu.br\/medvet\/files\/2020\/03\/Termo-de-Compromisso-e-plano-de-atividades-v.10-03-20-1-sem-20.doc\" target=\"_blank\" rel=\"noopener noreferrer\">TERMO DE COMPROMISSO E PLANO DE ATIVIDADES<\/a><\/strong><\/p>\n<ul>\n<li><a href=\"https:\/\/wp.ufpel.edu.br\/medvet\/files\/2019\/05\/RPECS_NOME_DO_ESTAGIARIO_v.12-05-21.docx\" target=\"_blank\" rel=\"noopener noreferrer\">Relat\u00f3rio parcial de est\u00e1gio curricular supervisionado (RPECS) e registro de atividades<\/a><\/li>\n<li><a href=\"https:\/\/wp.ufpel.edu.br\/medvet\/files\/2018\/10\/Parecer-supervisor-Estagio-v.10-18.doc\" target=\"_blank\" rel=\"noopener noreferrer\">Parecer do supervisor de est\u00e1gio<\/a><\/li>\n<li>Ficha de avalia\u00e7\u00e3o do est\u00e1gio pela banca (n\u00e3o usado durante o per\u00edodo remoto)<\/li>\n<li><a href=\"https:\/\/wp.ufpel.edu.br\/medvet\/files\/2009\/06\/Modelo_Relat%C3%B3rio-21nov2011.doc\">Modelo do relat\u00f3rio de est\u00e1gio curricular supervisionado (v.2015)<\/a><\/li>\n<li><a href=\"https:\/\/wp.ufpel.edu.br\/medvet\/files\/2018\/09\/Manual-Relatorio-2015.doc\">Manual do relat\u00f3rio de est\u00e1gio curricular supervisionado (v.2015)<\/a><\/li>\n<li><a href=\"https:\/\/wp.ufpel.edu.br\/medvet\/files\/2018\/03\/Termo-de-Distrato-em-caso-de-encerramento-de-est\u00edgio.doc\" target=\"_blank\" rel=\"noopener noreferrer\">Termo de distrato em caso de encerramento de est\u00e1gio curricular supervisionado<\/a><\/li>\n<\/ul>\n<ul>\n<li><a href=\"https:\/\/wp.ufpel.edu.br\/medvet\/files\/2019\/09\/Termo-de-autoriza\u00e7\u00e3o-entrega-RECS-biblioteca-v.09-09-19.pdf\" target=\"_blank\" rel=\"noopener noreferrer\">Termo-de-autoriza\u00e7\u00e3o &#8211; entrega RECS biblioteca v.09-09-19<\/a>\u00a0<\/li>\n<\/ul>\n<p><span style=\"font-size: 14pt;\"><strong><span style=\"font-family: georgia, palatino, serif;\">Links \u00fateis<\/span><\/strong><\/span><\/p>\n<ul>\n<li><strong><span style=\"font-family: georgia, palatino, serif; font-size: 12pt;\">Cartilha sobre a Lei do Est\u00e1gio \u2013 Minist\u00e9rio do Trabalho<\/span><\/strong>\n<ul>\n<li><span style=\"font-family: georgia, palatino, serif; font-size: 12pt;\"><a href=\"http:\/\/www.brasil.gov.br\/economia-e-emprego\/2016\/08\/cartilha-mte-estagio.pdf\/@@download\/file\/cartilha-mte-estagio.pdf\" target=\"_blank\" rel=\"noopener noreferrer\">http:\/\/www.brasil.gov.br\/economia-e-emprego\/2016\/08\/cartilha-mte-estagio.pdf\/@@download\/file\/cartilha-mte-estagio.pdf<\/a><\/span><\/li>\n<\/ul>\n<\/li>\n<li><strong><span style=\"font-family: georgia, palatino, serif; font-size: 12pt;\">Manual de est\u00e1gio na UFPel<\/span><\/strong>\n<ul>\n<li><span style=\"font-family: georgia, palatino, serif; font-size: 12pt;\"><a href=\"https:\/\/wp.ufpel.edu.br\/cec\/estagios-2\/estagio\/\" target=\"_blank\" rel=\"noopener noreferrer\">https:\/\/wp.ufpel.edu.br\/cec\/estagios-2\/estagio\/<\/a><\/span><\/li>\n<\/ul>\n<\/li>\n<li><strong><span style=\"font-family: georgia, palatino, serif; font-size: 12pt;\">Resolu\u00e7\u00e3o no 03\/2009 do COCEPE (Conselho Coordenador do Ensino, da Pesquisa e da Extens\u00e3o)<\/span><\/strong>\n<ul>\n<li><span style=\"font-family: georgia, palatino, serif; font-size: 12pt;\"><a href=\"https:\/\/wp.ufpel.edu.br\/cec\/estagios-2\/estagio\/\" target=\"_blank\" rel=\"noopener noreferrer\">https:\/\/wp.ufpel.edu.br\/cec\/estagios-2\/estagio\/<\/a><\/span><\/li>\n<\/ul>\n<\/li>\n<li><strong><span style=\"font-family: georgia, palatino, serif; font-size: 12pt;\">Resolu\u00e7\u00e3o no 04\/2009 do COCEPE (Conselho Coordenador do Ensino, da Pesquisa e da Extens\u00e3o)<\/span><\/strong>\n<ul>\n<li><span style=\"font-family: georgia, palatino, serif; font-size: 12pt;\"><a href=\"https:\/\/wp.ufpel.edu.br\/cec\/estagios-2\/estagio\/\" target=\"_blank\" rel=\"noopener noreferrer\">https:\/\/wp.ufpel.edu.br\/cec\/estagios-2\/estagio\/<\/a><\/span><\/li>\n<\/ul>\n<\/li>\n<li><strong><span style=\"font-family: georgia, palatino, serif; font-size: 12pt;\">Resolu\u00e7\u00e3o n<sup>o<\/sup> 29\/2018 do COCEPE (Conselho Coordenador do Ensino, da Pesquisa e da Extens\u00e3o)<\/span><\/strong>\n<ul>\n<li><span style=\"font-family: georgia, palatino, serif; font-size: 12pt;\"><a href=\"https:\/\/wp.ufpel.edu.br\/cec\/estagios-2\/estagio\/\" target=\"_blank\" rel=\"noopener noreferrer\">https:\/\/wp.ufpel.edu.br\/cec\/estagios-2\/estagio\/<\/a><\/span><\/li>\n<\/ul>\n<\/li>\n<li><strong><span style=\"font-family: georgia, palatino, serif; font-size: 12pt;\">Lei dos Est\u00e1gios &#8211; 11.788\/2008.<\/span><\/strong>\n<ul>\n<li><span style=\"font-family: georgia, palatino, serif; font-size: 12pt;\"> <a href=\"http:\/\/www.planalto.gov.br\/ccivil_03\/_ato2007-2010\/2008\/lei\/l11788.htm\" target=\"_blank\" rel=\"noopener noreferrer\">http:\/\/www.planalto.gov.br\/ccivil_03\/_ato2007-2010\/2008\/lei\/l11788.htm<\/a><\/span><\/li>\n<\/ul>\n<\/li>\n<\/ul>","protected":false},"excerpt":{"rendered":"<p>SOBRE EST\u00c1GIO CURRICULAR OBRIGAT\u00d3RIO (SUPERVISIONADO) Al\u00e9m das informa\u00e7\u00f5es constantes na se\u00e7\u00e3o EST\u00c1GIOS deste site, seguem algumas informa\u00e7\u00f5es abaixo. SOLICITA\u00c7\u00c3O DE EST\u00c1GIO \u00a0 TERMO DE COMPROMISSO E PLANO DE ATIVIDADES Relat\u00f3rio parcial de est\u00e1gio curricular supervisionado (RPECS) e registro de atividades Parecer do supervisor de est\u00e1gio Ficha de avalia\u00e7\u00e3o do est\u00e1gio pela banca (n\u00e3o usado durante [&hellip;]<\/p>\n","protected":false},"author":991,"featured_media":0,"parent":1276,"menu_order":9,"comment_status":"closed","ping_status":"closed","template":"","meta":{"jetpack_post_was_ever_published":false,"footnotes":""},"class_list":["post-57","page","type-page","status-publish","hentry"],"jetpack_sharing_enabled":true,"jetpack_likes_enabled":true,"jetpack_shortlink":"https:\/\/wp.me\/PbPKFY-V","jetpack-related-posts":[],"_links":{"self":[{"href":"https:\/\/wp.ufpel.edu.br\/medvet\/index.php?rest_route=\/wp\/v2\/pages\/57","targetHints":{"allow":["GET"]}}],"collection":[{"href":"https:\/\/wp.ufpel.edu.br\/medvet\/index.php?rest_route=\/wp\/v2\/pages"}],"about":[{"href":"https:\/\/wp.ufpel.edu.br\/medvet\/index.php?rest_route=\/wp\/v2\/types\/page"}],"author":[{"embeddable":true,"href":"https:\/\/wp.ufpel.edu.br\/medvet\/index.php?rest_route=\/wp\/v2\/users\/991"}],"replies":[{"embeddable":true,"href":"https:\/\/wp.ufpel.edu.br\/medvet\/index.php?rest_route=%2Fwp%2Fv2%2Fcomments&post=57"}],"version-history":[{"count":14,"href":"https:\/\/wp.ufpel.edu.br\/medvet\/index.php?rest_route=\/wp\/v2\/pages\/57\/revisions"}],"predecessor-version":[{"id":4100,"href":"https:\/\/wp.ufpel.edu.br\/medvet\/index.php?rest_route=\/wp\/v2\/pages\/57\/revisions\/4100"}],"up":[{"embeddable":true,"href":"https:\/\/wp.ufpel.edu.br\/medvet\/index.php?rest_route=\/wp\/v2\/pages\/1276"}],"wp:attachment":[{"href":"https:\/\/wp.ufpel.edu.br\/medvet\/index.php?rest_route=%2Fwp%2Fv2%2Fmedia&parent=57"}],"curies":[{"name":"wp","href":"https:\/\/api.w.org\/{rel}","templated":true}]}}