{"id":234,"date":"2009-08-18T11:01:28","date_gmt":"2009-08-18T14:01:28","guid":{"rendered":"https:\/\/wp.ufpel.edu.br\/colegiadofvet\/?page_id=234"},"modified":"2026-03-12T17:32:11","modified_gmt":"2026-03-12T20:32:11","slug":"apresentacao","status":"publish","type":"page","link":"https:\/\/wp.ufpel.edu.br\/medvet\/?page_id=234","title":{"rendered":"Apresenta\u00e7\u00e3o"},"content":{"rendered":"<p style=\"text-align: justify;\"><span style=\"color: #888888;\">O Curso de Medicina Veterin\u00e1ria da Universidade Federal de Pelotas foi reconhecido pelo Decreto n\u00ba 750 de 08\/08\/1969, publicado no DOU em 11\/08\/1969, e, desde ent\u00e3o, formou mais de 2000 M\u00e9dicos Veterin\u00e1rios, sendo que em agosto de 2009 colou grau sua 72\u00aa Turma de M\u00e9dicos Veterin\u00e1rios.<\/span><\/p>\n<p style=\"text-align: justify;\"><span style=\"color: #888888;\">O Curso tem por objetivo formar um M\u00e9dico Veterin\u00e1rio capaz de participar do processo social dentro de uma perspectiva cr\u00edtica, mediante o trabalho com os animais, seus produtos e rela\u00e7\u00f5es, especialmente na produ\u00e7\u00e3o de alimentos, profilaxia das doen\u00e7as, sa\u00fade p\u00fablica e promo\u00e7\u00e3o das comunidades rurais, buscando, desta forma, a melhor utiliza\u00e7\u00e3o dos recursos existentes e atuando como agente de transforma\u00e7\u00e3o, no sentido de contribuir para o desenvolvimento da regi\u00e3o e de sua popula\u00e7\u00e3o, na sua \u00e1rea de atua\u00e7\u00e3o profissional.<\/span><\/p>\n<p style=\"text-align: justify;\"><span style=\"color: #888888;\">Fazem parte do Curso de Medicina Veterin\u00e1ria 13 Departamentos did\u00e1ticos pertencentes a Faculdade de Veterin\u00e1ria (3), a Faculdade de Agronomia Eliseu Maciel (3), ao Instituto de F\u00edsica e Matem\u00e1tica (2), ao Instituto de Biologia (4) e ao Instituto de Qu\u00edmica e Geoci\u00eancias (1). O Curso tem uma dura\u00e7\u00e3o m\u00ednima de 10 semestres (5 anos) e m\u00e1xima de 17 semestres, a partir do ano de 2006. Para a integraliza\u00e7\u00e3o curricular, a carga hor\u00e1ria m\u00ednima \u00e9 de 4320 horas e se refere a 54 disciplinas obrigat\u00f3rias e ao Est\u00e1gio curricular supervisionado, totalizando 216 cr\u00e9ditos. Anualmente s\u00e3o realizados 02 Concursos Seletivos (Vestibular) para ingresso e oferecidas 60 vagas para cada ingresso.<\/span><\/p>\n<p style=\"text-align: justify;\"><span style=\"color: #888888;\">O Curr\u00edculo est\u00e1 dirigido a forma\u00e7\u00e3o de um profissional generalista e as disciplinas est\u00e3o organizadas em 3 segmentos: b\u00e1sico, geral e profissional, distribu\u00eddas em 9 semestres letivos, ficando o 10\u00ba para a realiza\u00e7\u00e3o do Est\u00e1gio supervisionado em Medicina Veterin\u00e1ria. Existem disciplinas denominadas de eletivas que permitem aos estudantes aprofundarem seus conhecimentos em \u00e1reas de sua prefer\u00eancia. O Curso funciona nos turnos da manh\u00e3 e da tarde.<\/span><\/p>\n<p><strong>Coordenador atual:<\/strong> Profa. Fabiane Grecco<\/p>\n<p><strong>Coordenador Adjunto atual:<\/strong> &#8211; Eliza Rossi Kominou<\/p>\n<p><strong>Secret\u00e1rio:<\/strong> Luis Claudio Pereira Paiva<\/p>\n<p>Projeto pedag\u00f3gico de curso:<\/p>\n<p><a href=\"https:\/\/drive.google.com\/file\/d\/1N4H-RMkwLbUe7hSvPYn73HN82JkSasrP\/view?usp=sharing\">https:\/\/drive.google.com\/file\/d\/1N4H-RMkwLbUe7hSvPYn73HN82JkSasrP\/view?usp=sharing<\/a><\/p>\n<p><a href=\"https:\/\/wp.ufpel.edu.br\/medvet\/files\/2022\/07\/Coordenadores-de-Medicina-Veterinaria-UFPel.xlsx\" target=\"_blank\" rel=\"noopener\">Hist\u00f3rico de Coordenadores do Curso (lista organizada pela Profa. Carine Corcini)<\/a><\/p>\n","protected":false},"excerpt":{"rendered":"<p>O Curso de Medicina Veterin\u00e1ria da Universidade Federal de Pelotas foi reconhecido pelo Decreto n\u00ba 750 de 08\/08\/1969, publicado no DOU em 11\/08\/1969, e, desde ent\u00e3o, formou mais de 2000 M\u00e9dicos Veterin\u00e1rios, sendo que em agosto de 2009 colou grau sua 72\u00aa Turma de M\u00e9dicos Veterin\u00e1rios. O Curso tem por objetivo formar um M\u00e9dico Veterin\u00e1rio [&hellip;]<\/p>\n","protected":false},"author":991,"featured_media":0,"parent":0,"menu_order":0,"comment_status":"closed","ping_status":"open","template":"","meta":{"jetpack_post_was_ever_published":false,"footnotes":""},"class_list":["post-234","page","type-page","status-publish","hentry"],"jetpack_sharing_enabled":true,"jetpack_likes_enabled":true,"jetpack_shortlink":"https:\/\/wp.me\/PbPKFY-3M","jetpack-related-posts":[],"_links":{"self":[{"href":"https:\/\/wp.ufpel.edu.br\/medvet\/index.php?rest_route=\/wp\/v2\/pages\/234","targetHints":{"allow":["GET"]}}],"collection":[{"href":"https:\/\/wp.ufpel.edu.br\/medvet\/index.php?rest_route=\/wp\/v2\/pages"}],"about":[{"href":"https:\/\/wp.ufpel.edu.br\/medvet\/index.php?rest_route=\/wp\/v2\/types\/page"}],"author":[{"embeddable":true,"href":"https:\/\/wp.ufpel.edu.br\/medvet\/index.php?rest_route=\/wp\/v2\/users\/991"}],"replies":[{"embeddable":true,"href":"https:\/\/wp.ufpel.edu.br\/medvet\/index.php?rest_route=%2Fwp%2Fv2%2Fcomments&post=234"}],"version-history":[{"count":3,"href":"https:\/\/wp.ufpel.edu.br\/medvet\/index.php?rest_route=\/wp\/v2\/pages\/234\/revisions"}],"predecessor-version":[{"id":4131,"href":"https:\/\/wp.ufpel.edu.br\/medvet\/index.php?rest_route=\/wp\/v2\/pages\/234\/revisions\/4131"}],"wp:attachment":[{"href":"https:\/\/wp.ufpel.edu.br\/medvet\/index.php?rest_route=%2Fwp%2Fv2%2Fmedia&parent=234"}],"curies":[{"name":"wp","href":"https:\/\/api.w.org\/{rel}","templated":true}]}}